{"id":34873,"date":"2026-04-17T13:43:06","date_gmt":"2026-04-17T13:43:06","guid":{"rendered":"https:\/\/singuli.wpress.me\/index.php\/proizvod\/swiffer-zamjenske-metlice\/"},"modified":"2026-04-20T12:33:13","modified_gmt":"2026-04-20T12:33:13","slug":"swiffer-zamjenske-metlice","status":"publish","type":"product","link":"https:\/\/singuli.wpress.me\/index.php\/proizvod\/swiffer-zamjenske-metlice\/","title":{"rendered":"SWIFFER, zamjenske metlice"},"content":{"rendered":"<p>Zamjenjive metlice za pra\u0161inu Swiffer Duster u\u010dinkovito \u010diste sve vrste pra\u0161ine (u ku\u0107anstvu) zahvaljuju\u0107i tisu\u0107ama pahuljastih vlakana koja hvataju pra\u0161inu, prljav\u0161tinu i dlake poput magneta na svim povr\u0161inama, \u010dak i na te\u0161ko dostupnim mjestima, bez raspr\u0161ivanja po domu. Protresite metlicu i u trenu o\u010distite dom uz Swiffer Duster. Ovo je uistinu prakti\u010dno rje\u0161enje za hvatanje dlaka ku\u0107nih ljubimaca (jer ih se ve\u0107ina stalno linja) ili ako ste alergi\u010dni na pra\u0161inu. \u010ciste tako dobro da bi vam se brisanje pra\u0161ine moglo i svidjeti. Zamjenjive metlice za pra\u0161inu Swiffer Duster kompatibilne su s kratkom i XXL dr\u0161kom.<\/p>\n","protected":false},"excerpt":{"rendered":"<p>U\u010dinkovito \u010diste sve vrste pra\u0161ine (u ku\u0107anstvu)<br \/>\n9 Komada Zamjenjivih Metlica Za Pra\u0161inu Swiffer Duster, (dr\u0161ka se prodaje zasebno)<br \/>\nHvataju i zadr\u017eavaju pra\u0161inu poput magneta<\/p>\n","protected":false},"featured_media":34874,"template":"","meta":{"_seopress_robots_primary_cat":"","_seopress_titles_title":"","_seopress_titles_desc":"","_seopress_robots_index":"","iawp_total_views":0},"product_brand":[514],"product_cat":[274,238],"product_tag":[],"class_list":{"0":"post-34873","1":"product","2":"type-product","3":"status-publish","4":"has-post-thumbnail","6":"product_brand-swiffer","7":"product_cat-kucanski-pribor-238","8":"product_cat-sve-za-dom","10":"first","11":"instock","12":"shipping-taxable","13":"purchasable","14":"product-type-simple"},"_links":{"self":[{"href":"https:\/\/singuli.wpress.me\/index.php\/wp-json\/wp\/v2\/product\/34873","targetHints":{"allow":["GET"]}}],"collection":[{"href":"https:\/\/singuli.wpress.me\/index.php\/wp-json\/wp\/v2\/product"}],"about":[{"href":"https:\/\/singuli.wpress.me\/index.php\/wp-json\/wp\/v2\/types\/product"}],"version-history":[{"count":0,"href":"https:\/\/singuli.wpress.me\/index.php\/wp-json\/wp\/v2\/product\/34873\/revisions"}],"wp:featuredmedia":[{"embeddable":true,"href":"https:\/\/singuli.wpress.me\/index.php\/wp-json\/wp\/v2\/media\/34874"}],"wp:attachment":[{"href":"https:\/\/singuli.wpress.me\/index.php\/wp-json\/wp\/v2\/media?parent=34873"}],"wp:term":[{"taxonomy":"product_brand","embeddable":true,"href":"https:\/\/singuli.wpress.me\/index.php\/wp-json\/wp\/v2\/product_brand?post=34873"},{"taxonomy":"product_cat","embeddable":true,"href":"https:\/\/singuli.wpress.me\/index.php\/wp-json\/wp\/v2\/product_cat?post=34873"},{"taxonomy":"product_tag","embeddable":true,"href":"https:\/\/singuli.wpress.me\/index.php\/wp-json\/wp\/v2\/product_tag?post=34873"}],"curies":[{"name":"wp","href":"https:\/\/api.w.org\/{rel}","templated":true}]}}