{"id":34964,"date":"2026-04-17T13:43:37","date_gmt":"2026-04-17T13:43:37","guid":{"rendered":"https:\/\/singuli.wpress.me\/index.php\/proizvod\/lenor-fresh-unstoppables-mirisne-perlice-195-g\/"},"modified":"2026-04-20T12:33:13","modified_gmt":"2026-04-20T12:33:13","slug":"lenor-fresh-unstoppables-mirisne-perlice-195-g","status":"publish","type":"product","link":"https:\/\/singuli.wpress.me\/index.php\/proizvod\/lenor-fresh-unstoppables-mirisne-perlice-195-g\/","title":{"rendered":"LENOR Fresh Unstoppables, mirisne perlice, 195\u00a0g"},"content":{"rendered":"<p>Dostupne u razli\u010ditim mirisnim varijantama, sve mirisne perlice Lenor Unstoppables oboga\u0107uju va\u0161e rublje <span style=\"font-weight: bold\">intenzivnijim mirisom svje\u017eine pri svakom pranju<\/span>. <\/p>\n<p>Mirisne perlice Lenor Unstoppables iz pranja u pranje odr\u017eavaju intenzivnu svje\u017einu rublja do 12 tjedana (u ormaru) tako da je odje\u0107a uvijek spremna za no\u0161enje i pro\u017eeta va\u0161im omiljenim mirisom. <\/p>\n<p>Ako tra\u017eite iskri\u010dave mirise citrusa i so\u010dnog vo\u0107a omotane u prozra\u010dne cvjetne note, onda su Unstoppables Fresh mirisne perlice pravi izbor za vas. <\/p>\n<p>Za optimalne rezultate perlice Lenor Unstoppables treba prije svakog pranja dodati u prazan bubanj perilice, zatim ubaciti odje\u0107u te dodati deterd\u017eent i omek\u0161iva\u010d prema uobi\u010dajenom redoslijedu.<\/p>\n","protected":false},"excerpt":{"rendered":"<p>Perlice za intenzivniji miris rublja s iskri\u010davim mirisom citrusa i so\u010dnog vo\u0107a obavijenog cvjetnim notama<br \/>\nPrilagodite intenzitet mirisa svom ukusu odabirom \u017eeljene koli\u010dine perlica<br \/>\nIntenzivna svje\u017eina pri svakom pranju<\/p>\n","protected":false},"featured_media":34965,"template":"","meta":{"_seopress_robots_primary_cat":"","_seopress_titles_title":"","_seopress_titles_desc":"","_seopress_robots_index":"","iawp_total_views":0},"product_brand":[446],"product_cat":[294,238],"product_tag":[],"class_list":{"0":"post-34964","1":"product","2":"type-product","3":"status-publish","4":"has-post-thumbnail","6":"product_brand-lenor","7":"product_cat-osvjezivaci-zraka-238","8":"product_cat-sve-za-dom","10":"first","11":"instock","12":"shipping-taxable","13":"purchasable","14":"product-type-simple"},"_links":{"self":[{"href":"https:\/\/singuli.wpress.me\/index.php\/wp-json\/wp\/v2\/product\/34964","targetHints":{"allow":["GET"]}}],"collection":[{"href":"https:\/\/singuli.wpress.me\/index.php\/wp-json\/wp\/v2\/product"}],"about":[{"href":"https:\/\/singuli.wpress.me\/index.php\/wp-json\/wp\/v2\/types\/product"}],"version-history":[{"count":0,"href":"https:\/\/singuli.wpress.me\/index.php\/wp-json\/wp\/v2\/product\/34964\/revisions"}],"wp:featuredmedia":[{"embeddable":true,"href":"https:\/\/singuli.wpress.me\/index.php\/wp-json\/wp\/v2\/media\/34965"}],"wp:attachment":[{"href":"https:\/\/singuli.wpress.me\/index.php\/wp-json\/wp\/v2\/media?parent=34964"}],"wp:term":[{"taxonomy":"product_brand","embeddable":true,"href":"https:\/\/singuli.wpress.me\/index.php\/wp-json\/wp\/v2\/product_brand?post=34964"},{"taxonomy":"product_cat","embeddable":true,"href":"https:\/\/singuli.wpress.me\/index.php\/wp-json\/wp\/v2\/product_cat?post=34964"},{"taxonomy":"product_tag","embeddable":true,"href":"https:\/\/singuli.wpress.me\/index.php\/wp-json\/wp\/v2\/product_tag?post=34964"}],"curies":[{"name":"wp","href":"https:\/\/api.w.org\/{rel}","templated":true}]}}