{"id":34988,"date":"2026-04-17T13:43:43","date_gmt":"2026-04-17T13:43:43","guid":{"rendered":"https:\/\/singuli.wpress.me\/index.php\/proizvod\/littlest-pet-shop-mini-figure\/"},"modified":"2026-04-23T00:27:30","modified_gmt":"2026-04-23T00:27:30","slug":"littlest-pet-shop-mini-figure","status":"publish","type":"product","link":"https:\/\/singuli.wpress.me\/proizvod\/littlest-pet-shop-mini-figure\/","title":{"rendered":"LITTLEST PET SHOP, mini figure"},"content":{"rendered":"<p>Zakora\u010di u svijet zabave s <span style=\"font-weight: bold\">Littlest Pet Shop ljubimcima, Serija 3<\/span>! Upoznaj 18 novih ljubimaca, uklju\u010duju\u0107i ljubimce #131 &#8211; #148, i pro\u0161iri svoju Littlest Pet Shop ekipu! <br \/>\nSvako pakiranje krije pravo iznena\u0111enje: jednog preslatkog ljubimca, fantasti\u010dan dodatak, kolekcionarsku karticu i virtualni kod. Svaka kartica otkriva jedinstvenu osobnost tvog ljubimca, njegovu razinu i rijetkost \u2013 je li tvoj ljubimac najlukaviji, naj\u0161armantniji, ili mo\u017eda ne\u0161to sasvim posebno?<br \/>\nI ne zaboravi \u2013 iskoristi kod na kartici i otklju\u010daj digitalna iznena\u0111enja poput nov\u010di\u0107a, dragulja i jo\u0161 mnogo cool stvar\u010dica!<br \/>\nIdealno za djecu i kolekcionare od 4 godine pa nadalje! Spremi se za zabavu, jer svaki ljubimac donosi jo\u0161 vi\u0161e radosti!<\/p>\n","protected":false},"excerpt":{"rendered":"<p>Sadr\u017ei jednu figuricu s dodatkom i kolekcionarskom karticom<br \/>\nOtklju\u010dava digitalna iznena\u0111enja putem jedinstvenog koda<br \/>\nDob: 4+ god<\/p>\n","protected":false},"featured_media":34989,"template":"","meta":{"_seopress_robots_primary_cat":"","_seopress_titles_title":"","_seopress_titles_desc":"","_seopress_robots_index":"","iawp_total_views":0},"product_brand":[766],"product_cat":[274,238],"product_tag":[],"class_list":{"0":"post-34988","1":"product","2":"type-product","3":"status-publish","4":"has-post-thumbnail","6":"product_brand-littlest-pet-shop","7":"product_cat-kucanski-pribor-238","8":"product_cat-sve-za-dom","10":"first","11":"instock","12":"shipping-taxable","13":"purchasable","14":"product-type-simple"},"_links":{"self":[{"href":"https:\/\/singuli.wpress.me\/wp-json\/wp\/v2\/product\/34988","targetHints":{"allow":["GET"]}}],"collection":[{"href":"https:\/\/singuli.wpress.me\/wp-json\/wp\/v2\/product"}],"about":[{"href":"https:\/\/singuli.wpress.me\/wp-json\/wp\/v2\/types\/product"}],"version-history":[{"count":0,"href":"https:\/\/singuli.wpress.me\/wp-json\/wp\/v2\/product\/34988\/revisions"}],"wp:featuredmedia":[{"embeddable":true,"href":"https:\/\/singuli.wpress.me\/wp-json\/wp\/v2\/media\/34989"}],"wp:attachment":[{"href":"https:\/\/singuli.wpress.me\/wp-json\/wp\/v2\/media?parent=34988"}],"wp:term":[{"taxonomy":"product_brand","embeddable":true,"href":"https:\/\/singuli.wpress.me\/wp-json\/wp\/v2\/product_brand?post=34988"},{"taxonomy":"product_cat","embeddable":true,"href":"https:\/\/singuli.wpress.me\/wp-json\/wp\/v2\/product_cat?post=34988"},{"taxonomy":"product_tag","embeddable":true,"href":"https:\/\/singuli.wpress.me\/wp-json\/wp\/v2\/product_tag?post=34988"}],"curies":[{"name":"wp","href":"https:\/\/api.w.org\/{rel}","templated":true}]}}