{"id":35128,"date":"2026-04-17T13:44:27","date_gmt":"2026-04-17T13:44:27","guid":{"rendered":"https:\/\/singuli.wpress.me\/index.php\/proizvod\/braun-set-digitalni-toplomjer-irt-3030-plisana-igracka\/"},"modified":"2026-04-20T12:33:14","modified_gmt":"2026-04-20T12:33:14","slug":"braun-set-digitalni-toplomjer-irt-3030-plisana-igracka","status":"publish","type":"product","link":"https:\/\/singuli.wpress.me\/index.php\/proizvod\/braun-set-digitalni-toplomjer-irt-3030-plisana-igracka\/","title":{"rendered":"BRAUN, set, digitalni toplomjer IRT 3030 + pli\u0161ana igra\u010dka"},"content":{"rendered":"<p>Braun ThermoScan\u00ae 3 IRT 3030 digitalni infracrveni toplomjer za mjerenje tjelesne temperature u uhu. Prikladan je za kori\u0161tenje cijele obitelji, isto kao i kod novoro\u0111en\u010dadi. Jednostavan za kori\u0161tenje, nje\u017ean i brz, \u010ditanje temperature u samo jednoj sekundi.<\/p>\n<p>NA\u010cIN UPOTREBE: Nakon o\u010ditanja, termometar \u0107e zvu\u010dnim signalom odrediti visinu temperature prema broju zvu\u010dnih signala: normalna, povi\u0161ena ili visoka temperatura.<br \/>\n1. Zvu\u010dni signal ukazuje na normalnu temperaturu<br \/>\n2. Uzastopni zvu\u010dni signal ukazuje na povi\u0161enu temperaturu<br \/>\n3. Zvu\u010dni signal ukazuju na visoku temperaturu<\/p>\n","protected":false},"excerpt":{"rendered":"<p>Digitalni infracrveni toplomjer za mjerenje tjelesne temperature u uhu<br \/>\nPrikladan za kori\u0161tenje cijele obitelji<br \/>\nPrema broju zvu\u010dnih signala se odre\u0111uje visina temperature<\/p>\n","protected":false},"featured_media":35129,"template":"","meta":{"_seopress_robots_primary_cat":"","_seopress_titles_title":"","_seopress_titles_desc":"","_seopress_robots_index":"","iawp_total_views":0},"product_brand":[144],"product_cat":[192,267],"product_tag":[],"class_list":{"0":"post-35128","1":"product","2":"type-product","3":"status-publish","4":"has-post-thumbnail","6":"product_brand-braun","7":"product_cat-aparati-za-osobnu-njegu","8":"product_cat-zdravstveni-uredaji-192","10":"first","11":"outofstock","12":"shipping-taxable","13":"purchasable","14":"product-type-simple"},"_links":{"self":[{"href":"https:\/\/singuli.wpress.me\/index.php\/wp-json\/wp\/v2\/product\/35128","targetHints":{"allow":["GET"]}}],"collection":[{"href":"https:\/\/singuli.wpress.me\/index.php\/wp-json\/wp\/v2\/product"}],"about":[{"href":"https:\/\/singuli.wpress.me\/index.php\/wp-json\/wp\/v2\/types\/product"}],"version-history":[{"count":0,"href":"https:\/\/singuli.wpress.me\/index.php\/wp-json\/wp\/v2\/product\/35128\/revisions"}],"wp:featuredmedia":[{"embeddable":true,"href":"https:\/\/singuli.wpress.me\/index.php\/wp-json\/wp\/v2\/media\/35129"}],"wp:attachment":[{"href":"https:\/\/singuli.wpress.me\/index.php\/wp-json\/wp\/v2\/media?parent=35128"}],"wp:term":[{"taxonomy":"product_brand","embeddable":true,"href":"https:\/\/singuli.wpress.me\/index.php\/wp-json\/wp\/v2\/product_brand?post=35128"},{"taxonomy":"product_cat","embeddable":true,"href":"https:\/\/singuli.wpress.me\/index.php\/wp-json\/wp\/v2\/product_cat?post=35128"},{"taxonomy":"product_tag","embeddable":true,"href":"https:\/\/singuli.wpress.me\/index.php\/wp-json\/wp\/v2\/product_tag?post=35128"}],"curies":[{"name":"wp","href":"https:\/\/api.w.org\/{rel}","templated":true}]}}