{"id":35211,"date":"2026-04-18T01:45:16","date_gmt":"2026-04-18T01:45:16","guid":{"rendered":"https:\/\/singuli.wpress.me\/index.php\/proizvod\/jar-lemon-kapsule-za-strojno-pranje-posuda-35-kom\/"},"modified":"2026-04-20T12:33:14","modified_gmt":"2026-04-20T12:33:14","slug":"jar-lemon-kapsule-za-strojno-pranje-posuda-35-kom","status":"publish","type":"product","link":"https:\/\/singuli.wpress.me\/index.php\/proizvod\/jar-lemon-kapsule-za-strojno-pranje-posuda-35-kom\/","title":{"rendered":"JAR Lemon, kapsule za strojno pranje posu\u0111a, 35\u00a0kom"},"content":{"rendered":"<p>Jar Platinum All in One Lemon kapsule za perilicu posu\u0111a ostavljaju posu\u0111e \u010distim kao novo i pru\u017eaju vrhunske u\u010dinke \u010di\u0161\u0107enja. \u010cak poma\u017eu ukloniti sivilo koje se s vremenom nakuplja i vra\u0107aju originalni sjaj posu\u0111u. Osiguravaju izvanrednu \u010disto\u0107u i uklanjaju tvrdokorne mrlje od hrane \u010dak i u uvjetima kratkog ciklusa, \u010dime \u0161tede va\u0161e vrijeme.<\/p>\n<p>Jedna kapsula kombinira teku\u0107i i pra\u0161kasti deterd\u017eent. Ima visoko topljivu ovojnicu koja se brzo otapa. Osim toga, kapsule su vrlo jednostavne za upotrebu. Prebacite na kratki ciklus i u\u0161tedite vrijeme, energiju i vodu u usporedbi sa standardnim ciklusom \u2014 zahvaljuju\u0107i Jar kapsulama za perilicu posu\u0111a.<\/p>\n","protected":false},"excerpt":{"rendered":"<p>Tablete su izuzetno u\u010dinkovite \u010dak i tijekom kratkih programa pranja, \u0161tede\u0107i va\u0161e vrijeme i energiju<br \/>\nSadr\u017ee ugra\u0111enu sol i sredstvo za ispiranje te pru\u017eaju za\u0161titu za stakleno i srebrno posu\u0111e<br \/>\nOsiguravaju visoku razinu \u010disto\u0107e i sjaja posu\u0111a nakon svakog pranja<\/p>\n","protected":false},"featured_media":35212,"template":"","meta":{"_seopress_robots_primary_cat":"","_seopress_titles_title":"","_seopress_titles_desc":"","_seopress_robots_index":"","iawp_total_views":0},"product_brand":[454],"product_cat":[314,238],"product_tag":[],"class_list":{"0":"post-35211","1":"product","2":"type-product","3":"status-publish","4":"has-post-thumbnail","6":"product_brand-jar","7":"product_cat-pranje-posuda-238","8":"product_cat-sve-za-dom","10":"first","11":"instock","12":"shipping-taxable","13":"purchasable","14":"product-type-simple"},"_links":{"self":[{"href":"https:\/\/singuli.wpress.me\/index.php\/wp-json\/wp\/v2\/product\/35211","targetHints":{"allow":["GET"]}}],"collection":[{"href":"https:\/\/singuli.wpress.me\/index.php\/wp-json\/wp\/v2\/product"}],"about":[{"href":"https:\/\/singuli.wpress.me\/index.php\/wp-json\/wp\/v2\/types\/product"}],"version-history":[{"count":0,"href":"https:\/\/singuli.wpress.me\/index.php\/wp-json\/wp\/v2\/product\/35211\/revisions"}],"wp:featuredmedia":[{"embeddable":true,"href":"https:\/\/singuli.wpress.me\/index.php\/wp-json\/wp\/v2\/media\/35212"}],"wp:attachment":[{"href":"https:\/\/singuli.wpress.me\/index.php\/wp-json\/wp\/v2\/media?parent=35211"}],"wp:term":[{"taxonomy":"product_brand","embeddable":true,"href":"https:\/\/singuli.wpress.me\/index.php\/wp-json\/wp\/v2\/product_brand?post=35211"},{"taxonomy":"product_cat","embeddable":true,"href":"https:\/\/singuli.wpress.me\/index.php\/wp-json\/wp\/v2\/product_cat?post=35211"},{"taxonomy":"product_tag","embeddable":true,"href":"https:\/\/singuli.wpress.me\/index.php\/wp-json\/wp\/v2\/product_tag?post=35211"}],"curies":[{"name":"wp","href":"https:\/\/api.w.org\/{rel}","templated":true}]}}