{"id":35307,"date":"2026-04-18T01:45:51","date_gmt":"2026-04-18T01:45:51","guid":{"rendered":"https:\/\/singuli.wpress.me\/index.php\/proizvod\/pampers-aqua-paw-patrol-vlazne-maramice-9x48-kom\/"},"modified":"2026-04-20T12:33:14","modified_gmt":"2026-04-20T12:33:14","slug":"pampers-aqua-paw-patrol-vlazne-maramice-9x48-kom","status":"publish","type":"product","link":"https:\/\/singuli.wpress.me\/index.php\/proizvod\/pampers-aqua-paw-patrol-vlazne-maramice-9x48-kom\/","title":{"rendered":"PAMPERS Aqua Paw Patrol, vla\u017ene maramice, 9&#215;48, \u00a0kom"},"content":{"rendered":"<p>Pampers Harmonie Aqua Limited Edition Paw Patrol \u2013 lagani losion s 99% vode. Na\u0161e vla\u017ene maramice nje\u017eno \u010diste i poma\u017eu za\u0161tititi osjetljivu bebinu ko\u017eu. Na\u0161a posebna formula poma\u017ee obnoviti prirodni pH ko\u017ee i pru\u017eiti za\u0161titu od crvenila. Formula ovih maramica sadr\u017ei 0% alkohola i dodanih mirisa, a dermatolo\u0161ki su je testirali i odobrili dermatolozi udru\u017eenja Skin Health Alliance.<\/p>\n","protected":false},"excerpt":{"rendered":"<p>Lagani losion s 99% vode<br \/>\nNa\u0161a posebna formula poma\u017ee obnoviti prirodni pH ko\u017ee i \u0161titi od crvenila<br \/>\nSadr\u017ee 0% alkohola i dodanih mirisa<\/p>\n","protected":false},"featured_media":35308,"template":"","meta":{"_seopress_robots_primary_cat":"","_seopress_titles_title":"","_seopress_titles_desc":"","_seopress_robots_index":"","iawp_total_views":0},"product_brand":[444],"product_cat":[268,278],"product_tag":[],"class_list":{"0":"post-35307","1":"product","2":"type-product","3":"status-publish","4":"has-post-thumbnail","6":"product_brand-pampers","7":"product_cat-kozmetika-2","8":"product_cat-njega-tijela-268","10":"first","11":"outofstock","12":"shipping-taxable","13":"purchasable","14":"product-type-simple"},"_links":{"self":[{"href":"https:\/\/singuli.wpress.me\/index.php\/wp-json\/wp\/v2\/product\/35307","targetHints":{"allow":["GET"]}}],"collection":[{"href":"https:\/\/singuli.wpress.me\/index.php\/wp-json\/wp\/v2\/product"}],"about":[{"href":"https:\/\/singuli.wpress.me\/index.php\/wp-json\/wp\/v2\/types\/product"}],"version-history":[{"count":0,"href":"https:\/\/singuli.wpress.me\/index.php\/wp-json\/wp\/v2\/product\/35307\/revisions"}],"wp:featuredmedia":[{"embeddable":true,"href":"https:\/\/singuli.wpress.me\/index.php\/wp-json\/wp\/v2\/media\/35308"}],"wp:attachment":[{"href":"https:\/\/singuli.wpress.me\/index.php\/wp-json\/wp\/v2\/media?parent=35307"}],"wp:term":[{"taxonomy":"product_brand","embeddable":true,"href":"https:\/\/singuli.wpress.me\/index.php\/wp-json\/wp\/v2\/product_brand?post=35307"},{"taxonomy":"product_cat","embeddable":true,"href":"https:\/\/singuli.wpress.me\/index.php\/wp-json\/wp\/v2\/product_cat?post=35307"},{"taxonomy":"product_tag","embeddable":true,"href":"https:\/\/singuli.wpress.me\/index.php\/wp-json\/wp\/v2\/product_tag?post=35307"}],"curies":[{"name":"wp","href":"https:\/\/api.w.org\/{rel}","templated":true}]}}