{"id":35453,"date":"2026-04-18T01:47:03","date_gmt":"2026-04-18T01:47:03","guid":{"rendered":"https:\/\/singuli.wpress.me\/index.php\/proizvod\/universal-gabbys-dollhouse-mackovilicica-plisana-igracka-30-cm\/"},"modified":"2026-04-20T12:33:15","modified_gmt":"2026-04-20T12:33:15","slug":"universal-gabbys-dollhouse-mackovilicica-plisana-igracka-30-cm","status":"publish","type":"product","link":"https:\/\/singuli.wpress.me\/index.php\/proizvod\/universal-gabbys-dollhouse-mackovilicica-plisana-igracka-30-cm\/","title":{"rendered":"UNIVERSAL Gabby&#8217;s Dollhouse Ma\u010dkovili\u010dica, pli\u0161ana igra\u010dka, 30 cm"},"content":{"rendered":"<p>\n    Pli\u0161ana Squishy Ma\u010dkovil\u010dica (30 cm) \u2013 Gabina ku\u0107a lutaka<\/p>\n<p>\n    Pli\u0161ana Squishy Ma\u010dkovil\u010dica iz poznatog crti\u0107a Gabina ku\u0107a lutaka (Gabby&#8217;s Dollhouse) savr\u0161en je izbor za sve ljubitelje popularnog crti\u0107a i njegovih likova.<\/p>\n<p>\n    Ovaj pli\u0161anac je veli\u010dine 30 cm te je savr\u0161eno mekan i nje\u017ean, idealan za grljenje i igru. Njezina pli\u0161ana tekstura pru\u017ea osje\u0107aj udobnosti i opu\u0161tanja, savr\u0161ena za djecu i kolekcionare.<\/p>\n","protected":false},"excerpt":{"rendered":"<p>Ma\u010dkovil\u010dica (Pillow Cat) iz serije Gabina ku\u0107a lutaka<br \/>\n30 cm, squishy, savr\u0161eno mekana i nje\u017ena za grljenje<br \/>\nPrikladno za dob 0+<\/p>\n","protected":false},"featured_media":35454,"template":"","meta":{"_seopress_robots_primary_cat":"","_seopress_titles_title":"","_seopress_titles_desc":"","_seopress_robots_index":"","iawp_total_views":0},"product_brand":[528],"product_cat":[221,291],"product_tag":[],"class_list":{"0":"post-35453","1":"product","2":"type-product","3":"status-publish","4":"has-post-thumbnail","6":"product_brand-universal","7":"product_cat-igracke","8":"product_cat-igracke-za-djecu-221","10":"first","11":"instock","12":"shipping-taxable","13":"purchasable","14":"product-type-simple"},"_links":{"self":[{"href":"https:\/\/singuli.wpress.me\/index.php\/wp-json\/wp\/v2\/product\/35453","targetHints":{"allow":["GET"]}}],"collection":[{"href":"https:\/\/singuli.wpress.me\/index.php\/wp-json\/wp\/v2\/product"}],"about":[{"href":"https:\/\/singuli.wpress.me\/index.php\/wp-json\/wp\/v2\/types\/product"}],"version-history":[{"count":0,"href":"https:\/\/singuli.wpress.me\/index.php\/wp-json\/wp\/v2\/product\/35453\/revisions"}],"wp:featuredmedia":[{"embeddable":true,"href":"https:\/\/singuli.wpress.me\/index.php\/wp-json\/wp\/v2\/media\/35454"}],"wp:attachment":[{"href":"https:\/\/singuli.wpress.me\/index.php\/wp-json\/wp\/v2\/media?parent=35453"}],"wp:term":[{"taxonomy":"product_brand","embeddable":true,"href":"https:\/\/singuli.wpress.me\/index.php\/wp-json\/wp\/v2\/product_brand?post=35453"},{"taxonomy":"product_cat","embeddable":true,"href":"https:\/\/singuli.wpress.me\/index.php\/wp-json\/wp\/v2\/product_cat?post=35453"},{"taxonomy":"product_tag","embeddable":true,"href":"https:\/\/singuli.wpress.me\/index.php\/wp-json\/wp\/v2\/product_tag?post=35453"}],"curies":[{"name":"wp","href":"https:\/\/api.w.org\/{rel}","templated":true}]}}