{"id":35456,"date":"2026-04-18T01:47:04","date_gmt":"2026-04-18T01:47:04","guid":{"rendered":"https:\/\/singuli.wpress.me\/index.php\/proizvod\/magic-city-igracka-carobni-stapic\/"},"modified":"2026-04-20T12:33:15","modified_gmt":"2026-04-20T12:33:15","slug":"magic-city-igracka-carobni-stapic","status":"publish","type":"product","link":"https:\/\/singuli.wpress.me\/index.php\/proizvod\/magic-city-igracka-carobni-stapic\/","title":{"rendered":"MAGIC CITY, igra\u010dka, \u010carobni \u0161tapi\u0107"},"content":{"rendered":"<p>Jesi li spreman postati pravi majstor magije i odu\u0161eviti sve oko sebe? Uz Moju \u010carobnu Kolekciju Sort otkrit \u0107e\u0161 nevjerojatne trikove i iluzije koje izgledaju kao prava \u010darolija! Ovaj set prepun je super zabavnih i jednostavnih trikova koje mo\u017ee\u0161 nau\u010diti brzo i lako, a s kojima \u0107e\u0161 impresionirati prijatelje i obitelj. Pripremi se na trenutke punih uzbu\u0111enja, smijeha i tajanstvenih \u010darobnih efekata koji \u0107e te odvesti u svijet ma\u0161te i zabave. Bilo da si po\u010detnik ili ve\u0107 pravi \u010darobnjak, ova kolekcija je savr\u0161en po\u010detak tvoje magi\u010dne avanture! Zakora\u010di u svijet iluzija i otkrij koliko je zabavno biti \u010darobnjak! Dob: 6+<\/p>\n","protected":false},"excerpt":{"rendered":"<p>Set sadr\u017ei jednostavne trikove idealne za brzi po\u010detak svake \u010darobnja\u010dke avanture<br \/>\nOtkrij tajne iluzija koje \u0107e odu\u0161eviti publiku i garantirati nezaboravne trenutke smijeha i iznena\u0111enja<br \/>\nDizajnirano za djecu (6+) i po\u010detnike, ali dovoljno zabavno i za iskusnije \u010darobnjake<\/p>\n","protected":false},"featured_media":35457,"template":"","meta":{"_seopress_robots_primary_cat":"","_seopress_titles_title":"","_seopress_titles_desc":"","_seopress_robots_index":"","iawp_total_views":0},"product_brand":[771],"product_cat":[221,291],"product_tag":[],"class_list":{"0":"post-35456","1":"product","2":"type-product","3":"status-publish","4":"has-post-thumbnail","6":"product_brand-magic-city","7":"product_cat-igracke","8":"product_cat-igracke-za-djecu-221","10":"first","11":"instock","12":"shipping-taxable","13":"purchasable","14":"product-type-simple"},"_links":{"self":[{"href":"https:\/\/singuli.wpress.me\/index.php\/wp-json\/wp\/v2\/product\/35456","targetHints":{"allow":["GET"]}}],"collection":[{"href":"https:\/\/singuli.wpress.me\/index.php\/wp-json\/wp\/v2\/product"}],"about":[{"href":"https:\/\/singuli.wpress.me\/index.php\/wp-json\/wp\/v2\/types\/product"}],"version-history":[{"count":0,"href":"https:\/\/singuli.wpress.me\/index.php\/wp-json\/wp\/v2\/product\/35456\/revisions"}],"wp:featuredmedia":[{"embeddable":true,"href":"https:\/\/singuli.wpress.me\/index.php\/wp-json\/wp\/v2\/media\/35457"}],"wp:attachment":[{"href":"https:\/\/singuli.wpress.me\/index.php\/wp-json\/wp\/v2\/media?parent=35456"}],"wp:term":[{"taxonomy":"product_brand","embeddable":true,"href":"https:\/\/singuli.wpress.me\/index.php\/wp-json\/wp\/v2\/product_brand?post=35456"},{"taxonomy":"product_cat","embeddable":true,"href":"https:\/\/singuli.wpress.me\/index.php\/wp-json\/wp\/v2\/product_cat?post=35456"},{"taxonomy":"product_tag","embeddable":true,"href":"https:\/\/singuli.wpress.me\/index.php\/wp-json\/wp\/v2\/product_tag?post=35456"}],"curies":[{"name":"wp","href":"https:\/\/api.w.org\/{rel}","templated":true}]}}