{"id":35470,"date":"2026-04-18T01:47:07","date_gmt":"2026-04-18T01:47:07","guid":{"rendered":"https:\/\/singuli.wpress.me\/index.php\/proizvod\/lindt-extra-creamy-mlijecna-cokolada-s-ljesnjacima-80-g\/"},"modified":"2026-04-20T12:33:15","modified_gmt":"2026-04-20T12:33:15","slug":"lindt-extra-creamy-mlijecna-cokolada-s-ljesnjacima-80-g","status":"publish","type":"product","link":"https:\/\/singuli.wpress.me\/index.php\/proizvod\/lindt-extra-creamy-mlijecna-cokolada-s-ljesnjacima-80-g\/","title":{"rendered":"LINDT Extra Creamy, mlije\u010dna \u010dokolada, s lje\u0161njacima, 80\u00a0g"},"content":{"rendered":"<h3>Mlije\u010dna \u010dokolada s lje\u0161njacima i morskom soli<\/h3>\n<\/p>\n<p>Prepustite se neodoljivom spoju delikatne mlije\u010dne \u010dokolade, hrskavih komadi\u0107a savr\u0161eno pr\u017eenih lje\u0161njaka i fine note morske soli. Ova \u010dokolada stvorena je za istinske ljubitelje slatko-slanih kombinacija, nude\u0107i nezaboravno iskustvo okusa.<\/p>\n<p>Izra\u0111ena s pa\u017eljivo odabranim sastojcima, ova mlije\u010dna \u010dokolada sadr\u017ei najmanje 30% kakaovih dijelova, pru\u017eaju\u0107i bogat i kremast okus. Hrskavi lje\u0161njaci \u010dine \u010dak 16% sastava, dok morska sol s 0,3% dodaje savr\u0161eni balans koji se topi u ustima.<\/p>\n","protected":false},"excerpt":{"rendered":"<p>Slatka mlije\u010dna \u010dokolada, hrskavi lje\u0161njaci i fina morska sol<br \/>\nSadr\u017ei 16% savr\u0161eno pr\u017eenih, hrskavih komadi\u0107a lje\u0161njaka<br \/>\nMorska sol nagla\u0161ava okus \u010dokolade i lje\u0161njaka, stvaraju\u0107i neodoljivu harmoniju<\/p>\n","protected":false},"featured_media":35471,"template":"","meta":{"_seopress_robots_primary_cat":"","_seopress_titles_title":"","_seopress_titles_desc":"","_seopress_robots_index":"","iawp_total_views":0},"product_brand":[758],"product_cat":[261,277],"product_tag":[],"class_list":{"0":"post-35470","1":"product","2":"type-product","3":"status-publish","4":"has-post-thumbnail","6":"product_brand-lindt","7":"product_cat-hrana-i-pice","8":"product_cat-slatkisi-i-grickalice-261","10":"first","11":"instock","12":"shipping-taxable","13":"purchasable","14":"product-type-simple"},"_links":{"self":[{"href":"https:\/\/singuli.wpress.me\/index.php\/wp-json\/wp\/v2\/product\/35470","targetHints":{"allow":["GET"]}}],"collection":[{"href":"https:\/\/singuli.wpress.me\/index.php\/wp-json\/wp\/v2\/product"}],"about":[{"href":"https:\/\/singuli.wpress.me\/index.php\/wp-json\/wp\/v2\/types\/product"}],"version-history":[{"count":0,"href":"https:\/\/singuli.wpress.me\/index.php\/wp-json\/wp\/v2\/product\/35470\/revisions"}],"wp:featuredmedia":[{"embeddable":true,"href":"https:\/\/singuli.wpress.me\/index.php\/wp-json\/wp\/v2\/media\/35471"}],"wp:attachment":[{"href":"https:\/\/singuli.wpress.me\/index.php\/wp-json\/wp\/v2\/media?parent=35470"}],"wp:term":[{"taxonomy":"product_brand","embeddable":true,"href":"https:\/\/singuli.wpress.me\/index.php\/wp-json\/wp\/v2\/product_brand?post=35470"},{"taxonomy":"product_cat","embeddable":true,"href":"https:\/\/singuli.wpress.me\/index.php\/wp-json\/wp\/v2\/product_cat?post=35470"},{"taxonomy":"product_tag","embeddable":true,"href":"https:\/\/singuli.wpress.me\/index.php\/wp-json\/wp\/v2\/product_tag?post=35470"}],"curies":[{"name":"wp","href":"https:\/\/api.w.org\/{rel}","templated":true}]}}