{"id":35498,"date":"2026-04-18T01:47:13","date_gmt":"2026-04-18T01:47:13","guid":{"rendered":"https:\/\/singuli.wpress.me\/index.php\/proizvod\/heinz-slanina-ketchup-od-rajcice-460-g\/"},"modified":"2026-04-20T12:33:15","modified_gmt":"2026-04-20T12:33:15","slug":"heinz-slanina-ketchup-od-rajcice-460-g","status":"publish","type":"product","link":"https:\/\/singuli.wpress.me\/index.php\/proizvod\/heinz-slanina-ketchup-od-rajcice-460-g\/","title":{"rendered":"HEINZ Slanina, ketchup od raj\u010dice, 460\u00a0g"},"content":{"rendered":"<p>Isprobajte <strong>HEINZ TOMATO KETCHUP SMOKEY BACON<\/strong> &ndash; spoj najpoznatijeg ke\u010dapa na svijetu s bogatim i intenzivnim okusom **dimljene slanine**.<\/p>\n<p>Ovaj ke\u010dap donosi pun i prepoznatljiv okus s aromom dima, zahvaljuju\u0107i pa\u017eljivo odabranim ekstraktima i za\u010dinima. Savr\u0161en je za dodavanje uz <strong>obilan doru\u010dak<\/strong> za dimljeni po\u010detak dana, ili kao nezamjenjiv dodatak <strong>ljetnom ro\u0161tilju<\/strong>.<\/p>\n<p>Proizveden od 148 g raj\u010dice na svakih 100 g ke\u010dapa.<\/p>\n<p><strong>Neto koli\u010dina:<\/strong> 460 g (400 ml).<\/p>\n","protected":false},"excerpt":{"rendered":"<p>Intenzivan okus dimljene slanine<br \/>\nSavr\u0161en dodatak uz doru\u010dak i ro\u0161tilj<br \/>\nProizveden od 148 g raj\u010dice na 100 g ke\u010dapa<\/p>\n","protected":false},"featured_media":35499,"template":"","meta":{"_seopress_robots_primary_cat":"","_seopress_titles_title":"","_seopress_titles_desc":"","_seopress_robots_index":"","iawp_total_views":0},"product_brand":[395],"product_cat":[266,265,160],"product_tag":[],"class_list":{"0":"post-35498","1":"product","2":"type-product","3":"status-publish","4":"has-post-thumbnail","6":"product_brand-heinz","7":"product_cat-aparati-za-kuhanje-265","8":"product_cat-kuhinjski-aparati-160","9":"product_cat-mali-kucanski-aparati","11":"first","12":"instock","13":"shipping-taxable","14":"purchasable","15":"product-type-simple"},"_links":{"self":[{"href":"https:\/\/singuli.wpress.me\/index.php\/wp-json\/wp\/v2\/product\/35498","targetHints":{"allow":["GET"]}}],"collection":[{"href":"https:\/\/singuli.wpress.me\/index.php\/wp-json\/wp\/v2\/product"}],"about":[{"href":"https:\/\/singuli.wpress.me\/index.php\/wp-json\/wp\/v2\/types\/product"}],"version-history":[{"count":0,"href":"https:\/\/singuli.wpress.me\/index.php\/wp-json\/wp\/v2\/product\/35498\/revisions"}],"wp:featuredmedia":[{"embeddable":true,"href":"https:\/\/singuli.wpress.me\/index.php\/wp-json\/wp\/v2\/media\/35499"}],"wp:attachment":[{"href":"https:\/\/singuli.wpress.me\/index.php\/wp-json\/wp\/v2\/media?parent=35498"}],"wp:term":[{"taxonomy":"product_brand","embeddable":true,"href":"https:\/\/singuli.wpress.me\/index.php\/wp-json\/wp\/v2\/product_brand?post=35498"},{"taxonomy":"product_cat","embeddable":true,"href":"https:\/\/singuli.wpress.me\/index.php\/wp-json\/wp\/v2\/product_cat?post=35498"},{"taxonomy":"product_tag","embeddable":true,"href":"https:\/\/singuli.wpress.me\/index.php\/wp-json\/wp\/v2\/product_tag?post=35498"}],"curies":[{"name":"wp","href":"https:\/\/api.w.org\/{rel}","templated":true}]}}