{"id":35540,"date":"2026-04-18T01:47:51","date_gmt":"2026-04-18T01:47:51","guid":{"rendered":"https:\/\/singuli.wpress.me\/index.php\/proizvod\/magic-city-igracka-carobna-kolekcija\/"},"modified":"2026-04-20T12:33:15","modified_gmt":"2026-04-20T12:33:15","slug":"magic-city-igracka-carobna-kolekcija","status":"publish","type":"product","link":"https:\/\/singuli.wpress.me\/index.php\/proizvod\/magic-city-igracka-carobna-kolekcija\/","title":{"rendered":"MAGIC CITY, igra\u010dka, \u010carobna kolekcija"},"content":{"rendered":"<p>Svaki pravi \u010darobnjak zna da je njegov \u010darobni \u0161tapi\u0107 najva\u017eniji alat za stvaranje magije \u2014 i sada ga mo\u017ee\u0161 imati i ti! U ovom fantasti\u010dnom setu krije se cijeli svijet zadivljuju\u0107ih trikova i iluzija koji \u0107e te pretvoriti u pravu zvijezdu svakog dru\u017eenja. Bez obzira \u017eeli\u0161 li zadiviti prijatelje, za\u010darati obitelj ili jednostavno u\u017eivati u \u010darobnim trenucima, ovaj set pru\u017ea sve \u0161to ti treba da postane\u0161 pravi ma\u0111ioni\u010dar. Spremi se na nevjerojatne izvedbe, tajne trikove i magi\u010dne efekte koji \u0107e te odu\u0161eviti i ostaviti publiku bez daha. S ovim \u0161tapi\u0107em u ruci, tvoja ma\u0161ta nema granica \u2014 prava \u010darolija po\u010dinje sada! Dob: 6+<\/p>\n","protected":false},"excerpt":{"rendered":"<p>Klju\u010dni alat za svakog malog ma\u0111ioni\u010dara, spreman za stvaranje prave magije<br \/>\nOtkrij tajne koje \u0107e te pretvoriti u zvijezdu svakog dru\u017eenja i ostaviti publiku bez daha<br \/>\nIdealan za djecu (6+) koja \u017eele istra\u017eivati svijet magije, iluzija i zabavnih izvedbi<\/p>\n","protected":false},"featured_media":35541,"template":"","meta":{"_seopress_robots_primary_cat":"","_seopress_titles_title":"","_seopress_titles_desc":"","_seopress_robots_index":"","iawp_total_views":0},"product_brand":[771],"product_cat":[221,291],"product_tag":[],"class_list":{"0":"post-35540","1":"product","2":"type-product","3":"status-publish","4":"has-post-thumbnail","6":"product_brand-magic-city","7":"product_cat-igracke","8":"product_cat-igracke-za-djecu-221","10":"first","11":"instock","12":"shipping-taxable","13":"purchasable","14":"product-type-simple"},"_links":{"self":[{"href":"https:\/\/singuli.wpress.me\/index.php\/wp-json\/wp\/v2\/product\/35540","targetHints":{"allow":["GET"]}}],"collection":[{"href":"https:\/\/singuli.wpress.me\/index.php\/wp-json\/wp\/v2\/product"}],"about":[{"href":"https:\/\/singuli.wpress.me\/index.php\/wp-json\/wp\/v2\/types\/product"}],"version-history":[{"count":0,"href":"https:\/\/singuli.wpress.me\/index.php\/wp-json\/wp\/v2\/product\/35540\/revisions"}],"wp:featuredmedia":[{"embeddable":true,"href":"https:\/\/singuli.wpress.me\/index.php\/wp-json\/wp\/v2\/media\/35541"}],"wp:attachment":[{"href":"https:\/\/singuli.wpress.me\/index.php\/wp-json\/wp\/v2\/media?parent=35540"}],"wp:term":[{"taxonomy":"product_brand","embeddable":true,"href":"https:\/\/singuli.wpress.me\/index.php\/wp-json\/wp\/v2\/product_brand?post=35540"},{"taxonomy":"product_cat","embeddable":true,"href":"https:\/\/singuli.wpress.me\/index.php\/wp-json\/wp\/v2\/product_cat?post=35540"},{"taxonomy":"product_tag","embeddable":true,"href":"https:\/\/singuli.wpress.me\/index.php\/wp-json\/wp\/v2\/product_tag?post=35540"}],"curies":[{"name":"wp","href":"https:\/\/api.w.org\/{rel}","templated":true}]}}