{"id":35653,"date":"2026-04-18T01:49:07","date_gmt":"2026-04-18T01:49:07","guid":{"rendered":"https:\/\/singuli.wpress.me\/index.php\/proizvod\/braun-series-5-5560-all-in-one-11u1-multigroomer\/"},"modified":"2026-04-20T12:33:15","modified_gmt":"2026-04-20T12:33:15","slug":"braun-series-5-5560-all-in-one-11u1-multigroomer","status":"publish","type":"product","link":"https:\/\/singuli.wpress.me\/index.php\/proizvod\/braun-series-5-5560-all-in-one-11u1-multigroomer\/","title":{"rendered":"BRAUN Series 5 5560 All-In-One 11u1, multigroomer"},"content":{"rendered":"<p><span style=\"font-weight: bold\">Braunov multifunkcionalni 11-u-1 komplet mu\u0161karcima<\/span> omogu\u0107uje lako i jednostavno podrezivanje dla\u010dica na licu, u nosu i u u\u0161ima, \u0161i\u0161anje kose te ure\u0111ivanje dla\u010dica na cijelom tijelu. Iznimno o\u0161tra o\u0161trica osigurava brzo i u\u010dinkovito, ali i ugodno i precizno podrezivanje. Tehnologija SkinGuard brine o tome da savr\u0161eno i sigurno podre\u017eete dla\u010dice na cijelom tijelu. Mo\u017eete birati izme\u0111u 14 duljina, a dr\u0161ka AquaGrip pru\u017ea vam potpunu kontrolu pod vodom. AIO5560 dolazi u sivoj boji mjese\u010devog kamena, stvoren je da traje, vodootporan je i ima litij-ionsku bateriju koja omogu\u0107uje do 120 minuta rada.<\/p>\n","protected":false},"excerpt":{"rendered":"<p>11-u-1 komplet za ure\u0111ivanje brade, kose i tijela<br \/>\nIzuzetno o\u0161tra o\u0161trica i SkinGuard za preciznost i za\u0161titu ko\u017ee<br \/>\nVodootporan dizajn, AquaGrip dr\u0161ka i do 120 min be\u017ei\u010dnog rada<\/p>\n","protected":false},"featured_media":35654,"template":"","meta":{"_seopress_robots_primary_cat":"","_seopress_titles_title":"","_seopress_titles_desc":"","_seopress_robots_index":"","iawp_total_views":0},"product_brand":[144],"product_cat":[280,192,279],"product_tag":[],"class_list":{"0":"post-35653","1":"product","2":"type-product","3":"status-publish","4":"has-post-thumbnail","6":"product_brand-braun","7":"product_cat-aparati-za-muskarce-279","8":"product_cat-aparati-za-osobnu-njegu","9":"product_cat-brijanje-i-sisanje-192","11":"first","12":"instock","13":"shipping-taxable","14":"purchasable","15":"product-type-simple"},"_links":{"self":[{"href":"https:\/\/singuli.wpress.me\/index.php\/wp-json\/wp\/v2\/product\/35653","targetHints":{"allow":["GET"]}}],"collection":[{"href":"https:\/\/singuli.wpress.me\/index.php\/wp-json\/wp\/v2\/product"}],"about":[{"href":"https:\/\/singuli.wpress.me\/index.php\/wp-json\/wp\/v2\/types\/product"}],"version-history":[{"count":0,"href":"https:\/\/singuli.wpress.me\/index.php\/wp-json\/wp\/v2\/product\/35653\/revisions"}],"wp:featuredmedia":[{"embeddable":true,"href":"https:\/\/singuli.wpress.me\/index.php\/wp-json\/wp\/v2\/media\/35654"}],"wp:attachment":[{"href":"https:\/\/singuli.wpress.me\/index.php\/wp-json\/wp\/v2\/media?parent=35653"}],"wp:term":[{"taxonomy":"product_brand","embeddable":true,"href":"https:\/\/singuli.wpress.me\/index.php\/wp-json\/wp\/v2\/product_brand?post=35653"},{"taxonomy":"product_cat","embeddable":true,"href":"https:\/\/singuli.wpress.me\/index.php\/wp-json\/wp\/v2\/product_cat?post=35653"},{"taxonomy":"product_tag","embeddable":true,"href":"https:\/\/singuli.wpress.me\/index.php\/wp-json\/wp\/v2\/product_tag?post=35653"}],"curies":[{"name":"wp","href":"https:\/\/api.w.org\/{rel}","templated":true}]}}