{"id":35657,"date":"2026-04-18T01:49:09","date_gmt":"2026-04-18T01:49:09","guid":{"rendered":"https:\/\/singuli.wpress.me\/index.php\/proizvod\/braun-series-5-5520-all-in-one-7u1-multigroomer\/"},"modified":"2026-04-20T12:33:15","modified_gmt":"2026-04-20T12:33:15","slug":"braun-series-5-5520-all-in-one-7u1-multigroomer","status":"publish","type":"product","link":"https:\/\/singuli.wpress.me\/index.php\/proizvod\/braun-series-5-5520-all-in-one-7u1-multigroomer\/","title":{"rendered":"BRAUN Series 5 5520 All-In-One 7u1, multigroomer"},"content":{"rendered":"<p><span style=\"font-weight: bold\">Braun All-in-One Series 5<\/span>, komplet za njegu mu\u0161karaca, 7-u-1, izuzetno o\u0161tra o\u0161trica, do 120 minuta rada, trimer za osjetljive dijelove tijela, precizno i u\u010dinkovito, dr\u0161ka AquaGrip za upotrebu pod vodom, AIO5520, u mat sivoj boji mjese\u010devog kamena<\/p>\n","protected":false},"excerpt":{"rendered":"<p>7-u-1 komplet za bradu, kosu i tijelo s 14 duljina \u0161i\u0161anja<br \/>\nIzuzetno o\u0161tra o\u0161trica i SkinGuard tehnologija za preciznost i za\u0161titu<br \/>\nVodootporan dizajn s AquaGrip dr\u0161kom i 120 min be\u017ei\u010dnog rada<\/p>\n","protected":false},"featured_media":35658,"template":"","meta":{"_seopress_robots_primary_cat":"","_seopress_titles_title":"","_seopress_titles_desc":"","_seopress_robots_index":"","iawp_total_views":0},"product_brand":[144],"product_cat":[280,192,279],"product_tag":[],"class_list":{"0":"post-35657","1":"product","2":"type-product","3":"status-publish","4":"has-post-thumbnail","6":"product_brand-braun","7":"product_cat-aparati-za-muskarce-279","8":"product_cat-aparati-za-osobnu-njegu","9":"product_cat-brijanje-i-sisanje-192","11":"first","12":"instock","13":"shipping-taxable","14":"purchasable","15":"product-type-simple"},"_links":{"self":[{"href":"https:\/\/singuli.wpress.me\/index.php\/wp-json\/wp\/v2\/product\/35657","targetHints":{"allow":["GET"]}}],"collection":[{"href":"https:\/\/singuli.wpress.me\/index.php\/wp-json\/wp\/v2\/product"}],"about":[{"href":"https:\/\/singuli.wpress.me\/index.php\/wp-json\/wp\/v2\/types\/product"}],"version-history":[{"count":0,"href":"https:\/\/singuli.wpress.me\/index.php\/wp-json\/wp\/v2\/product\/35657\/revisions"}],"wp:featuredmedia":[{"embeddable":true,"href":"https:\/\/singuli.wpress.me\/index.php\/wp-json\/wp\/v2\/media\/35658"}],"wp:attachment":[{"href":"https:\/\/singuli.wpress.me\/index.php\/wp-json\/wp\/v2\/media?parent=35657"}],"wp:term":[{"taxonomy":"product_brand","embeddable":true,"href":"https:\/\/singuli.wpress.me\/index.php\/wp-json\/wp\/v2\/product_brand?post=35657"},{"taxonomy":"product_cat","embeddable":true,"href":"https:\/\/singuli.wpress.me\/index.php\/wp-json\/wp\/v2\/product_cat?post=35657"},{"taxonomy":"product_tag","embeddable":true,"href":"https:\/\/singuli.wpress.me\/index.php\/wp-json\/wp\/v2\/product_tag?post=35657"}],"curies":[{"name":"wp","href":"https:\/\/api.w.org\/{rel}","templated":true}]}}