{"id":35690,"date":"2026-04-18T01:49:21","date_gmt":"2026-04-18T01:49:21","guid":{"rendered":"https:\/\/singuli.wpress.me\/index.php\/proizvod\/braun-bt7540-10-trimer-za-bradu\/"},"modified":"2026-04-20T12:33:16","modified_gmt":"2026-04-20T12:33:16","slug":"braun-bt7540-10-trimer-za-bradu","status":"publish","type":"product","link":"https:\/\/singuli.wpress.me\/index.php\/proizvod\/braun-bt7540-10-trimer-za-bradu\/","title":{"rendered":"BRAUN BT7540 +10, trimer za bradu"},"content":{"rendered":"<p><span style=\"font-weight: bold\">Braun Beard Trimmer Series 7<\/span> osmi\u0161ljen je za profesionalnu preciznost i savr\u0161enstvo pri svakom potezu. Zahvaljuju\u0107i dugotrajnoj, izuzetno o\u0161troj o\u0161trici ProBlade i tehnologiji AutoSense, ovaj trimer hvata \u010dak i najzahtjevnije dla\u010dice. Zaklju\u010davanjem preciznog kota\u010di\u0107a izbje\u0107i \u0107ete gre\u0161ke i dobiti besprijekornu kontrolu s 40 postavki duljine. Bez obzira trebate li podrezivanje, brijanje, ure\u0111ivanje rubova ili detalja, ovaj trimer pru\u017ea vam najbolje alate za savr\u0161ene linije, stanjivanje i zavr\u0161no dotjerivanje.<\/p>\n","protected":false},"excerpt":{"rendered":"<p>ProBlade o\u0161trica i AutoSense tehnologija za precizno podrezivanje<br \/>\n40 postavki duljine s preciznim kota\u010di\u0107em za potpunu kontrolu<br \/>\nSve za podrezivanje, brijanje i ure\u0111ivanje detalja u jednom ure\u0111aju<\/p>\n","protected":false},"featured_media":35691,"template":"","meta":{"_seopress_robots_primary_cat":"","_seopress_titles_title":"","_seopress_titles_desc":"","_seopress_robots_index":"","iawp_total_views":0},"product_brand":[144],"product_cat":[280,192,279],"product_tag":[],"class_list":{"0":"post-35690","1":"product","2":"type-product","3":"status-publish","4":"has-post-thumbnail","6":"product_brand-braun","7":"product_cat-aparati-za-muskarce-279","8":"product_cat-aparati-za-osobnu-njegu","9":"product_cat-brijanje-i-sisanje-192","11":"first","12":"instock","13":"shipping-taxable","14":"purchasable","15":"product-type-simple"},"_links":{"self":[{"href":"https:\/\/singuli.wpress.me\/index.php\/wp-json\/wp\/v2\/product\/35690","targetHints":{"allow":["GET"]}}],"collection":[{"href":"https:\/\/singuli.wpress.me\/index.php\/wp-json\/wp\/v2\/product"}],"about":[{"href":"https:\/\/singuli.wpress.me\/index.php\/wp-json\/wp\/v2\/types\/product"}],"version-history":[{"count":0,"href":"https:\/\/singuli.wpress.me\/index.php\/wp-json\/wp\/v2\/product\/35690\/revisions"}],"wp:featuredmedia":[{"embeddable":true,"href":"https:\/\/singuli.wpress.me\/index.php\/wp-json\/wp\/v2\/media\/35691"}],"wp:attachment":[{"href":"https:\/\/singuli.wpress.me\/index.php\/wp-json\/wp\/v2\/media?parent=35690"}],"wp:term":[{"taxonomy":"product_brand","embeddable":true,"href":"https:\/\/singuli.wpress.me\/index.php\/wp-json\/wp\/v2\/product_brand?post=35690"},{"taxonomy":"product_cat","embeddable":true,"href":"https:\/\/singuli.wpress.me\/index.php\/wp-json\/wp\/v2\/product_cat?post=35690"},{"taxonomy":"product_tag","embeddable":true,"href":"https:\/\/singuli.wpress.me\/index.php\/wp-json\/wp\/v2\/product_tag?post=35690"}],"curies":[{"name":"wp","href":"https:\/\/api.w.org\/{rel}","templated":true}]}}