{"id":35767,"date":"2026-04-18T01:49:43","date_gmt":"2026-04-18T01:49:43","guid":{"rendered":"https:\/\/singuli.wpress.me\/index.php\/proizvod\/headshoulders-old-spice-sampon-za-kosu-800-ml\/"},"modified":"2026-04-21T00:26:44","modified_gmt":"2026-04-21T00:26:44","slug":"headshoulders-old-spice-sampon-za-kosu-800-ml","status":"publish","type":"product","link":"https:\/\/singuli.wpress.me\/index.php\/proizvod\/headshoulders-old-spice-sampon-za-kosu-800-ml\/","title":{"rendered":"HEAD&amp;SHOULDERS Old Spice, \u0161ampon za kosu, 800\u00a0ml"},"content":{"rendered":"<p>Tehnologija Head &amp; Shoulders Men Ultra klini\u010dki dokazano pru\u017ea do 100 % za\u0161tite od peruti (uz redovitu upotrebu). Ova formula Microbiome Balance za ravnote\u017eu mikrobioma u\u010dinkovito uklanja ljuskice i spre\u010dava njihov povratak, pa va\u0161a kosa ostaje izuzetno \u010dista i osna\u017eena, a vlasi\u0161te za\u0161ti\u0107eno od ma\u0161\u0107enja i isu\u0161ivanja. Na\u0161a formula Old Spice oboga\u0107ena sandalovinom ostavlja va\u0161u kosu bez ljuskica, a s mu\u017eevnim mirisom. Posebno je osmi\u0161ljena za mu\u0161karce i savr\u0161ena za svakodnevnu upotrebu.<\/p>\n","protected":false},"excerpt":{"rendered":"<p>100% za\u0161tita od peruti: Klini\u010dki dokazana u\u010dinkovitost u borbi protiv peruti.<br \/>\nRavnote\u017ea mikrobioma vlasi\u0161ta: Uklanja ljuskice i sprje\u010dava njihov povratak, \u0161tite\u0107i vlasi\u0161te.<br \/>\nMu\u017eevan miris Old Spice: Ostavlja kosu svje\u017eom i ugodno mirisnom sa sandalovinom.<\/p>\n","protected":false},"featured_media":35768,"template":"","meta":{"_seopress_robots_primary_cat":"","_seopress_titles_title":"","_seopress_titles_desc":"","_seopress_robots_index":"","iawp_total_views":0},"product_brand":[443],"product_cat":[268,278],"product_tag":[],"class_list":{"0":"post-35767","1":"product","2":"type-product","3":"status-publish","4":"has-post-thumbnail","6":"product_brand-headshoulders","7":"product_cat-kozmetika-2","8":"product_cat-njega-tijela-268","10":"first","11":"instock","12":"shipping-taxable","13":"purchasable","14":"product-type-simple"},"_links":{"self":[{"href":"https:\/\/singuli.wpress.me\/index.php\/wp-json\/wp\/v2\/product\/35767","targetHints":{"allow":["GET"]}}],"collection":[{"href":"https:\/\/singuli.wpress.me\/index.php\/wp-json\/wp\/v2\/product"}],"about":[{"href":"https:\/\/singuli.wpress.me\/index.php\/wp-json\/wp\/v2\/types\/product"}],"version-history":[{"count":0,"href":"https:\/\/singuli.wpress.me\/index.php\/wp-json\/wp\/v2\/product\/35767\/revisions"}],"wp:featuredmedia":[{"embeddable":true,"href":"https:\/\/singuli.wpress.me\/index.php\/wp-json\/wp\/v2\/media\/35768"}],"wp:attachment":[{"href":"https:\/\/singuli.wpress.me\/index.php\/wp-json\/wp\/v2\/media?parent=35767"}],"wp:term":[{"taxonomy":"product_brand","embeddable":true,"href":"https:\/\/singuli.wpress.me\/index.php\/wp-json\/wp\/v2\/product_brand?post=35767"},{"taxonomy":"product_cat","embeddable":true,"href":"https:\/\/singuli.wpress.me\/index.php\/wp-json\/wp\/v2\/product_cat?post=35767"},{"taxonomy":"product_tag","embeddable":true,"href":"https:\/\/singuli.wpress.me\/index.php\/wp-json\/wp\/v2\/product_tag?post=35767"}],"curies":[{"name":"wp","href":"https:\/\/api.w.org\/{rel}","templated":true}]}}