{"id":35800,"date":"2026-04-18T01:49:52","date_gmt":"2026-04-18T01:49:52","guid":{"rendered":"https:\/\/singuli.wpress.me\/index.php\/proizvod\/mega-bloks-pokemon-charmander-figura\/"},"modified":"2026-04-20T12:33:16","modified_gmt":"2026-04-20T12:33:16","slug":"mega-bloks-pokemon-charmander-figura","status":"publish","type":"product","link":"https:\/\/singuli.wpress.me\/index.php\/proizvod\/mega-bloks-pokemon-charmander-figura\/","title":{"rendered":"MEGA BLOKS Pokemon Charmander, figura"},"content":{"rendered":"<p>\n    Pok\u00e9mon figura Charmander \u2013 za izgradnju jo\u0161 ve\u0107ih bitaka<\/p>\n<p>\n    Ljubitelji Pok\u00e9mona mogu izgraditi jo\u0161 ve\u0107e bitke s Charmanderom! Podigni svoju Pok\u00e9mon obuku na vi\u0161u razinu uz ovog klasi\u010dnog Pok\u00e9mona!<\/p>\n<p>\n    Stvori jo\u0161 ve\u0107e borbe s ovim Pok\u00e9monom vatrenog tipa koji je visok vi\u0161e od 10 cm. Figuru mo\u017ee\u0161 postaviti u razli\u010dite herojske borbene poze. Zatim dodatno &quot;zagrij&quot; stvar kada Charmanderu doda\u0161 detalje vatrenog napada.<\/p>\n<p>\n    Vrijeme je da svoju obuku podigne\u0161 na novu razinu!<\/p>\n","protected":false},"excerpt":{"rendered":"<p>Figura Charmandera za izgradnju bitaka<br \/>\nVisina vi\u0161e od 10 cm i mogu\u0107nost postavljanja u herojske borbene poze<br \/>\nUklju\u010deni detalji vatrenog napada<\/p>\n","protected":false},"featured_media":35801,"template":"","meta":{"_seopress_robots_primary_cat":"","_seopress_titles_title":"","_seopress_titles_desc":"","_seopress_robots_index":"","iawp_total_views":0},"product_brand":[777],"product_cat":[221,291],"product_tag":[],"class_list":{"0":"post-35800","1":"product","2":"type-product","3":"status-publish","4":"has-post-thumbnail","6":"product_brand-mega-bloks","7":"product_cat-igracke","8":"product_cat-igracke-za-djecu-221","10":"first","11":"outofstock","12":"shipping-taxable","13":"purchasable","14":"product-type-simple"},"_links":{"self":[{"href":"https:\/\/singuli.wpress.me\/index.php\/wp-json\/wp\/v2\/product\/35800","targetHints":{"allow":["GET"]}}],"collection":[{"href":"https:\/\/singuli.wpress.me\/index.php\/wp-json\/wp\/v2\/product"}],"about":[{"href":"https:\/\/singuli.wpress.me\/index.php\/wp-json\/wp\/v2\/types\/product"}],"version-history":[{"count":0,"href":"https:\/\/singuli.wpress.me\/index.php\/wp-json\/wp\/v2\/product\/35800\/revisions"}],"wp:featuredmedia":[{"embeddable":true,"href":"https:\/\/singuli.wpress.me\/index.php\/wp-json\/wp\/v2\/media\/35801"}],"wp:attachment":[{"href":"https:\/\/singuli.wpress.me\/index.php\/wp-json\/wp\/v2\/media?parent=35800"}],"wp:term":[{"taxonomy":"product_brand","embeddable":true,"href":"https:\/\/singuli.wpress.me\/index.php\/wp-json\/wp\/v2\/product_brand?post=35800"},{"taxonomy":"product_cat","embeddable":true,"href":"https:\/\/singuli.wpress.me\/index.php\/wp-json\/wp\/v2\/product_cat?post=35800"},{"taxonomy":"product_tag","embeddable":true,"href":"https:\/\/singuli.wpress.me\/index.php\/wp-json\/wp\/v2\/product_tag?post=35800"}],"curies":[{"name":"wp","href":"https:\/\/api.w.org\/{rel}","templated":true}]}}