{"id":35810,"date":"2026-04-18T01:49:57","date_gmt":"2026-04-18T01:49:57","guid":{"rendered":"https:\/\/singuli.wpress.me\/index.php\/proizvod\/mega-bloks-pokemon-razliciti-modeli-figura\/"},"modified":"2026-04-21T00:26:45","modified_gmt":"2026-04-21T00:26:45","slug":"mega-bloks-pokemon-razliciti-modeli-figura","status":"publish","type":"product","link":"https:\/\/singuli.wpress.me\/index.php\/proizvod\/mega-bloks-pokemon-razliciti-modeli-figura\/","title":{"rendered":"MEGA BLOKS Pokemon, razli\u010diti modeli, figura"},"content":{"rendered":"<p>\n    Pok\u00e9mon figura za slaganje \u2013 Bulbasaur, Eevee ili Squirtle<\/p>\n<p>\n    Izgradi svoje omiljene Pok\u00e9mone: Bulbasaur, Eevee ili Squirtle! Sastavi ih sve i podigni svoju trenersku vje\u0161tinu na vi\u0161u razinu.<\/p>\n<p>\n    Svaki pokretni Pok\u00e9mon visok je vi\u0161e od 10 cm i ima autenti\u010dan izgled s impresivnim detaljima borbenih efekata.<\/p>\n<p>\n    Kocke se mogu kombinirati sa svim Mega Construx setovima i kompatibilne su s drugim poznatim markama gra\u0111evnih kocki. (Napomena: Svaki se prodaje zasebno, ovisno o dostupnosti. Likovi, teme i detalji mogu se razlikovati.)<\/p>\n","protected":false},"excerpt":{"rendered":"<p>Mogu\u0107nost slaganja popularnih Pok\u00e9mona: Bulbasaur, Eevee ili Squirtle (prodaju se zasebno).<br \/>\nVelika veli\u010dina (vi\u0161e od 10 cm) i pokretni dizajn s detaljima borbenih efekata<br \/>\nUniverzalna kompatibilnost s Mega Construx i drugim poznatim markama kocki<\/p>\n","protected":false},"featured_media":35811,"template":"","meta":{"_seopress_robots_primary_cat":"","_seopress_titles_title":"","_seopress_titles_desc":"","_seopress_robots_index":"","iawp_total_views":0},"product_brand":[777],"product_cat":[221,291],"product_tag":[],"class_list":{"0":"post-35810","1":"product","2":"type-product","3":"status-publish","4":"has-post-thumbnail","6":"product_brand-mega-bloks","7":"product_cat-igracke","8":"product_cat-igracke-za-djecu-221","10":"first","11":"instock","12":"shipping-taxable","13":"purchasable","14":"product-type-simple"},"_links":{"self":[{"href":"https:\/\/singuli.wpress.me\/index.php\/wp-json\/wp\/v2\/product\/35810","targetHints":{"allow":["GET"]}}],"collection":[{"href":"https:\/\/singuli.wpress.me\/index.php\/wp-json\/wp\/v2\/product"}],"about":[{"href":"https:\/\/singuli.wpress.me\/index.php\/wp-json\/wp\/v2\/types\/product"}],"version-history":[{"count":0,"href":"https:\/\/singuli.wpress.me\/index.php\/wp-json\/wp\/v2\/product\/35810\/revisions"}],"wp:featuredmedia":[{"embeddable":true,"href":"https:\/\/singuli.wpress.me\/index.php\/wp-json\/wp\/v2\/media\/35811"}],"wp:attachment":[{"href":"https:\/\/singuli.wpress.me\/index.php\/wp-json\/wp\/v2\/media?parent=35810"}],"wp:term":[{"taxonomy":"product_brand","embeddable":true,"href":"https:\/\/singuli.wpress.me\/index.php\/wp-json\/wp\/v2\/product_brand?post=35810"},{"taxonomy":"product_cat","embeddable":true,"href":"https:\/\/singuli.wpress.me\/index.php\/wp-json\/wp\/v2\/product_cat?post=35810"},{"taxonomy":"product_tag","embeddable":true,"href":"https:\/\/singuli.wpress.me\/index.php\/wp-json\/wp\/v2\/product_tag?post=35810"}],"curies":[{"name":"wp","href":"https:\/\/api.w.org\/{rel}","templated":true}]}}