{"id":35906,"date":"2026-04-18T01:50:34","date_gmt":"2026-04-18T01:50:34","guid":{"rendered":"https:\/\/singuli.wpress.me\/index.php\/proizvod\/barbie-kreativni-svijet-ruksak\/"},"modified":"2026-04-20T12:33:16","modified_gmt":"2026-04-20T12:33:16","slug":"barbie-kreativni-svijet-ruksak","status":"publish","type":"product","link":"https:\/\/singuli.wpress.me\/index.php\/proizvod\/barbie-kreativni-svijet-ruksak\/","title":{"rendered":"BARBIE Kreativni svijet, ruksak"},"content":{"rendered":"<p>Kreni u avanturu i ponesi **potpuno novi Barbie ruksak** sa sobom gdje god ide\u0161! Ovaj neodoljivi ruksak nije samo stilski dodatak, ve\u0107 prava riznica kreativnosti za svaku malu modnu dizajnericu.<\/p>\n<p>Unutra te \u010deka **fantasti\u010dan set dodataka**, uklju\u010duju\u0107i **bojanku** i **naljepnice** s kojima mo\u017ee\u0161 ukra\u0161avati i stvarati najmodernije outfite za Barbie i njezine prijateljice.<\/p>\n<p>**Prakti\u010dan i zabavan**, ovaj ruksak je savr\u0161en za spremanje tvojih omiljenih sitnica i no\u0161enje tvoje kreativne radionice svuda sa sobom!<\/p>\n","protected":false},"excerpt":{"rendered":"<p>Moderan ruksak i set za kreativnu igru u jednom<br \/>\nSadr\u017ei bojanku i naljepnice za ukra\u0161avanje outfita<\/p>\n","protected":false},"featured_media":35907,"template":"","meta":{"_seopress_robots_primary_cat":"","_seopress_titles_title":"","_seopress_titles_desc":"","_seopress_robots_index":"","iawp_total_views":0},"product_brand":[324],"product_cat":[221,291],"product_tag":[],"class_list":{"0":"post-35906","1":"product","2":"type-product","3":"status-publish","4":"has-post-thumbnail","6":"product_brand-barbie","7":"product_cat-igracke","8":"product_cat-igracke-za-djecu-221","10":"first","11":"instock","12":"shipping-taxable","13":"purchasable","14":"product-type-simple"},"_links":{"self":[{"href":"https:\/\/singuli.wpress.me\/index.php\/wp-json\/wp\/v2\/product\/35906","targetHints":{"allow":["GET"]}}],"collection":[{"href":"https:\/\/singuli.wpress.me\/index.php\/wp-json\/wp\/v2\/product"}],"about":[{"href":"https:\/\/singuli.wpress.me\/index.php\/wp-json\/wp\/v2\/types\/product"}],"version-history":[{"count":0,"href":"https:\/\/singuli.wpress.me\/index.php\/wp-json\/wp\/v2\/product\/35906\/revisions"}],"wp:featuredmedia":[{"embeddable":true,"href":"https:\/\/singuli.wpress.me\/index.php\/wp-json\/wp\/v2\/media\/35907"}],"wp:attachment":[{"href":"https:\/\/singuli.wpress.me\/index.php\/wp-json\/wp\/v2\/media?parent=35906"}],"wp:term":[{"taxonomy":"product_brand","embeddable":true,"href":"https:\/\/singuli.wpress.me\/index.php\/wp-json\/wp\/v2\/product_brand?post=35906"},{"taxonomy":"product_cat","embeddable":true,"href":"https:\/\/singuli.wpress.me\/index.php\/wp-json\/wp\/v2\/product_cat?post=35906"},{"taxonomy":"product_tag","embeddable":true,"href":"https:\/\/singuli.wpress.me\/index.php\/wp-json\/wp\/v2\/product_tag?post=35906"}],"curies":[{"name":"wp","href":"https:\/\/api.w.org\/{rel}","templated":true}]}}