{"id":35957,"date":"2026-04-18T01:51:37","date_gmt":"2026-04-18T01:51:37","guid":{"rendered":"https:\/\/singuli.wpress.me\/index.php\/proizvod\/hot-wheels-drustvena-igra-super-brza-utrka\/"},"modified":"2026-04-21T00:26:45","modified_gmt":"2026-04-21T00:26:45","slug":"hot-wheels-drustvena-igra-super-brza-utrka","status":"publish","type":"product","link":"https:\/\/singuli.wpress.me\/index.php\/proizvod\/hot-wheels-drustvena-igra-super-brza-utrka\/","title":{"rendered":"HOT WHEELS, dru\u0161tvena igra, Super brza utrka"},"content":{"rendered":"<p>Zaigraj igru u dru\u0161tvu brzih automobila <span style=\"font-weight: bold\">Hot Wheels<\/span>! Dru\u0161tvena igra za male avanturiste koja im poma\u017ee razviti prve socijalne vje\u0161tine u interakciji s drugima!<\/p>\n<p>\u2022 Velika igra\u0107a plo\u010da<br \/>\n\u2022 4 kartice munjevitih Hot Wheels automobila<br \/>\n\u2022 Za 2 do 4 igra\u010da<\/p>\n","protected":false},"excerpt":{"rendered":"<p>Dru\u0161tvena igra s motivom Hot Wheels automobila<br \/>\nSadr\u017ei veliku plo\u010du i 4 kartice s auti\u0107ima<br \/>\nRazvija socijalne vje\u0161tine kroz igru u paru ili grupi (2\u20134 igra\u010da)<\/p>\n","protected":false},"featured_media":35958,"template":"","meta":{"_seopress_robots_primary_cat":"","_seopress_titles_title":"","_seopress_titles_desc":"","_seopress_robots_index":"","iawp_total_views":0},"product_brand":[429],"product_cat":[290,221],"product_tag":[],"class_list":{"0":"post-35957","1":"product","2":"type-product","3":"status-publish","4":"has-post-thumbnail","6":"product_brand-hot-wheels","7":"product_cat-drustvene-igre-221","8":"product_cat-igracke","10":"first","11":"instock","12":"shipping-taxable","13":"purchasable","14":"product-type-simple"},"_links":{"self":[{"href":"https:\/\/singuli.wpress.me\/index.php\/wp-json\/wp\/v2\/product\/35957","targetHints":{"allow":["GET"]}}],"collection":[{"href":"https:\/\/singuli.wpress.me\/index.php\/wp-json\/wp\/v2\/product"}],"about":[{"href":"https:\/\/singuli.wpress.me\/index.php\/wp-json\/wp\/v2\/types\/product"}],"version-history":[{"count":0,"href":"https:\/\/singuli.wpress.me\/index.php\/wp-json\/wp\/v2\/product\/35957\/revisions"}],"wp:featuredmedia":[{"embeddable":true,"href":"https:\/\/singuli.wpress.me\/index.php\/wp-json\/wp\/v2\/media\/35958"}],"wp:attachment":[{"href":"https:\/\/singuli.wpress.me\/index.php\/wp-json\/wp\/v2\/media?parent=35957"}],"wp:term":[{"taxonomy":"product_brand","embeddable":true,"href":"https:\/\/singuli.wpress.me\/index.php\/wp-json\/wp\/v2\/product_brand?post=35957"},{"taxonomy":"product_cat","embeddable":true,"href":"https:\/\/singuli.wpress.me\/index.php\/wp-json\/wp\/v2\/product_cat?post=35957"},{"taxonomy":"product_tag","embeddable":true,"href":"https:\/\/singuli.wpress.me\/index.php\/wp-json\/wp\/v2\/product_tag?post=35957"}],"curies":[{"name":"wp","href":"https:\/\/api.w.org\/{rel}","templated":true}]}}