{"id":36023,"date":"2026-04-18T01:52:27","date_gmt":"2026-04-18T01:52:27","guid":{"rendered":"https:\/\/singuli.wpress.me\/index.php\/proizvod\/pringles-kebab-cips-165-g\/"},"modified":"2026-04-21T00:26:45","modified_gmt":"2026-04-21T00:26:45","slug":"pringles-kebab-cips-165-g","status":"publish","type":"product","link":"https:\/\/singuli.wpress.me\/index.php\/proizvod\/pringles-kebab-cips-165-g\/","title":{"rendered":"PRINGLES Kebab, \u010dips, 165\u00a0g"},"content":{"rendered":"<p>\n    <strong>Pringles Spiced Kebab \u2013 Okus turske piletine i Shawarme<\/strong>\n<\/p>\n<p>\n    Pridru\u017eite nam se na putovanju Bliskim istokom s novim Pringles okusom <strong>Spiced Kebab<\/strong>! Ovaj \u010dips donosi kompleksan, <strong>zagrijavaju\u0107i za\u010din<\/strong> inspiriran <strong>Turkish Chicken Shawarma<\/strong> i klasi\u010dnim <strong>Middle Eastern Kebabom<\/strong>.\n<\/p>\n<p>\n    Okus karakterizira <strong>uravnote\u017eena mje\u0161avina mljevenih za\u010dina<\/strong>, uz <strong>nagovje\u0161taj dimljenih\/nagorenih nota<\/strong> i arome so\u010dnog mariniranog mesa. Za\u010dinska baza kombinira sna\u017ene profile kao \u0161to su <strong>kumin, korijander i kurkuma<\/strong> s toplinom <strong>kajenskog i crnog papra<\/strong>.\n<\/p>\n<p>\n    Savr\u0161en izbor za sve koji vole bogate, aromati\u010dne i za\u010dinjene okuse <em>Turkish Spiced Chicken<\/em> kuhinje.<\/p>\n","protected":false},"excerpt":{"rendered":"<p>Za\u010dinjeni Kebab<br \/>\nZagrijavaju\u0107i i uravnote\u017een, s notama mljevenih za\u010dina i dimljenim\/nagorenim prizvukom<br \/>\nBalansirani mljeveni za\u010dini s notama mariniranog mesa i charred notes (nagorenih\/dimljenih nota)<\/p>\n","protected":false},"featured_media":36024,"template":"","meta":{"_seopress_robots_primary_cat":"","_seopress_titles_title":"","_seopress_titles_desc":"","_seopress_robots_index":"","iawp_total_views":0},"product_brand":[462],"product_cat":[261,277],"product_tag":[],"class_list":{"0":"post-36023","1":"product","2":"type-product","3":"status-publish","4":"has-post-thumbnail","6":"product_brand-pringles","7":"product_cat-hrana-i-pice","8":"product_cat-slatkisi-i-grickalice-261","10":"first","11":"outofstock","12":"shipping-taxable","13":"purchasable","14":"product-type-simple"},"_links":{"self":[{"href":"https:\/\/singuli.wpress.me\/index.php\/wp-json\/wp\/v2\/product\/36023","targetHints":{"allow":["GET"]}}],"collection":[{"href":"https:\/\/singuli.wpress.me\/index.php\/wp-json\/wp\/v2\/product"}],"about":[{"href":"https:\/\/singuli.wpress.me\/index.php\/wp-json\/wp\/v2\/types\/product"}],"version-history":[{"count":0,"href":"https:\/\/singuli.wpress.me\/index.php\/wp-json\/wp\/v2\/product\/36023\/revisions"}],"wp:featuredmedia":[{"embeddable":true,"href":"https:\/\/singuli.wpress.me\/index.php\/wp-json\/wp\/v2\/media\/36024"}],"wp:attachment":[{"href":"https:\/\/singuli.wpress.me\/index.php\/wp-json\/wp\/v2\/media?parent=36023"}],"wp:term":[{"taxonomy":"product_brand","embeddable":true,"href":"https:\/\/singuli.wpress.me\/index.php\/wp-json\/wp\/v2\/product_brand?post=36023"},{"taxonomy":"product_cat","embeddable":true,"href":"https:\/\/singuli.wpress.me\/index.php\/wp-json\/wp\/v2\/product_cat?post=36023"},{"taxonomy":"product_tag","embeddable":true,"href":"https:\/\/singuli.wpress.me\/index.php\/wp-json\/wp\/v2\/product_tag?post=36023"}],"curies":[{"name":"wp","href":"https:\/\/api.w.org\/{rel}","templated":true}]}}