{"id":36058,"date":"2026-04-18T01:52:47","date_gmt":"2026-04-18T01:52:47","guid":{"rendered":"https:\/\/singuli.wpress.me\/index.php\/proizvod\/old-spice-tomorrowland-poklon-paket\/"},"modified":"2026-04-20T12:33:17","modified_gmt":"2026-04-20T12:33:17","slug":"old-spice-tomorrowland-poklon-paket","status":"publish","type":"product","link":"https:\/\/singuli.wpress.me\/index.php\/proizvod\/old-spice-tomorrowland-poklon-paket\/","title":{"rendered":"OLD SPICE Tomorrowland, poklon paket"},"content":{"rendered":"<p>Tra\u017eite savr\u0161en dar za njega? Darovni kompleti Old Spice za mu\u0161karce savr\u0161en su izbor za odu\u0161eviti mu\u0161karca koji \u0107e zavladati svijetom festivalske svje\u017eine. Za\u0161to, pitate se? Zato \u0161to jednostavno ne mo\u017eete pogrije\u0161iti s mirisima parfemske kvalitete Old Spice. Darovni komplet Old Spice Tomorrowland Special Edition sadr\u017ei dezodorans u stiku, dezodorans u spreju i gel za tu\u0161iranje za mu\u0161karce Tomorrowland. Sve to dolazi u prepoznatljivoj toaletnoj torbici Old Spice koja se mo\u017ee ponovo koristiti za no\u0161enje toaletnih potrep\u0161tina. Isprobajte miris parfemske kvalitete Tomorrowland Special Edition: citrusni miris bergamota i jabuke u kombinaciji s drvenastim notama. Jednostavno je nemogu\u0107e pogrije\u0161iti s ovom kombinacijom! Kako to da ovaj darovni komplet Old Spice za mu\u0161karce nije ve\u0107 u va\u0161oj ko\u0161arici?<\/p>\n","protected":false},"excerpt":{"rendered":"<p>Set sadr\u017ei dezodorans u stiku (50 ml), dezodorans u spreju (150 ml) i gel za tu\u0161iranje (250 ml), sve s mirisom Tomorrowland Special Edition<br \/>\nProizvodi nude citrusni miris bergamota i jabuke u kombinaciji s drvenastim notama, stvoren za festivalsku svje\u017einu<br \/>\nSve dolazi u toaletnoj torbici za vi\u0161ekratnu upotrebu, \u0161to ovaj komplet \u010dini idealnim darom za svakog mu\u0161karca<\/p>\n","protected":false},"featured_media":36059,"template":"","meta":{"_seopress_robots_primary_cat":"","_seopress_titles_title":"","_seopress_titles_desc":"","_seopress_robots_index":"","iawp_total_views":0},"product_brand":[448],"product_cat":[261,277],"product_tag":[],"class_list":{"0":"post-36058","1":"product","2":"type-product","3":"status-publish","4":"has-post-thumbnail","6":"product_brand-old-spice","7":"product_cat-hrana-i-pice","8":"product_cat-slatkisi-i-grickalice-261","10":"first","11":"outofstock","12":"shipping-taxable","13":"purchasable","14":"product-type-simple"},"_links":{"self":[{"href":"https:\/\/singuli.wpress.me\/index.php\/wp-json\/wp\/v2\/product\/36058","targetHints":{"allow":["GET"]}}],"collection":[{"href":"https:\/\/singuli.wpress.me\/index.php\/wp-json\/wp\/v2\/product"}],"about":[{"href":"https:\/\/singuli.wpress.me\/index.php\/wp-json\/wp\/v2\/types\/product"}],"version-history":[{"count":0,"href":"https:\/\/singuli.wpress.me\/index.php\/wp-json\/wp\/v2\/product\/36058\/revisions"}],"wp:featuredmedia":[{"embeddable":true,"href":"https:\/\/singuli.wpress.me\/index.php\/wp-json\/wp\/v2\/media\/36059"}],"wp:attachment":[{"href":"https:\/\/singuli.wpress.me\/index.php\/wp-json\/wp\/v2\/media?parent=36058"}],"wp:term":[{"taxonomy":"product_brand","embeddable":true,"href":"https:\/\/singuli.wpress.me\/index.php\/wp-json\/wp\/v2\/product_brand?post=36058"},{"taxonomy":"product_cat","embeddable":true,"href":"https:\/\/singuli.wpress.me\/index.php\/wp-json\/wp\/v2\/product_cat?post=36058"},{"taxonomy":"product_tag","embeddable":true,"href":"https:\/\/singuli.wpress.me\/index.php\/wp-json\/wp\/v2\/product_tag?post=36058"}],"curies":[{"name":"wp","href":"https:\/\/api.w.org\/{rel}","templated":true}]}}