{"id":36096,"date":"2026-04-18T01:53:11","date_gmt":"2026-04-18T01:53:11","guid":{"rendered":"https:\/\/singuli.wpress.me\/index.php\/proizvod\/pantene-infinitely-long-poklon-paket-2\/"},"modified":"2026-04-20T12:33:17","modified_gmt":"2026-04-20T12:33:17","slug":"pantene-infinitely-long-poklon-paket-2","status":"publish","type":"product","link":"https:\/\/singuli.wpress.me\/index.php\/proizvod\/pantene-infinitely-long-poklon-paket-2\/","title":{"rendered":"PANTENE Infinitely Long, poklon paket"},"content":{"rendered":"<p>Otkrijte set proizvoda Pantene Infinitely Long, izvrsnog izvora prehrane i za\u0161tite va\u0161e kose. Nje\u017ena formula s PRO-V i inovativnom tehnologijom ACTIVE NUTRI-PLEX \u010disti kosu i pru\u017ea joj potrebne hranjive tvari. Kori\u0161tenje s na\u0161im regeneratorom poma\u017ee oja\u010dati* dugu kosu s o\u0161te\u0107enim vrhovima, daju\u0107i joj zdrav izgled od korijena do vrhova i pru\u017eaju\u0107i meko\u0107u kroz cijelu duljinu. Testirano od strane Swiss Vitamin Institute.<\/p>\n","protected":false},"excerpt":{"rendered":"<p>Snaga za dugu kosu: Set sadr\u017ei \u0161ampon i serum s formulom Pro-V i tehnologijom Active Nutri-Plex, stvorenima za ja\u010danje duge kose od korijena do vrhova<br \/>\nBalzam Miracle ima formulu s 50% vi\u0161e sastojaka za za\u0161titu veza unutar vlasi kose, \u010dine\u0107i je do 100% sna\u017enijom<br \/>\nObnovljeni izgled: Proizvodi hrane kosu za zdrav izgled, vidljivo obnovljene vrhove i dodatnu meko\u0107u, uz u\u010dinkovitost potvr\u0111enu od strane Swiss Vitamin Institute<\/p>\n","protected":false},"featured_media":36097,"template":"","meta":{"_seopress_robots_primary_cat":"","_seopress_titles_title":"","_seopress_titles_desc":"","_seopress_robots_index":"","iawp_total_views":0},"product_brand":[411],"product_cat":[261,277],"product_tag":[],"class_list":{"0":"post-36096","1":"product","2":"type-product","3":"status-publish","4":"has-post-thumbnail","6":"product_brand-pantene","7":"product_cat-hrana-i-pice","8":"product_cat-slatkisi-i-grickalice-261","10":"first","11":"instock","12":"shipping-taxable","13":"purchasable","14":"product-type-simple"},"_links":{"self":[{"href":"https:\/\/singuli.wpress.me\/index.php\/wp-json\/wp\/v2\/product\/36096","targetHints":{"allow":["GET"]}}],"collection":[{"href":"https:\/\/singuli.wpress.me\/index.php\/wp-json\/wp\/v2\/product"}],"about":[{"href":"https:\/\/singuli.wpress.me\/index.php\/wp-json\/wp\/v2\/types\/product"}],"version-history":[{"count":0,"href":"https:\/\/singuli.wpress.me\/index.php\/wp-json\/wp\/v2\/product\/36096\/revisions"}],"wp:featuredmedia":[{"embeddable":true,"href":"https:\/\/singuli.wpress.me\/index.php\/wp-json\/wp\/v2\/media\/36097"}],"wp:attachment":[{"href":"https:\/\/singuli.wpress.me\/index.php\/wp-json\/wp\/v2\/media?parent=36096"}],"wp:term":[{"taxonomy":"product_brand","embeddable":true,"href":"https:\/\/singuli.wpress.me\/index.php\/wp-json\/wp\/v2\/product_brand?post=36096"},{"taxonomy":"product_cat","embeddable":true,"href":"https:\/\/singuli.wpress.me\/index.php\/wp-json\/wp\/v2\/product_cat?post=36096"},{"taxonomy":"product_tag","embeddable":true,"href":"https:\/\/singuli.wpress.me\/index.php\/wp-json\/wp\/v2\/product_tag?post=36096"}],"curies":[{"name":"wp","href":"https:\/\/api.w.org\/{rel}","templated":true}]}}