{"id":36110,"date":"2026-04-18T01:53:19","date_gmt":"2026-04-18T01:53:19","guid":{"rendered":"https:\/\/singuli.wpress.me\/index.php\/proizvod\/gillette-mach3-mach-3-zamjenske-britvice\/"},"modified":"2026-04-20T12:33:17","modified_gmt":"2026-04-20T12:33:17","slug":"gillette-mach3-mach-3-zamjenske-britvice","status":"publish","type":"product","link":"https:\/\/singuli.wpress.me\/index.php\/proizvod\/gillette-mach3-mach-3-zamjenske-britvice\/","title":{"rendered":"GILLETTE Mach3 Mach 3, zamjenske britvice"},"content":{"rendered":"<p>U\u017eivajte u bezvremenskom i iznimno temeljitom brijanju uz zamjenske britvice za brija\u010d Gillette Mach3. Zamjenske britvice Mach3 imaju lubrikantnu trakicu za jo\u0161 lak\u0161e klizanje (u odnosu na Mach3) i 3 o\u0161trice za jednostavno, uredno i temeljito brijanje te ve\u0107u ugodnost. Njihova za\u0161titna mikrokrilca pripremaju va\u0161u ko\u017eu za brijanje i dodatno pobolj\u0161avaju cjelokupno iskustvo.<\/p>\n","protected":false},"excerpt":{"rendered":"<p>Sadr\u017ei 12 zamjenskih britvica s 3 o\u0161trice, dizajniranih za klasi\u010dno glatko brijanje<br \/>\nLubrikantna trakica osigurava glatko klizanje po ko\u017ei, dok za\u0161titna mikrokrilca smanjuju iritaciju<br \/>\nSvaka britvica omogu\u0107uje do 15 brijanja te je kompatibilna sa svim brija\u010dima Gillette Mach3<\/p>\n","protected":false},"featured_media":36111,"template":"","meta":{"_seopress_robots_primary_cat":"","_seopress_titles_title":"","_seopress_titles_desc":"","_seopress_robots_index":"","iawp_total_views":0},"product_brand":[323],"product_cat":[261,277],"product_tag":[],"class_list":{"0":"post-36110","1":"product","2":"type-product","3":"status-publish","4":"has-post-thumbnail","6":"product_brand-gillette","7":"product_cat-hrana-i-pice","8":"product_cat-slatkisi-i-grickalice-261","10":"first","11":"instock","12":"shipping-taxable","13":"purchasable","14":"product-type-simple"},"_links":{"self":[{"href":"https:\/\/singuli.wpress.me\/index.php\/wp-json\/wp\/v2\/product\/36110","targetHints":{"allow":["GET"]}}],"collection":[{"href":"https:\/\/singuli.wpress.me\/index.php\/wp-json\/wp\/v2\/product"}],"about":[{"href":"https:\/\/singuli.wpress.me\/index.php\/wp-json\/wp\/v2\/types\/product"}],"version-history":[{"count":0,"href":"https:\/\/singuli.wpress.me\/index.php\/wp-json\/wp\/v2\/product\/36110\/revisions"}],"wp:featuredmedia":[{"embeddable":true,"href":"https:\/\/singuli.wpress.me\/index.php\/wp-json\/wp\/v2\/media\/36111"}],"wp:attachment":[{"href":"https:\/\/singuli.wpress.me\/index.php\/wp-json\/wp\/v2\/media?parent=36110"}],"wp:term":[{"taxonomy":"product_brand","embeddable":true,"href":"https:\/\/singuli.wpress.me\/index.php\/wp-json\/wp\/v2\/product_brand?post=36110"},{"taxonomy":"product_cat","embeddable":true,"href":"https:\/\/singuli.wpress.me\/index.php\/wp-json\/wp\/v2\/product_cat?post=36110"},{"taxonomy":"product_tag","embeddable":true,"href":"https:\/\/singuli.wpress.me\/index.php\/wp-json\/wp\/v2\/product_tag?post=36110"}],"curies":[{"name":"wp","href":"https:\/\/api.w.org\/{rel}","templated":true}]}}