{"id":36179,"date":"2026-04-18T01:54:00","date_gmt":"2026-04-18T01:54:00","guid":{"rendered":"https:\/\/singuli.wpress.me\/index.php\/proizvod\/gillette-fusion5-fusion5-zamjenske-britvice-12-kom\/"},"modified":"2026-04-20T12:33:17","modified_gmt":"2026-04-20T12:33:17","slug":"gillette-fusion5-fusion5-zamjenske-britvice-12-kom","status":"publish","type":"product","link":"https:\/\/singuli.wpress.me\/index.php\/proizvod\/gillette-fusion5-fusion5-zamjenske-britvice-12-kom\/","title":{"rendered":"GILLETTE Fusion5 Fusion5, zamjenske britvice, 12\u00a0kom"},"content":{"rendered":"<p>Iskusite iznimnu razinu temeljitosti i dugotrajnu ugodnost uz zamjenske britvice za brija\u010d Gillette Fusion5. S 5 o\u0161trih o\u0161trica, ovaj brija\u010d omogu\u0107uje glatko i ugodno brijanje, dok trakica s lubrikantom omogu\u0107uje jo\u0161 lak\u0161e klizanje brija\u010da. Sa svakom zamjenskom britvicom koja omogu\u0107uje do 20 brijanja* dobivate dugotrajnu vrijednost (*na temelju brijanja triput tjedno). Posti\u017ee jo\u0161 bolje rezultate zahvaljuju\u0107i preciznom trimeru osmi\u0161ljenom za te\u0161ko dostupna podru\u010dja, a ima i za\u0161titna mikrokrilca za zagla\u0111ivanje ko\u017ee te mikro\u010de\u0161lji\u0107 za usmjeravanje dla\u010dica.<\/p>\n","protected":false},"excerpt":{"rendered":"<p>Veliko pakiranje: Sadr\u017ei 12 zamjenskih britvica za dugotrajnu zalihu i neprekidno glatko brijanje<br \/>\nSvaka britvica ima 5 o\u0161trih o\u0161trica za temeljito brijanje, kao i precizni trimer za uredno oblikovanje te\u0161ko dostupnih podru\u010dja<br \/>\nLubrikantna trakica osigurava glatko klizanje, a svaka britvica omogu\u0107uje do 20 brijanja te je kompatibilna sa svim brija\u010dima Gillette Fusion, ProGlide i ProShield<\/p>\n","protected":false},"featured_media":36180,"template":"","meta":{"_seopress_robots_primary_cat":"","_seopress_titles_title":"","_seopress_titles_desc":"","_seopress_robots_index":"","iawp_total_views":0},"product_brand":[323],"product_cat":[261,277],"product_tag":[],"class_list":{"0":"post-36179","1":"product","2":"type-product","3":"status-publish","4":"has-post-thumbnail","6":"product_brand-gillette","7":"product_cat-hrana-i-pice","8":"product_cat-slatkisi-i-grickalice-261","10":"first","11":"instock","12":"shipping-taxable","13":"purchasable","14":"product-type-simple"},"_links":{"self":[{"href":"https:\/\/singuli.wpress.me\/index.php\/wp-json\/wp\/v2\/product\/36179","targetHints":{"allow":["GET"]}}],"collection":[{"href":"https:\/\/singuli.wpress.me\/index.php\/wp-json\/wp\/v2\/product"}],"about":[{"href":"https:\/\/singuli.wpress.me\/index.php\/wp-json\/wp\/v2\/types\/product"}],"version-history":[{"count":0,"href":"https:\/\/singuli.wpress.me\/index.php\/wp-json\/wp\/v2\/product\/36179\/revisions"}],"wp:featuredmedia":[{"embeddable":true,"href":"https:\/\/singuli.wpress.me\/index.php\/wp-json\/wp\/v2\/media\/36180"}],"wp:attachment":[{"href":"https:\/\/singuli.wpress.me\/index.php\/wp-json\/wp\/v2\/media?parent=36179"}],"wp:term":[{"taxonomy":"product_brand","embeddable":true,"href":"https:\/\/singuli.wpress.me\/index.php\/wp-json\/wp\/v2\/product_brand?post=36179"},{"taxonomy":"product_cat","embeddable":true,"href":"https:\/\/singuli.wpress.me\/index.php\/wp-json\/wp\/v2\/product_cat?post=36179"},{"taxonomy":"product_tag","embeddable":true,"href":"https:\/\/singuli.wpress.me\/index.php\/wp-json\/wp\/v2\/product_tag?post=36179"}],"curies":[{"name":"wp","href":"https:\/\/api.w.org\/{rel}","templated":true}]}}