{"id":36228,"date":"2026-04-18T01:54:14","date_gmt":"2026-04-18T01:54:14","guid":{"rendered":"https:\/\/singuli.wpress.me\/index.php\/proizvod\/glade-warm-apple-pie-mirisni-stapici-50-ml\/"},"modified":"2026-04-20T12:33:17","modified_gmt":"2026-04-20T12:33:17","slug":"glade-warm-apple-pie-mirisni-stapici-50-ml","status":"publish","type":"product","link":"https:\/\/singuli.wpress.me\/index.php\/proizvod\/glade-warm-apple-pie-mirisni-stapici-50-ml\/","title":{"rendered":"GLADE Warm Apple Pie, mirisni \u0161tapi\u0107i, 50\u00a0ml"},"content":{"rendered":"<p>\n    Glade\u00ae Reed Diffuser \u2013 Warm Apple Pie\u2122 mirisni \u0161tapi\u0107i (Limitirana zimska kolekcija)<\/p>\n<p>\n    Unesite toplinu doma\u0107e kuhinje u svoj prostor s Glade\u00ae mirisnim \u0161tapi\u0107ima Warm Apple Pie\u2122 iz limitirane zimske kolekcije. Ovi elegantni i diskretni mirisni \u0161tapi\u0107i nude dugotrajnu mirisnu formulu koja ispunjava prostor, stvaraju\u0107i ugodnu blagdansku atmosferu punu udobnosti i opu\u0161tanja.<\/p>\n<p>\n    Mirisne note tople pite od jabuka sastoje se od slatkih nota jabuke i cimeta, a miris je oboga\u0107en esencijalnim uljima koja se nje\u017eno i efektivno osloba\u0111aju putem dekorativnih \u0161tapi\u0107a.<\/p>\n<p>\n    Glade\u00ae Reed Diffuser je jednostavno, diskretno i efektno rje\u0161enje koje donosi eleganciju i prakti\u010dnost u va\u0161 dom.<\/p>\n<p>Upute za upotrebu:<\/p>\n<p>    Jednostavno uklonite \u010dep bo\u010dice, umetnite mirisne \u0161tapi\u0107e u bo\u010dicu i razdvojite ih.<br \/>\n    Dr\u017eite bo\u010dicu uspravno i na ravnoj povr\u0161ini.<br \/>\n    U slu\u010daju prolijevanja, odmah obri\u0161ite povr\u0161inu.<\/p>\n","protected":false},"excerpt":{"rendered":"<p>Miris Warm Apple Pie (jabuka i cimet) oboga\u0107en esencijalnim uljima<br \/>\nElegantna i prakti\u010dna formula koja dugotrajno ispunjava prostor mirisom<br \/>\nLimitirana zimska kolekcija za stvaranje blagdanske atmosfere<\/p>\n","protected":false},"featured_media":36229,"template":"","meta":{"_seopress_robots_primary_cat":"","_seopress_titles_title":"","_seopress_titles_desc":"","_seopress_robots_index":"","iawp_total_views":0},"product_brand":[405],"product_cat":[294,238],"product_tag":[],"class_list":{"0":"post-36228","1":"product","2":"type-product","3":"status-publish","4":"has-post-thumbnail","6":"product_brand-glade","7":"product_cat-osvjezivaci-zraka-238","8":"product_cat-sve-za-dom","10":"first","11":"outofstock","12":"shipping-taxable","13":"purchasable","14":"product-type-simple"},"_links":{"self":[{"href":"https:\/\/singuli.wpress.me\/index.php\/wp-json\/wp\/v2\/product\/36228","targetHints":{"allow":["GET"]}}],"collection":[{"href":"https:\/\/singuli.wpress.me\/index.php\/wp-json\/wp\/v2\/product"}],"about":[{"href":"https:\/\/singuli.wpress.me\/index.php\/wp-json\/wp\/v2\/types\/product"}],"version-history":[{"count":0,"href":"https:\/\/singuli.wpress.me\/index.php\/wp-json\/wp\/v2\/product\/36228\/revisions"}],"wp:featuredmedia":[{"embeddable":true,"href":"https:\/\/singuli.wpress.me\/index.php\/wp-json\/wp\/v2\/media\/36229"}],"wp:attachment":[{"href":"https:\/\/singuli.wpress.me\/index.php\/wp-json\/wp\/v2\/media?parent=36228"}],"wp:term":[{"taxonomy":"product_brand","embeddable":true,"href":"https:\/\/singuli.wpress.me\/index.php\/wp-json\/wp\/v2\/product_brand?post=36228"},{"taxonomy":"product_cat","embeddable":true,"href":"https:\/\/singuli.wpress.me\/index.php\/wp-json\/wp\/v2\/product_cat?post=36228"},{"taxonomy":"product_tag","embeddable":true,"href":"https:\/\/singuli.wpress.me\/index.php\/wp-json\/wp\/v2\/product_tag?post=36228"}],"curies":[{"name":"wp","href":"https:\/\/api.w.org\/{rel}","templated":true}]}}