{"id":36237,"date":"2026-04-18T01:54:18","date_gmt":"2026-04-18T01:54:18","guid":{"rendered":"https:\/\/singuli.wpress.me\/index.php\/proizvod\/piratix-zlatno-blago-figura\/"},"modified":"2026-04-20T12:33:17","modified_gmt":"2026-04-20T12:33:17","slug":"piratix-zlatno-blago-figura","status":"publish","type":"product","link":"https:\/\/singuli.wpress.me\/index.php\/proizvod\/piratix-zlatno-blago-figura\/","title":{"rendered":"PIRATIX Zlatno blago, figura"},"content":{"rendered":"<p>Pripremi se za **najlu\u0111u pustolovinu** na otvorenom moru s neustra\u0161ivom ekipom **Piratixa**! Upoznaj najopasniju, ali i najsmje\u0161niju gusarsku posadu koja je ikad zaplovila sedam mora.<\/p>\n<p>Sakupi **vi\u0161e od 60 jedinstvenih figurica** i upusti se u potragu za izgubljenim blagom na tajanstvenom Otoku Morskog Psa! Me\u0111u figuricama kriju se **zlatni kapetani** i legendarni **Zlatnobradi** \u2013 najrje\u0111i gusar od svih, koji dolazi s **pravim zlatnim nov\u010di\u0107em** s posebnim metalik efektom!<\/p>\n<p>Svaki Piratix dolazi s **vlastitim zamjenjivim dodatkom** (ma\u010d, koplje, malj), koje mo\u017ee\u0161 kombinirati i razmjenjivati me\u0111u cijelom posadom kako god po\u017eeli\u0161. Zapo\u010dni svoju kolekciju i poka\u017ei tko je najve\u0107i sakuplja\u010d blaga!<\/p>\n<p><strong>Pakiranje sadr\u017ei:<\/strong> 1 Piratix figuricu i 1 dodatak (oru\u017eje ili alat).<\/p>\n","protected":false},"excerpt":{"rendered":"<p>Za skupljanje je dostupno vi\u0161e od 60 jedinstvenih figurica<br \/>\nOru\u017eja i alati mogu se me\u0111usobno kombinirati i razmjenjivati<br \/>\nU potrazi su Zlatni Kapetani i najrje\u0111i Zlatnobradi s posebnim zlatnim nov\u010di\u0107em<\/p>\n","protected":false},"featured_media":36238,"template":"","meta":{"_seopress_robots_primary_cat":"","_seopress_titles_title":"","_seopress_titles_desc":"","_seopress_robots_index":"","iawp_total_views":0},"product_brand":[780],"product_cat":[221,263],"product_tag":[],"class_list":{"0":"post-36237","1":"product","2":"type-product","3":"status-publish","4":"has-post-thumbnail","6":"product_brand-piratix","7":"product_cat-igracke","8":"product_cat-tematske-igracke-221","10":"first","11":"instock","12":"shipping-taxable","13":"purchasable","14":"product-type-simple"},"_links":{"self":[{"href":"https:\/\/singuli.wpress.me\/index.php\/wp-json\/wp\/v2\/product\/36237","targetHints":{"allow":["GET"]}}],"collection":[{"href":"https:\/\/singuli.wpress.me\/index.php\/wp-json\/wp\/v2\/product"}],"about":[{"href":"https:\/\/singuli.wpress.me\/index.php\/wp-json\/wp\/v2\/types\/product"}],"version-history":[{"count":0,"href":"https:\/\/singuli.wpress.me\/index.php\/wp-json\/wp\/v2\/product\/36237\/revisions"}],"wp:featuredmedia":[{"embeddable":true,"href":"https:\/\/singuli.wpress.me\/index.php\/wp-json\/wp\/v2\/media\/36238"}],"wp:attachment":[{"href":"https:\/\/singuli.wpress.me\/index.php\/wp-json\/wp\/v2\/media?parent=36237"}],"wp:term":[{"taxonomy":"product_brand","embeddable":true,"href":"https:\/\/singuli.wpress.me\/index.php\/wp-json\/wp\/v2\/product_brand?post=36237"},{"taxonomy":"product_cat","embeddable":true,"href":"https:\/\/singuli.wpress.me\/index.php\/wp-json\/wp\/v2\/product_cat?post=36237"},{"taxonomy":"product_tag","embeddable":true,"href":"https:\/\/singuli.wpress.me\/index.php\/wp-json\/wp\/v2\/product_tag?post=36237"}],"curies":[{"name":"wp","href":"https:\/\/api.w.org\/{rel}","templated":true}]}}