{"id":36295,"date":"2026-04-18T01:54:47","date_gmt":"2026-04-18T01:54:47","guid":{"rendered":"https:\/\/singuli.wpress.me\/index.php\/proizvod\/red-bull-winter-edition-energetski-napitak-24x0-25-l\/"},"modified":"2026-04-20T12:33:17","modified_gmt":"2026-04-20T12:33:17","slug":"red-bull-winter-edition-energetski-napitak-24x0-25-l","status":"publish","type":"product","link":"https:\/\/singuli.wpress.me\/index.php\/proizvod\/red-bull-winter-edition-energetski-napitak-24x0-25-l\/","title":{"rendered":"RED BULL Winter Edition, energetski napitak, 24&#215;0.25, \u00a0l"},"content":{"rendered":"<p><span style=\"font-weight: bold\">Red Bull Winter Edition s okusom Fuji jabuke i \u0111umbira<\/span><br \/>\nPripremite se za zimsku \u010daroliju okusa s Red Bull Winter Edition energetskim napitkom! U\u017eivajte u savr\u0161enom spoju osvje\u017eavaju\u0107e i slatke Fuji jabuke te lagane, pikantne note \u0111umbira. <\/p>\n<p>Ovo jedinstveno izdanje pru\u017ea vam dobro poznata &#8220;krila&#8221; s poticajnim i toplim okusom koji savr\u0161eno odgovara hladnijim danima. Idealan je za sve trenutke kada vam je potrebna dodatna energija.<\/p>\n","protected":false},"excerpt":{"rendered":"<p>Osvje\u017eavaju\u0107i spoj Fuji jabuke i blage pikantnosti \u0111umbira<br \/>\nSadr\u017ei kofein i vitamine B skupine (niacin, vitamin B6) koji poma\u017eu u smanjenju umora i iscrpljenosti<br \/>\nPosebno osmi\u0161ljen okus dostupan je samo tijekom zimskih mjeseci<\/p>\n","protected":false},"featured_media":36296,"template":"","meta":{"_seopress_robots_primary_cat":"","_seopress_titles_title":"","_seopress_titles_desc":"","_seopress_robots_index":"","iawp_total_views":0},"product_brand":[472],"product_cat":[261,262],"product_tag":[],"class_list":{"0":"post-36295","1":"product","2":"type-product","3":"status-publish","4":"has-post-thumbnail","6":"product_brand-red-bull","7":"product_cat-hrana-i-pice","8":"product_cat-sokovi-i-napitci-261","10":"first","11":"outofstock","12":"shipping-taxable","13":"purchasable","14":"product-type-simple"},"_links":{"self":[{"href":"https:\/\/singuli.wpress.me\/index.php\/wp-json\/wp\/v2\/product\/36295","targetHints":{"allow":["GET"]}}],"collection":[{"href":"https:\/\/singuli.wpress.me\/index.php\/wp-json\/wp\/v2\/product"}],"about":[{"href":"https:\/\/singuli.wpress.me\/index.php\/wp-json\/wp\/v2\/types\/product"}],"version-history":[{"count":0,"href":"https:\/\/singuli.wpress.me\/index.php\/wp-json\/wp\/v2\/product\/36295\/revisions"}],"wp:featuredmedia":[{"embeddable":true,"href":"https:\/\/singuli.wpress.me\/index.php\/wp-json\/wp\/v2\/media\/36296"}],"wp:attachment":[{"href":"https:\/\/singuli.wpress.me\/index.php\/wp-json\/wp\/v2\/media?parent=36295"}],"wp:term":[{"taxonomy":"product_brand","embeddable":true,"href":"https:\/\/singuli.wpress.me\/index.php\/wp-json\/wp\/v2\/product_brand?post=36295"},{"taxonomy":"product_cat","embeddable":true,"href":"https:\/\/singuli.wpress.me\/index.php\/wp-json\/wp\/v2\/product_cat?post=36295"},{"taxonomy":"product_tag","embeddable":true,"href":"https:\/\/singuli.wpress.me\/index.php\/wp-json\/wp\/v2\/product_tag?post=36295"}],"curies":[{"name":"wp","href":"https:\/\/api.w.org\/{rel}","templated":true}]}}