{"id":36320,"date":"2026-04-18T01:54:58","date_gmt":"2026-04-18T01:54:58","guid":{"rendered":"https:\/\/singuli.wpress.me\/index.php\/proizvod\/barbie-kolekcionarska-lutka\/"},"modified":"2026-04-20T12:33:18","modified_gmt":"2026-04-20T12:33:18","slug":"barbie-kolekcionarska-lutka","status":"publish","type":"product","link":"https:\/\/singuli.wpress.me\/index.php\/proizvod\/barbie-kolekcionarska-lutka\/","title":{"rendered":"BARBIE kolekcionarska, lutka"},"content":{"rendered":"<p>\n    Kolekcionarska Barbie lutka \u2013 Proslava 80. obljetnice Mattela<\/p>\n<p>\n    Barbie obilje\u017eava 80. obljetnicu Mattela kolekcionarskom lutkom sve\u010danog izgleda!<\/p>\n<p>\n    Lutka Barbie odaje po\u010dast dugoj tradiciji igre u rubin-crvenoj haljini za zabavu s prekrasnim detaljima, uklju\u010duju\u0107i sve\u010danu ma\u0161nu i gornji dio s dizajnom inspiriranim kultnim logotipom Mattela.<\/p>\n<p>\n    Njezin elegantni izgled upotpunjuju srebrne sandale s potpeticom i odgovaraju\u0107a ogrlica. Savr\u0161eni dodatak svakoj kolekciji!<\/p>\n","protected":false},"excerpt":{"rendered":"<p>Posebna kolekcija: Obilje\u017eava 80. obljetnicu Mattela<br \/>\nSve\u010dani izgled: Rubin-crvena haljina inspirirana logotipom Mattela<br \/>\nElegantni dodaci: Srebrne sandale s potpeticom i odgovaraju\u0107a ogrlica<\/p>\n","protected":false},"featured_media":36321,"template":"","meta":{"_seopress_robots_primary_cat":"","_seopress_titles_title":"","_seopress_titles_desc":"","_seopress_robots_index":"","iawp_total_views":0},"product_brand":[324],"product_cat":[221,291],"product_tag":[],"class_list":{"0":"post-36320","1":"product","2":"type-product","3":"status-publish","4":"has-post-thumbnail","6":"product_brand-barbie","7":"product_cat-igracke","8":"product_cat-igracke-za-djecu-221","10":"first","11":"instock","12":"shipping-taxable","13":"purchasable","14":"product-type-simple"},"_links":{"self":[{"href":"https:\/\/singuli.wpress.me\/index.php\/wp-json\/wp\/v2\/product\/36320","targetHints":{"allow":["GET"]}}],"collection":[{"href":"https:\/\/singuli.wpress.me\/index.php\/wp-json\/wp\/v2\/product"}],"about":[{"href":"https:\/\/singuli.wpress.me\/index.php\/wp-json\/wp\/v2\/types\/product"}],"version-history":[{"count":0,"href":"https:\/\/singuli.wpress.me\/index.php\/wp-json\/wp\/v2\/product\/36320\/revisions"}],"wp:featuredmedia":[{"embeddable":true,"href":"https:\/\/singuli.wpress.me\/index.php\/wp-json\/wp\/v2\/media\/36321"}],"wp:attachment":[{"href":"https:\/\/singuli.wpress.me\/index.php\/wp-json\/wp\/v2\/media?parent=36320"}],"wp:term":[{"taxonomy":"product_brand","embeddable":true,"href":"https:\/\/singuli.wpress.me\/index.php\/wp-json\/wp\/v2\/product_brand?post=36320"},{"taxonomy":"product_cat","embeddable":true,"href":"https:\/\/singuli.wpress.me\/index.php\/wp-json\/wp\/v2\/product_cat?post=36320"},{"taxonomy":"product_tag","embeddable":true,"href":"https:\/\/singuli.wpress.me\/index.php\/wp-json\/wp\/v2\/product_tag?post=36320"}],"curies":[{"name":"wp","href":"https:\/\/api.w.org\/{rel}","templated":true}]}}