{"id":36362,"date":"2026-04-18T01:55:18","date_gmt":"2026-04-18T01:55:18","guid":{"rendered":"https:\/\/singuli.wpress.me\/index.php\/proizvod\/make-it-real-heishi-set-za-izradu-narukvica-igracka\/"},"modified":"2026-04-20T12:33:18","modified_gmt":"2026-04-20T12:33:18","slug":"make-it-real-heishi-set-za-izradu-narukvica-igracka","status":"publish","type":"product","link":"https:\/\/singuli.wpress.me\/index.php\/proizvod\/make-it-real-heishi-set-za-izradu-narukvica-igracka\/","title":{"rendered":"MAKE IT REAL Heishi set za izradu narukvica, igra\u010dka"},"content":{"rendered":"<p>Zaboravite na mukotrpno nizanje perlica! Uz **Swift Clicks\u2122 Heishi set**, izrada narukvica postaje **brza, jednostavna i super zabavna** zahvaljuju\u0107i inovativnom dizajnu.<\/p>\n<p>Ovaj revolucionarni set koristi **karusel s 16 boja** heishi perlica. Jednostavnim **okretanjem birate boju**, a zatim **klikom nanizate perlicu** na vrpcu \u2013 sve bez imalo muke i nereda!<\/p>\n<p>Klikajte dalje za dugu narukvicu ili promijenite boju za jedinstveni uzorak. Ovaj set omogu\u0107uje izradu **\u010dak 23 narukvice**!<\/p>\n<p>Karusel slu\u017ei i kao **prakti\u010dan toranj za pohranu**. Set uklju\u010duje i lijevak za punjenje te dodatni prostor za spremanje perlica u sredi\u0161tu, \u010dine\u0107i organizaciju jednostavnom.<\/p>\n","protected":false},"excerpt":{"rendered":"<p>Izrada narukvica je br\u017ea i lak\u0161a pomo\u0107u karusela<br \/>\nKarusel uklju\u010duje 16 razli\u010ditih boja heishi perlica<br \/>\nMogu\u0107e je izraditi do 23 narukvice iz jednog seta<\/p>\n","protected":false},"featured_media":36363,"template":"","meta":{"_seopress_robots_primary_cat":"","_seopress_titles_title":"","_seopress_titles_desc":"","_seopress_robots_index":"","iawp_total_views":0},"product_brand":[441],"product_cat":[221,291],"product_tag":[],"class_list":{"0":"post-36362","1":"product","2":"type-product","3":"status-publish","4":"has-post-thumbnail","6":"product_brand-make-it-real","7":"product_cat-igracke","8":"product_cat-igracke-za-djecu-221","10":"first","11":"instock","12":"shipping-taxable","13":"purchasable","14":"product-type-simple"},"_links":{"self":[{"href":"https:\/\/singuli.wpress.me\/index.php\/wp-json\/wp\/v2\/product\/36362","targetHints":{"allow":["GET"]}}],"collection":[{"href":"https:\/\/singuli.wpress.me\/index.php\/wp-json\/wp\/v2\/product"}],"about":[{"href":"https:\/\/singuli.wpress.me\/index.php\/wp-json\/wp\/v2\/types\/product"}],"version-history":[{"count":0,"href":"https:\/\/singuli.wpress.me\/index.php\/wp-json\/wp\/v2\/product\/36362\/revisions"}],"wp:featuredmedia":[{"embeddable":true,"href":"https:\/\/singuli.wpress.me\/index.php\/wp-json\/wp\/v2\/media\/36363"}],"wp:attachment":[{"href":"https:\/\/singuli.wpress.me\/index.php\/wp-json\/wp\/v2\/media?parent=36362"}],"wp:term":[{"taxonomy":"product_brand","embeddable":true,"href":"https:\/\/singuli.wpress.me\/index.php\/wp-json\/wp\/v2\/product_brand?post=36362"},{"taxonomy":"product_cat","embeddable":true,"href":"https:\/\/singuli.wpress.me\/index.php\/wp-json\/wp\/v2\/product_cat?post=36362"},{"taxonomy":"product_tag","embeddable":true,"href":"https:\/\/singuli.wpress.me\/index.php\/wp-json\/wp\/v2\/product_tag?post=36362"}],"curies":[{"name":"wp","href":"https:\/\/api.w.org\/{rel}","templated":true}]}}