{"id":36380,"date":"2026-04-18T01:55:26","date_gmt":"2026-04-18T01:55:26","guid":{"rendered":"https:\/\/singuli.wpress.me\/index.php\/proizvod\/disney-stitch-kreativni-set-ruksak\/"},"modified":"2026-04-20T12:33:18","modified_gmt":"2026-04-20T12:33:18","slug":"disney-stitch-kreativni-set-ruksak","status":"publish","type":"product","link":"https:\/\/singuli.wpress.me\/index.php\/proizvod\/disney-stitch-kreativni-set-ruksak\/","title":{"rendered":"DISNEY STITCH Kreativni set, ruksak"},"content":{"rendered":"<p>Neka kreativnost bude uvijek uz tebe! Uz ovaj **prakti\u010dni set za crtanje i bojanje**, sada u fantasti\u010dnom **formatu ruksaka**, mo\u0107i \u0107e\u0161 stvarati gdje god po\u017eeli\u0161.<\/p>\n<p>Ovaj **originalni ruksak** nije samo modni dodatak, ve\u0107 i tvoja pokretna umjetni\u010dka radionica. Idealan je za **\u0161kolu, izlete ili svakodnevne avanture**, omogu\u0107uju\u0107i ti da nacrta\u0161 i oboji\u0161 svoje omiljene likove kad god te inspiracija uhvati.<\/p>\n<p>Sve \u0161to ti treba za stvaranje je unutra \u2013 samo otvori ruksak i kreni s radom. Ponesi svoju ma\u0161tu svuda sa sobom!<\/p>\n","protected":false},"excerpt":{"rendered":"<p>Sadr\u017eaj za crtanje i bojanje u prakti\u010dnom ruksaku<br \/>\nPogodan za \u0161kolu, putovanja i svakodnevno no\u0161enje<br \/>\nOmogu\u0107uje djeci da crtaju i boje svoje omiljene likove<\/p>\n","protected":false},"featured_media":36381,"template":"","meta":{"_seopress_robots_primary_cat":"","_seopress_titles_title":"","_seopress_titles_desc":"","_seopress_robots_index":"","iawp_total_views":0},"product_brand":[531],"product_cat":[221,291],"product_tag":[],"class_list":{"0":"post-36380","1":"product","2":"type-product","3":"status-publish","4":"has-post-thumbnail","6":"product_brand-disney-stitch","7":"product_cat-igracke","8":"product_cat-igracke-za-djecu-221","10":"first","11":"instock","12":"shipping-taxable","13":"purchasable","14":"product-type-simple"},"_links":{"self":[{"href":"https:\/\/singuli.wpress.me\/index.php\/wp-json\/wp\/v2\/product\/36380","targetHints":{"allow":["GET"]}}],"collection":[{"href":"https:\/\/singuli.wpress.me\/index.php\/wp-json\/wp\/v2\/product"}],"about":[{"href":"https:\/\/singuli.wpress.me\/index.php\/wp-json\/wp\/v2\/types\/product"}],"version-history":[{"count":0,"href":"https:\/\/singuli.wpress.me\/index.php\/wp-json\/wp\/v2\/product\/36380\/revisions"}],"wp:featuredmedia":[{"embeddable":true,"href":"https:\/\/singuli.wpress.me\/index.php\/wp-json\/wp\/v2\/media\/36381"}],"wp:attachment":[{"href":"https:\/\/singuli.wpress.me\/index.php\/wp-json\/wp\/v2\/media?parent=36380"}],"wp:term":[{"taxonomy":"product_brand","embeddable":true,"href":"https:\/\/singuli.wpress.me\/index.php\/wp-json\/wp\/v2\/product_brand?post=36380"},{"taxonomy":"product_cat","embeddable":true,"href":"https:\/\/singuli.wpress.me\/index.php\/wp-json\/wp\/v2\/product_cat?post=36380"},{"taxonomy":"product_tag","embeddable":true,"href":"https:\/\/singuli.wpress.me\/index.php\/wp-json\/wp\/v2\/product_tag?post=36380"}],"curies":[{"name":"wp","href":"https:\/\/api.w.org\/{rel}","templated":true}]}}