{"id":36397,"date":"2026-04-18T01:55:35","date_gmt":"2026-04-18T01:55:35","guid":{"rendered":"https:\/\/singuli.wpress.me\/index.php\/proizvod\/lavazza-a-modo-mio-jolie-evo-aparat-za-kavu-bijeli\/"},"modified":"2026-04-20T12:33:18","modified_gmt":"2026-04-20T12:33:18","slug":"lavazza-a-modo-mio-jolie-evo-aparat-za-kavu-bijeli","status":"publish","type":"product","link":"https:\/\/singuli.wpress.me\/index.php\/proizvod\/lavazza-a-modo-mio-jolie-evo-aparat-za-kavu-bijeli\/","title":{"rendered":"LAVAZZA A Modo Mio Jolie Evo, aparat za kavu, bijeli"},"content":{"rendered":"<p>Jolie Evo: Kava po va\u0161oj mjeri, s ekolo\u0161kim potpisom<\/p>\n<p>U\u017eivajte u savr\u0161enoj kavi, bez kompromisa po pitanju stila i odr\u017eivosti. Aparat za espresso Jolie Evo donosi minimalisti\u010dki dizajn koji se lako uklapa u svaki kutak va\u0161eg doma, od kuhinjskog pulta do radnog stola. Njegova kompaktna veli\u010dina i elegantne linije savr\u0161eno su rje\u0161enje za one koji \u017eele kvalitetu i prakti\u010dnost bez zauzimanja puno prostora.<\/p>\n<p>Jolie Evo stavlja vas u potpunu kontrolu nad va\u0161im napitkom. Zahvaljuju\u0107i intuitivnom Stop&amp;Go gumbu, jednim pritiskom zapo\u010dinjete, a drugim zaustavljate ekstrakciju, omogu\u0107uju\u0107i vam da sami odredite duljinu i intenzitet svoje kave. Bilo da se radi o brzom, sna\u017enom espressu ili velikoj, blagoj \u0161alici, Jolie Evo se prilago\u0111ava va\u0161im \u017eeljama. Uklonjivi dr\u017ea\u010d \u0161alica dodatno doprinosi fleksibilnosti, savr\u0161eno pristaju\u0107i kako malim espresso \u0161alicama, tako i ve\u0107im \u0161alicama za kavu.<\/p>\n<p>Ovaj aparat je dizajniran s ciljem odr\u017eivosti. Djelomi\u010dno je izra\u0111en od reciklirane plastike (do 36%), a njegovo pakiranje je u potpunosti prilago\u0111eno recikla\u017ei. Uz to, napredna funkcija automatskog ga\u0161enja isklju\u010duje aparat nakon samo dvije minute neaktivnosti, \u010dime zna\u010dajno smanjuje potro\u0161nju energije i doprinosi o\u010duvanju okoli\u0161a. Jolie Evo osigurava u\u017eivanje u svakom gutljaju, uz brigu za planet.<\/p>\n","protected":false},"excerpt":{"rendered":"<p>Izra\u0111en od reciklirane plastike (do 36%) s naprednom funkcijom automatskog ga\u0161enja za u\u0161tedu energije<br \/>\nElegantan, minimalisti\u010dki dizajn savr\u0161eno se uklapa u svaki prostor, uz iznimno tih rad<br \/>\nStop&amp;Go gumb i prilagodljiv dr\u017ea\u010d \u0161alica omogu\u0107uju potpunu kontrolu nad duljinom i intenzitetom napitka<\/p>\n","protected":false},"featured_media":36398,"template":"","meta":{"_seopress_robots_primary_cat":"","_seopress_titles_title":"","_seopress_titles_desc":"","_seopress_robots_index":"","iawp_total_views":0},"product_brand":[393],"product_cat":[266,265,160],"product_tag":[],"class_list":{"0":"post-36397","1":"product","2":"type-product","3":"status-publish","4":"has-post-thumbnail","6":"product_brand-lavazza","7":"product_cat-aparati-za-kuhanje-265","8":"product_cat-kuhinjski-aparati-160","9":"product_cat-mali-kucanski-aparati","11":"first","12":"instock","13":"shipping-taxable","14":"purchasable","15":"product-type-simple"},"_links":{"self":[{"href":"https:\/\/singuli.wpress.me\/index.php\/wp-json\/wp\/v2\/product\/36397","targetHints":{"allow":["GET"]}}],"collection":[{"href":"https:\/\/singuli.wpress.me\/index.php\/wp-json\/wp\/v2\/product"}],"about":[{"href":"https:\/\/singuli.wpress.me\/index.php\/wp-json\/wp\/v2\/types\/product"}],"version-history":[{"count":0,"href":"https:\/\/singuli.wpress.me\/index.php\/wp-json\/wp\/v2\/product\/36397\/revisions"}],"wp:featuredmedia":[{"embeddable":true,"href":"https:\/\/singuli.wpress.me\/index.php\/wp-json\/wp\/v2\/media\/36398"}],"wp:attachment":[{"href":"https:\/\/singuli.wpress.me\/index.php\/wp-json\/wp\/v2\/media?parent=36397"}],"wp:term":[{"taxonomy":"product_brand","embeddable":true,"href":"https:\/\/singuli.wpress.me\/index.php\/wp-json\/wp\/v2\/product_brand?post=36397"},{"taxonomy":"product_cat","embeddable":true,"href":"https:\/\/singuli.wpress.me\/index.php\/wp-json\/wp\/v2\/product_cat?post=36397"},{"taxonomy":"product_tag","embeddable":true,"href":"https:\/\/singuli.wpress.me\/index.php\/wp-json\/wp\/v2\/product_tag?post=36397"}],"curies":[{"name":"wp","href":"https:\/\/api.w.org\/{rel}","templated":true}]}}