{"id":36441,"date":"2026-04-18T01:56:00","date_gmt":"2026-04-18T01:56:00","guid":{"rendered":"https:\/\/singuli.wpress.me\/index.php\/proizvod\/braun-9675cc-sivi-brijaci-aparat-sivi\/"},"modified":"2026-04-20T12:33:18","modified_gmt":"2026-04-20T12:33:18","slug":"braun-9675cc-sivi-brijaci-aparat-sivi","status":"publish","type":"product","link":"https:\/\/singuli.wpress.me\/index.php\/proizvod\/braun-9675cc-sivi-brijaci-aparat-sivi\/","title":{"rendered":"BRAUN 9675cc SIVI, brija\u0107i aparat, sivi"},"content":{"rendered":"<p>\n    Braun Series 9 PRO+ 9675cc elektri\u010dni brija\u0107i aparat 5+1 s jedinicom 6u1 SmartCare i putnim etuijem-punja\u010dem (grafitno sivi)<\/p>\n<p>\n    Brija\u0107i aparat Braun Series 9 PRO+ dizajniran je za mu\u0161karce koji \u017eele savr\u0161enu glatko\u0107u i izuzetnu za\u0161titu ko\u017ee. Braunov najbolji elektri\u010dni brija\u0107i aparat opremljen je sa 5+1 savr\u0161eno sinkroniziranih brija\u0107ih elemenata za nje\u017eno podrezivanje najzahtjevnijih brada u svakom potezu.<\/p>\n<p>\n    O\u0161trice su ultra tanke i precizne, a sustav uklju\u010duje: o\u0161tricu Direct&amp;Cut, ProTrimmer, mre\u017eicu OptiFoil, \u0161titnik SkinGuard i o\u0161tricu ProLift presvu\u010denu titanijem.<\/p>\n<p>\n    Maksimalna u\u010dinkovitost osigurana je tehnologijom Pro SensoAdapt, koja brzinom od 300 puta u sekundi analizira gusto\u0107u brade i automatski prilago\u0111ava snagu brijanja.<\/p>\n<p>\n    Jedinica 6u1 SmartCare Center s automatskim odabirom programa \u010disti, su\u0161i, puni i odr\u017eava performanse aparata, produ\u017euju\u0107i vijek trajanja o\u0161trica. Aparat je 100% vodootporan, prikladan za mokro i suho brijanje, i proizveden je u Njema\u010dkoj. Dolazi s prakti\u010dnim putnim etuijem-punja\u010dem i 60-minutnom litij-ionskom baterijom.<\/p>\n","protected":false},"excerpt":{"rendered":"<p>Uklju\u010dena jedinica 6u1 SmartCare Center i putni etui-punja\u010d za potpunu njegu i mobilnost<br \/>\nMaksimalna u\u010dinkovitost uz 5+1 element i Pro SensoAdapt tehnologiju<br \/>\nSavr\u0161ena glatko\u0107a i izuzetno nje\u017eno brijanje zahvaljuju\u0107i titanijskoj o\u0161trici ProLift<\/p>\n","protected":false},"featured_media":36442,"template":"","meta":{"_seopress_robots_primary_cat":"","_seopress_titles_title":"","_seopress_titles_desc":"","_seopress_robots_index":"","iawp_total_views":0},"product_brand":[144],"product_cat":[280,192,279],"product_tag":[],"class_list":{"0":"post-36441","1":"product","2":"type-product","3":"status-publish","4":"has-post-thumbnail","6":"product_brand-braun","7":"product_cat-aparati-za-muskarce-279","8":"product_cat-aparati-za-osobnu-njegu","9":"product_cat-brijanje-i-sisanje-192","11":"first","12":"instock","13":"shipping-taxable","14":"purchasable","15":"product-type-simple"},"_links":{"self":[{"href":"https:\/\/singuli.wpress.me\/index.php\/wp-json\/wp\/v2\/product\/36441","targetHints":{"allow":["GET"]}}],"collection":[{"href":"https:\/\/singuli.wpress.me\/index.php\/wp-json\/wp\/v2\/product"}],"about":[{"href":"https:\/\/singuli.wpress.me\/index.php\/wp-json\/wp\/v2\/types\/product"}],"version-history":[{"count":0,"href":"https:\/\/singuli.wpress.me\/index.php\/wp-json\/wp\/v2\/product\/36441\/revisions"}],"wp:featuredmedia":[{"embeddable":true,"href":"https:\/\/singuli.wpress.me\/index.php\/wp-json\/wp\/v2\/media\/36442"}],"wp:attachment":[{"href":"https:\/\/singuli.wpress.me\/index.php\/wp-json\/wp\/v2\/media?parent=36441"}],"wp:term":[{"taxonomy":"product_brand","embeddable":true,"href":"https:\/\/singuli.wpress.me\/index.php\/wp-json\/wp\/v2\/product_brand?post=36441"},{"taxonomy":"product_cat","embeddable":true,"href":"https:\/\/singuli.wpress.me\/index.php\/wp-json\/wp\/v2\/product_cat?post=36441"},{"taxonomy":"product_tag","embeddable":true,"href":"https:\/\/singuli.wpress.me\/index.php\/wp-json\/wp\/v2\/product_tag?post=36441"}],"curies":[{"name":"wp","href":"https:\/\/api.w.org\/{rel}","templated":true}]}}