{"id":36457,"date":"2026-04-18T01:56:07","date_gmt":"2026-04-18T01:56:07","guid":{"rendered":"https:\/\/singuli.wpress.me\/index.php\/proizvod\/glam-buddies-glamour-set\/"},"modified":"2026-04-21T00:26:48","modified_gmt":"2026-04-21T00:26:48","slug":"glam-buddies-glamour-set","status":"publish","type":"product","link":"https:\/\/singuli.wpress.me\/index.php\/proizvod\/glam-buddies-glamour-set\/","title":{"rendered":"GLAM BUDDIES Glamour, set"},"content":{"rendered":"<p>Ostani **stylish** uz **Glam Buddies** \u2013 ultimativni fashion set prepun iznena\u0111enja koji donosi modu, zabavu i beskrajnu kreativnost! O\u010dekuje te **vi\u0161e od 50 blje\u0161tavih iznena\u0111enja** unutra, spremnih da ih otkrije\u0161 i iskoristi\u0161 za kreiranje vlastitog stila iznova i iznova.<\/p>\n<p>Set uklju\u010duje **dvije trendi torbice** i mno\u0161tvo dodataka za personalizaciju: **ekskluzivnog pli\u0161anog psi\u0107a**, privjesak za klju\u010deve, bed\u017eeve, modne dodatke u stilu \u0161minke, privjeske, i \u0161to je najbolje \u2013 **marker kojim mo\u017ee\u0161 ukrasiti torbicu**!<\/p>\n<p>Uz **prakti\u010dan remen** torbicu mo\u017ee\u0161 nositi kako god po\u017eeli\u0161 \u2013 preko ramena ili u ruci \u2013 i pokazati svoj **jedinstveni stil** na svakom koraku. S Glam Buddies setom zabava nikad ne prestaje!<\/p>\n","protected":false},"excerpt":{"rendered":"<p>Veliki broj dodataka za personalizaciju i kreiranje stila<br \/>\nUklju\u010duje marker za jedinstveno ukra\u0161avanje<br \/>\nSadr\u017ei dvije torbice, pli\u0161anca, bed\u017eeve i modne dodatke<\/p>\n","protected":false},"featured_media":36458,"template":"","meta":{"_seopress_robots_primary_cat":"","_seopress_titles_title":"","_seopress_titles_desc":"","_seopress_robots_index":"","iawp_total_views":0},"product_brand":[490],"product_cat":[221,291],"product_tag":[],"class_list":{"0":"post-36457","1":"product","2":"type-product","3":"status-publish","4":"has-post-thumbnail","6":"product_brand-glam-buddies","7":"product_cat-igracke","8":"product_cat-igracke-za-djecu-221","10":"first","11":"outofstock","12":"shipping-taxable","13":"purchasable","14":"product-type-simple"},"_links":{"self":[{"href":"https:\/\/singuli.wpress.me\/index.php\/wp-json\/wp\/v2\/product\/36457","targetHints":{"allow":["GET"]}}],"collection":[{"href":"https:\/\/singuli.wpress.me\/index.php\/wp-json\/wp\/v2\/product"}],"about":[{"href":"https:\/\/singuli.wpress.me\/index.php\/wp-json\/wp\/v2\/types\/product"}],"version-history":[{"count":0,"href":"https:\/\/singuli.wpress.me\/index.php\/wp-json\/wp\/v2\/product\/36457\/revisions"}],"wp:featuredmedia":[{"embeddable":true,"href":"https:\/\/singuli.wpress.me\/index.php\/wp-json\/wp\/v2\/media\/36458"}],"wp:attachment":[{"href":"https:\/\/singuli.wpress.me\/index.php\/wp-json\/wp\/v2\/media?parent=36457"}],"wp:term":[{"taxonomy":"product_brand","embeddable":true,"href":"https:\/\/singuli.wpress.me\/index.php\/wp-json\/wp\/v2\/product_brand?post=36457"},{"taxonomy":"product_cat","embeddable":true,"href":"https:\/\/singuli.wpress.me\/index.php\/wp-json\/wp\/v2\/product_cat?post=36457"},{"taxonomy":"product_tag","embeddable":true,"href":"https:\/\/singuli.wpress.me\/index.php\/wp-json\/wp\/v2\/product_tag?post=36457"}],"curies":[{"name":"wp","href":"https:\/\/api.w.org\/{rel}","templated":true}]}}