{"id":36471,"date":"2026-04-18T01:56:13","date_gmt":"2026-04-18T01:56:13","guid":{"rendered":"https:\/\/singuli.wpress.me\/index.php\/proizvod\/braun-serija-9-96m-zamjenska-mrezica-i-noz\/"},"modified":"2026-04-20T12:33:18","modified_gmt":"2026-04-20T12:33:18","slug":"braun-serija-9-96m-zamjenska-mrezica-i-noz","status":"publish","type":"product","link":"https:\/\/singuli.wpress.me\/index.php\/proizvod\/braun-serija-9-96m-zamjenska-mrezica-i-noz\/","title":{"rendered":"BRAUN SERIJA 9 96M, zamjenska mre\u017eica i no\u017e"},"content":{"rendered":"<p>\n    Braun Series 9 PRO+ 96M ORIGINALNA zamjenska glava (srebrna)<\/p>\n<p>\n    Vratite svom brija\u0107em aparatu 100% performanse brijanja! Braun preporu\u010duje zamjenu mre\u017eice i bloka no\u017ea svakih 18 mjeseci, budu\u0107i da se glava nakon brijanja oko 6.000.000 dla\u010dica prirodno istro\u0161i.<\/p>\n<p>\n    Ovo je Braunova najnaprednija i ORIGINALNA zamjenska glava, proizvedena u Njema\u010dkoj, koja omogu\u0107uje savr\u0161enu temeljitost do 0,00 mm. Opremljena je savr\u0161eno sinkroniziranim 5+1 brija\u0107im elementima koji nje\u017eno podrezuju najzahtjevnije brade u svakom potezu. Ultra tanke precizne o\u0161trice briju u\u010dinkovitije od prethodnih brija\u0107ih aparata iz Series 9, pru\u017eaju\u0107i izuzetnu za\u0161titu ko\u017ee.<\/p>\n<p>\n    Glava je kompatibilna s cijelom Series 9 te se lako mijenja jednim klikom. Koristite isklju\u010divo originalne Braunove zamjenske glave kako biste osigurali da ne\u0107e do\u0107i do o\u0161te\u0107enja va\u0161eg aparata.<\/p>\n<p>\n    Sadr\u017eaj kutije: 1x ORIGINALNA zamjenska brija\u0107a glava za Series 9 PRO+.<\/p>\n","protected":false},"excerpt":{"rendered":"<p>Vra\u0107a 100% performanse i osigurava temeljitost do 0,00 mm<br \/>\n5+1 sinkronizirani brija\u0107i elementi za izuzetnu u\u010dinkovitost i za\u0161titu ko\u017ee<br \/>\nBraunova najnaprednija glava, kompatibilna sa svim generacijama Series 9<\/p>\n","protected":false},"featured_media":36472,"template":"","meta":{"_seopress_robots_primary_cat":"","_seopress_titles_title":"","_seopress_titles_desc":"","_seopress_robots_index":"","iawp_total_views":0},"product_brand":[144],"product_cat":[280,192,279],"product_tag":[],"class_list":{"0":"post-36471","1":"product","2":"type-product","3":"status-publish","4":"has-post-thumbnail","6":"product_brand-braun","7":"product_cat-aparati-za-muskarce-279","8":"product_cat-aparati-za-osobnu-njegu","9":"product_cat-brijanje-i-sisanje-192","11":"first","12":"instock","13":"shipping-taxable","14":"purchasable","15":"product-type-simple"},"_links":{"self":[{"href":"https:\/\/singuli.wpress.me\/index.php\/wp-json\/wp\/v2\/product\/36471","targetHints":{"allow":["GET"]}}],"collection":[{"href":"https:\/\/singuli.wpress.me\/index.php\/wp-json\/wp\/v2\/product"}],"about":[{"href":"https:\/\/singuli.wpress.me\/index.php\/wp-json\/wp\/v2\/types\/product"}],"version-history":[{"count":0,"href":"https:\/\/singuli.wpress.me\/index.php\/wp-json\/wp\/v2\/product\/36471\/revisions"}],"wp:featuredmedia":[{"embeddable":true,"href":"https:\/\/singuli.wpress.me\/index.php\/wp-json\/wp\/v2\/media\/36472"}],"wp:attachment":[{"href":"https:\/\/singuli.wpress.me\/index.php\/wp-json\/wp\/v2\/media?parent=36471"}],"wp:term":[{"taxonomy":"product_brand","embeddable":true,"href":"https:\/\/singuli.wpress.me\/index.php\/wp-json\/wp\/v2\/product_brand?post=36471"},{"taxonomy":"product_cat","embeddable":true,"href":"https:\/\/singuli.wpress.me\/index.php\/wp-json\/wp\/v2\/product_cat?post=36471"},{"taxonomy":"product_tag","embeddable":true,"href":"https:\/\/singuli.wpress.me\/index.php\/wp-json\/wp\/v2\/product_tag?post=36471"}],"curies":[{"name":"wp","href":"https:\/\/api.w.org\/{rel}","templated":true}]}}