{"id":36518,"date":"2026-04-18T01:56:34","date_gmt":"2026-04-18T01:56:34","guid":{"rendered":"https:\/\/singuli.wpress.me\/index.php\/proizvod\/braun-serija-3-3010bt-brijaci-aparat\/"},"modified":"2026-04-20T12:33:18","modified_gmt":"2026-04-20T12:33:18","slug":"braun-serija-3-3010bt-brijaci-aparat","status":"publish","type":"product","link":"https:\/\/singuli.wpress.me\/index.php\/proizvod\/braun-serija-3-3010bt-brijaci-aparat\/","title":{"rendered":"BRAUN SERIJA 3 3010BT, brija\u0107i aparat"},"content":{"rendered":"<p>\n    Braun Series 3+ 3010BT elektri\u010dni brija\u0107i aparat za mu\u0161karce<\/p>\n<p>\n    Elektri\u010dni brija\u0107i aparat Braun Series 3+ 3010BT osmi\u0161ljen je za temeljito i ugodno brijanje. Aparat ima 3 fleksibilne o\u0161trice (2 Braunove brija\u0107e mre\u017eice i 1 sredi\u0161nji trimer za brijanje duljih dla\u010dica) koje se prilago\u0111avaju konturama lica za lako brijanje svakog podru\u010dja.<\/p>\n<p>\n    Ovaj model kombinira u\u010dinkoviti mikro\u010de\u0161lji\u0107 koji hvata vi\u0161e dla\u010dica u svakom potezu* za br\u017ee i nje\u017enije brijanje, s trimerom za bradu i 5 \u010de\u0161lji\u0107a za precizno konturiranje zalizaka i brkova. Tanka brija\u0107a glava s lako\u0107om brije \u010dak i te\u0161ko dostupna mjesta poput podru\u010dja ispod nosa.<\/p>\n<p>\n    Brija\u0107i aparat je 100% vodootporan te prikladan za suho i mokro brijanje. Proizveden je u Njema\u010dkoj. Baterija traje 45 minuta, a tu je i opcija 5-minutnog brzog punjenja dovoljnog za jedno brijanje.<\/p>\n<p>\n    *u odnosu na dosada\u0161nji Braun Series 3, testirano na 3-dnevnoj bradi<\/p>\n","protected":false},"excerpt":{"rendered":"<p>Temeljito i ugodno brijanje s 3 fleksibilne o\u0161trice i mikro\u010de\u0161lji\u0107em<br \/>\nMogu\u0107nost preciznog konturiranja uz trimer za bradu i 5 \u010de\u0161lji\u0107a<br \/>\n100% vodootporan, idealan za mokro i suho brijanje<\/p>\n","protected":false},"featured_media":36519,"template":"","meta":{"_seopress_robots_primary_cat":"","_seopress_titles_title":"","_seopress_titles_desc":"","_seopress_robots_index":"","iawp_total_views":0},"product_brand":[144],"product_cat":[280,192,279],"product_tag":[],"class_list":{"0":"post-36518","1":"product","2":"type-product","3":"status-publish","4":"has-post-thumbnail","6":"product_brand-braun","7":"product_cat-aparati-za-muskarce-279","8":"product_cat-aparati-za-osobnu-njegu","9":"product_cat-brijanje-i-sisanje-192","11":"first","12":"instock","13":"shipping-taxable","14":"purchasable","15":"product-type-simple"},"_links":{"self":[{"href":"https:\/\/singuli.wpress.me\/index.php\/wp-json\/wp\/v2\/product\/36518","targetHints":{"allow":["GET"]}}],"collection":[{"href":"https:\/\/singuli.wpress.me\/index.php\/wp-json\/wp\/v2\/product"}],"about":[{"href":"https:\/\/singuli.wpress.me\/index.php\/wp-json\/wp\/v2\/types\/product"}],"version-history":[{"count":0,"href":"https:\/\/singuli.wpress.me\/index.php\/wp-json\/wp\/v2\/product\/36518\/revisions"}],"wp:featuredmedia":[{"embeddable":true,"href":"https:\/\/singuli.wpress.me\/index.php\/wp-json\/wp\/v2\/media\/36519"}],"wp:attachment":[{"href":"https:\/\/singuli.wpress.me\/index.php\/wp-json\/wp\/v2\/media?parent=36518"}],"wp:term":[{"taxonomy":"product_brand","embeddable":true,"href":"https:\/\/singuli.wpress.me\/index.php\/wp-json\/wp\/v2\/product_brand?post=36518"},{"taxonomy":"product_cat","embeddable":true,"href":"https:\/\/singuli.wpress.me\/index.php\/wp-json\/wp\/v2\/product_cat?post=36518"},{"taxonomy":"product_tag","embeddable":true,"href":"https:\/\/singuli.wpress.me\/index.php\/wp-json\/wp\/v2\/product_tag?post=36518"}],"curies":[{"name":"wp","href":"https:\/\/api.w.org\/{rel}","templated":true}]}}