{"id":36624,"date":"2026-04-18T01:59:21","date_gmt":"2026-04-18T01:59:21","guid":{"rendered":"https:\/\/singuli.wpress.me\/index.php\/proizvod\/superthings-kpb-figurice-set\/"},"modified":"2026-04-20T12:33:18","modified_gmt":"2026-04-20T12:33:18","slug":"superthings-kpb-figurice-set","status":"publish","type":"product","link":"https:\/\/singuli.wpress.me\/index.php\/proizvod\/superthings-kpb-figurice-set\/","title":{"rendered":"SUPERTHINGS KPB figurice, set"},"content":{"rendered":"<p>SuperThingsi su se vratili s vi\u0161e energije nego ikad u novoj seriji **\u201eKazoom Power\u201c**! Inspirirani novom animiranom serijom, spremni su za nove avanture u Kaboom Cityju. SuperThingsi su **svakodnevni predmeti pretvoreni u heroje i zlikovce** \u2013 prona\u0111i svog suparnika i kreni u super avanturu!<\/p>\n<p>Dostupno je **vi\u0161e od 80 novih figura** za sakupljanje, uklju\u010duju\u0107i 5 klasi\u010dnih likova s osvje\u017eenim dizajnom. U svakom pakiranju \u010deka vas jedno iznena\u0111enje!<\/p>\n<p>Pripazite na **ultra rijetke figure**: Enigma se vra\u0107a s **efektom kristala i svjetlucanja**! Tako\u0111er, poku\u0161ajte prona\u0107i nove **srebrne kapetane** i **zlatne SuperVo\u0111e** kako biste se suo\u010dili u ovoj epskoj bitci.<\/p>\n<p><strong>Uklju\u010duje:<\/strong> 1 SuperThings figuricu i 1 kontrolnu listu.<\/p>\n","protected":false},"excerpt":{"rendered":"<p>Preko 80 novih figura za sakupljanje, uklju\u010duju\u0107i i redizajnirane klasi\u010dne likove<br \/>\nTemeljeno na novoj animiranoj seriji \u201eKazoom Power\u201c<\/p>\n","protected":false},"featured_media":36625,"template":"","meta":{"_seopress_robots_primary_cat":"","_seopress_titles_title":"","_seopress_titles_desc":"","_seopress_robots_index":"","iawp_total_views":0},"product_brand":[383],"product_cat":[221,263],"product_tag":[],"class_list":{"0":"post-36624","1":"product","2":"type-product","3":"status-publish","4":"has-post-thumbnail","6":"product_brand-superthings","7":"product_cat-igracke","8":"product_cat-tematske-igracke-221","10":"first","11":"outofstock","12":"shipping-taxable","13":"purchasable","14":"product-type-simple"},"_links":{"self":[{"href":"https:\/\/singuli.wpress.me\/index.php\/wp-json\/wp\/v2\/product\/36624","targetHints":{"allow":["GET"]}}],"collection":[{"href":"https:\/\/singuli.wpress.me\/index.php\/wp-json\/wp\/v2\/product"}],"about":[{"href":"https:\/\/singuli.wpress.me\/index.php\/wp-json\/wp\/v2\/types\/product"}],"version-history":[{"count":0,"href":"https:\/\/singuli.wpress.me\/index.php\/wp-json\/wp\/v2\/product\/36624\/revisions"}],"wp:featuredmedia":[{"embeddable":true,"href":"https:\/\/singuli.wpress.me\/index.php\/wp-json\/wp\/v2\/media\/36625"}],"wp:attachment":[{"href":"https:\/\/singuli.wpress.me\/index.php\/wp-json\/wp\/v2\/media?parent=36624"}],"wp:term":[{"taxonomy":"product_brand","embeddable":true,"href":"https:\/\/singuli.wpress.me\/index.php\/wp-json\/wp\/v2\/product_brand?post=36624"},{"taxonomy":"product_cat","embeddable":true,"href":"https:\/\/singuli.wpress.me\/index.php\/wp-json\/wp\/v2\/product_cat?post=36624"},{"taxonomy":"product_tag","embeddable":true,"href":"https:\/\/singuli.wpress.me\/index.php\/wp-json\/wp\/v2\/product_tag?post=36624"}],"curies":[{"name":"wp","href":"https:\/\/api.w.org\/{rel}","templated":true}]}}