{"id":36760,"date":"2026-04-18T02:01:49","date_gmt":"2026-04-18T02:01:49","guid":{"rendered":"https:\/\/singuli.wpress.me\/index.php\/proizvod\/pringles-adventski-kalendar-cips-1-kom\/"},"modified":"2026-04-20T12:33:19","modified_gmt":"2026-04-20T12:33:19","slug":"pringles-adventski-kalendar-cips-1-kom","status":"publish","type":"product","link":"https:\/\/singuli.wpress.me\/index.php\/proizvod\/pringles-adventski-kalendar-cips-1-kom\/","title":{"rendered":"PRINGLES Adventski kalendar, \u010dips, 1\u00a0kom"},"content":{"rendered":"<p>\n    <strong>PRINGLES Adventski Kalendar \u2013 24 Dana Hrskave Avanture!<\/strong>\n<\/p>\n<p>\n    Do\u017eivite blagdansku sezonu uz jedinstvenu selekciju Pringles \u010dipseva, savr\u0161eno upakiranih u adventski kalendar za 24 dana \u010distog u\u017eitka. Svaki prozor\u010di\u0107 otkriva legendarni Pringles \u010dips u prepoznatljivom obliku hiperboli\u010dnog paraboloida, savr\u0161eno o\u010duvanog u svojoj jedinstvenoj tubi.\n<\/p>\n<p>\n    Ovaj premium paket okuplja <strong>\u010detiri kultna okusa<\/strong>, nude\u0107i vam simfoniju okusa \u2013 od avangardne jednostavnosti do uzbudljive pikantnosti:\n<\/p>\n<ul>\n<li>\n        <strong>Original:<\/strong> Vje\u010dna ikona. Hrskavi slani zalogaj, najpopularniji okus, prikladan i za vegane.\n    <\/li>\n<li>\n        <strong>Sour Cream &amp; Onion:<\/strong> Kombinacija koju je usavr\u0161io \u010dovjek \u2013 \u010dudesna ravnote\u017ea kiselog vrhnja, luka i krumpira.\n    <\/li>\n<li>\n        <strong>Paprika:<\/strong> Zarazni okus paprike koji obe\u0107ava da &#8220;kad ga jednom otvorite i probate, ne mo\u017eete stati.&#8221;\n    <\/li>\n<li>\n        <strong>Hot &amp; Spicy:<\/strong> Uzbudljiv ringi\u0161pil kroz pakleni pakao okusa \u2013 savr\u0161en za sve ljubitelje pikantnijeg.\n    <\/li>\n<\/ul>\n<p>\n    Nije ni \u010dudo da je Pringles vi\u0161e nego samo \u010dips! Otkrijte ludost, avangardu i beskrajnu zabavu s ovim ultimativnim adventskim kalendarom, idealnim za dijeljenje ili u\u017eivanje u svakom blagdanskom danu.<\/p>\n","protected":false},"excerpt":{"rendered":"<p>Kalendar nudi 4 kultna okusa (Original, Paprika, Sour Cream &amp; Onion, Hot &amp; Spicy)<br \/>\nSvaka tuba osigurava maksimalnu hrskavost i svje\u017einu<\/p>\n","protected":false},"featured_media":36761,"template":"","meta":{"_seopress_robots_primary_cat":"","_seopress_titles_title":"","_seopress_titles_desc":"","_seopress_robots_index":"","iawp_total_views":0},"product_brand":[462],"product_cat":[261,277],"product_tag":[],"class_list":{"0":"post-36760","1":"product","2":"type-product","3":"status-publish","4":"has-post-thumbnail","6":"product_brand-pringles","7":"product_cat-hrana-i-pice","8":"product_cat-slatkisi-i-grickalice-261","10":"first","11":"outofstock","12":"shipping-taxable","13":"purchasable","14":"product-type-simple"},"_links":{"self":[{"href":"https:\/\/singuli.wpress.me\/index.php\/wp-json\/wp\/v2\/product\/36760","targetHints":{"allow":["GET"]}}],"collection":[{"href":"https:\/\/singuli.wpress.me\/index.php\/wp-json\/wp\/v2\/product"}],"about":[{"href":"https:\/\/singuli.wpress.me\/index.php\/wp-json\/wp\/v2\/types\/product"}],"version-history":[{"count":0,"href":"https:\/\/singuli.wpress.me\/index.php\/wp-json\/wp\/v2\/product\/36760\/revisions"}],"wp:featuredmedia":[{"embeddable":true,"href":"https:\/\/singuli.wpress.me\/index.php\/wp-json\/wp\/v2\/media\/36761"}],"wp:attachment":[{"href":"https:\/\/singuli.wpress.me\/index.php\/wp-json\/wp\/v2\/media?parent=36760"}],"wp:term":[{"taxonomy":"product_brand","embeddable":true,"href":"https:\/\/singuli.wpress.me\/index.php\/wp-json\/wp\/v2\/product_brand?post=36760"},{"taxonomy":"product_cat","embeddable":true,"href":"https:\/\/singuli.wpress.me\/index.php\/wp-json\/wp\/v2\/product_cat?post=36760"},{"taxonomy":"product_tag","embeddable":true,"href":"https:\/\/singuli.wpress.me\/index.php\/wp-json\/wp\/v2\/product_tag?post=36760"}],"curies":[{"name":"wp","href":"https:\/\/api.w.org\/{rel}","templated":true}]}}