{"id":36793,"date":"2026-04-18T02:03:30","date_gmt":"2026-04-18T02:03:30","guid":{"rendered":"https:\/\/singuli.wpress.me\/index.php\/proizvod\/domo-do7351ch-grijac-s-ventilatorom\/"},"modified":"2026-04-20T12:33:19","modified_gmt":"2026-04-20T12:33:19","slug":"domo-do7351ch-grijac-s-ventilatorom","status":"publish","type":"product","link":"https:\/\/singuli.wpress.me\/index.php\/proizvod\/domo-do7351ch-grijac-s-ventilatorom\/","title":{"rendered":"DOMO DO7351CH, grija\u010d s ventilatorom"},"content":{"rendered":"<p>Kompaktna grijalica s ventilatorom: Maksimalna toplina i \u0161irenje zraka<br \/>\nOva svestrana grijalica idealan je dodatak za brzo i efikasno zagrijavanje prostora. S maksimalnom snagom od 2000 W, nudi vam dvije postavke grijanja: nisku (I) snage 1200 W i visoku (II) snage 2000 W.<\/p>\n<p>Klju\u010dna zna\u010dajka ovog modela je ugra\u0111eni ventilator koji mo\u017eete uklju\u010diti uz obje postavke grijanja. Ventilator osigurava br\u017ee i ravnomjernije \u0161irenje topline po cijeloj prostoriji. Temperaturom upravljate jednostavno pomo\u0107u okretnog gumba (termostata) koji se pode\u0161ava od najni\u017ee (MIN) do najvi\u0161e (MAX) topline.<\/p>\n<p>Ure\u0111aj je kompaktan i lako prenosiv zahvaljuju\u0107i ugra\u0111enoj ru\u010dki, a za\u0161ti\u0107en je dvogodi\u0161njim jamstvom na tvorni\u010dke gre\u0161ke, \u010dime osigurava pouzdanost i trajnost.<\/p>\n","protected":false},"excerpt":{"rendered":"<p>Dva stupnja snage (1200 W \/ 2000 W): Fleksibilan odabir snage za brzo i efikasno zagrijavanje.<br \/>\nOpcija ventilatora za cirkulaciju: Mogu\u0107nost uklju\u010divanja ventilatora radi br\u017eeg \u0161irenja topline po prostoriji.<\/p>\n","protected":false},"featured_media":36794,"template":"","meta":{"_seopress_robots_primary_cat":"","_seopress_titles_title":"","_seopress_titles_desc":"","_seopress_robots_index":"","iawp_total_views":0},"product_brand":[255],"product_cat":[184,160],"product_tag":[],"class_list":{"0":"post-36793","1":"product","2":"type-product","3":"status-publish","4":"has-post-thumbnail","6":"product_brand-domo","7":"product_cat-kvaliteta-zraka-i-grijanje","8":"product_cat-mali-kucanski-aparati","10":"first","11":"outofstock","12":"shipping-taxable","13":"purchasable","14":"product-type-simple"},"_links":{"self":[{"href":"https:\/\/singuli.wpress.me\/index.php\/wp-json\/wp\/v2\/product\/36793","targetHints":{"allow":["GET"]}}],"collection":[{"href":"https:\/\/singuli.wpress.me\/index.php\/wp-json\/wp\/v2\/product"}],"about":[{"href":"https:\/\/singuli.wpress.me\/index.php\/wp-json\/wp\/v2\/types\/product"}],"version-history":[{"count":0,"href":"https:\/\/singuli.wpress.me\/index.php\/wp-json\/wp\/v2\/product\/36793\/revisions"}],"wp:featuredmedia":[{"embeddable":true,"href":"https:\/\/singuli.wpress.me\/index.php\/wp-json\/wp\/v2\/media\/36794"}],"wp:attachment":[{"href":"https:\/\/singuli.wpress.me\/index.php\/wp-json\/wp\/v2\/media?parent=36793"}],"wp:term":[{"taxonomy":"product_brand","embeddable":true,"href":"https:\/\/singuli.wpress.me\/index.php\/wp-json\/wp\/v2\/product_brand?post=36793"},{"taxonomy":"product_cat","embeddable":true,"href":"https:\/\/singuli.wpress.me\/index.php\/wp-json\/wp\/v2\/product_cat?post=36793"},{"taxonomy":"product_tag","embeddable":true,"href":"https:\/\/singuli.wpress.me\/index.php\/wp-json\/wp\/v2\/product_tag?post=36793"}],"curies":[{"name":"wp","href":"https:\/\/api.w.org\/{rel}","templated":true}]}}