{"id":36799,"date":"2026-04-18T02:03:38","date_gmt":"2026-04-18T02:03:38","guid":{"rendered":"https:\/\/singuli.wpress.me\/index.php\/proizvod\/domo-do7325f-grijac-s-ventilatorom\/"},"modified":"2026-04-20T12:33:19","modified_gmt":"2026-04-20T12:33:19","slug":"domo-do7325f-grijac-s-ventilatorom","status":"publish","type":"product","link":"https:\/\/singuli.wpress.me\/index.php\/proizvod\/domo-do7325f-grijac-s-ventilatorom\/","title":{"rendered":"DOMO DO7325F, grija\u010d s ventilatorom"},"content":{"rendered":"<p>Grijalica DO7325F: Sna\u017eno i prilagodljivo grijanje za svaku prostoriju<br \/>\nModel DO7325F je sna\u017ena grijalica s ventilatorom dizajnirana za brzo zagrijavanje prostorija. S tri odabira na\u010dina rada \u2013 od samog puhanja bez grijanja (FAN), preko umjerenog grijanja (LOW) snage 1200 W, do sna\u017enog grijanja (HI) snage 2000 W \u2013 lako mo\u017eete prilagoditi izlaznu toplinu svojim potrebama.<\/p>\n<p>Grijalica ima gumb za odabir temperature koji omogu\u0107uje fino pode\u0161avanje topline, osiguravaju\u0107i vam optimalnu udobnost. Uklju\u010divanje ure\u0111aja signalizira ugra\u0111eni svjetlosni pokaziva\u010d.<\/p>\n<p>Ovaj kompaktni model idealan je za brzo dogrijavanje manjih i srednjih prostorija. Ure\u0111aj je pokriven dvogodi\u0161njim jamstvom na tvorni\u010dke gre\u0161ke, dok dodatci i potro\u0161ni dijelovi imaju jamstvo od 6 mjeseci. Jamstvo vrijedi uz predo\u010denje originalnog ra\u010duna.<\/p>\n","protected":false},"excerpt":{"rendered":"<p>Dva stupnja grijanja: Izbor izme\u0111u 1200 W (LOW) i sna\u017enog 2000 W (HI) za brzo zagrijavanje<br \/>\nFunkcija ventilatora (FAN): Mogu\u0107nost puhanja bez grijanja, korisna za cirkulaciju zraka<\/p>\n","protected":false},"featured_media":36800,"template":"","meta":{"_seopress_robots_primary_cat":"","_seopress_titles_title":"","_seopress_titles_desc":"","_seopress_robots_index":"","iawp_total_views":0},"product_brand":[255],"product_cat":[184,160],"product_tag":[],"class_list":{"0":"post-36799","1":"product","2":"type-product","3":"status-publish","4":"has-post-thumbnail","6":"product_brand-domo","7":"product_cat-kvaliteta-zraka-i-grijanje","8":"product_cat-mali-kucanski-aparati","10":"first","11":"instock","12":"shipping-taxable","13":"purchasable","14":"product-type-simple"},"_links":{"self":[{"href":"https:\/\/singuli.wpress.me\/index.php\/wp-json\/wp\/v2\/product\/36799","targetHints":{"allow":["GET"]}}],"collection":[{"href":"https:\/\/singuli.wpress.me\/index.php\/wp-json\/wp\/v2\/product"}],"about":[{"href":"https:\/\/singuli.wpress.me\/index.php\/wp-json\/wp\/v2\/types\/product"}],"version-history":[{"count":0,"href":"https:\/\/singuli.wpress.me\/index.php\/wp-json\/wp\/v2\/product\/36799\/revisions"}],"wp:featuredmedia":[{"embeddable":true,"href":"https:\/\/singuli.wpress.me\/index.php\/wp-json\/wp\/v2\/media\/36800"}],"wp:attachment":[{"href":"https:\/\/singuli.wpress.me\/index.php\/wp-json\/wp\/v2\/media?parent=36799"}],"wp:term":[{"taxonomy":"product_brand","embeddable":true,"href":"https:\/\/singuli.wpress.me\/index.php\/wp-json\/wp\/v2\/product_brand?post=36799"},{"taxonomy":"product_cat","embeddable":true,"href":"https:\/\/singuli.wpress.me\/index.php\/wp-json\/wp\/v2\/product_cat?post=36799"},{"taxonomy":"product_tag","embeddable":true,"href":"https:\/\/singuli.wpress.me\/index.php\/wp-json\/wp\/v2\/product_tag?post=36799"}],"curies":[{"name":"wp","href":"https:\/\/api.w.org\/{rel}","templated":true}]}}