{"id":36817,"date":"2026-04-18T02:03:55","date_gmt":"2026-04-18T02:03:55","guid":{"rendered":"https:\/\/singuli.wpress.me\/index.php\/proizvod\/domo-do7358h-keramicki-grijac\/"},"modified":"2026-04-20T12:33:19","modified_gmt":"2026-04-20T12:33:19","slug":"domo-do7358h-keramicki-grijac","status":"publish","type":"product","link":"https:\/\/singuli.wpress.me\/index.php\/proizvod\/domo-do7358h-keramicki-grijac\/","title":{"rendered":"DOMO DO7358H, kerami\u010dki grija\u010d"},"content":{"rendered":"<p>Grijalica s oscilacijom: Potpuna kontrola uz daljinski upravlja\u010d<br \/>\nOva moderna grijalica s ventilatorom nudi jednostavno i udobno upravljanje toplinom u va\u0161em domu. Upravljajte ure\u0111ajem putem upravlja\u010dke plo\u010de sa zaslonom ili isporu\u010denim daljinskim upravlja\u010dem (domet do 5 metara), koji koristi 2 AAA baterije.<\/p>\n<p>Grijalica ima niz funkcija, uklju\u010duju\u0107i gumb za odabir funkcija, precizno postavljanje vremena putem mjera\u010da vremena i posebnu ECO gumb za energetski u\u010dinkovit rad. Za ravnomjernu raspodjelu topline, ure\u0111aj je opremljen funkcijom oscilacije koja \u0161iri topli zrak po prostoriji.<\/p>\n<p>Ure\u0111aj je odmah spreman za rad nakon uklju\u010divanja prekida\u010da sa stra\u017enje strane, ulaze\u0107i u stanje pripravnosti uz zvu\u010dni signal. Dizajn s ru\u010dkom omogu\u0107uje lako premje\u0161tanje. Mirna kupnja osigurana je dvogodi\u0161njim jamstvom na materijalne nedostatke, izradu i tvorni\u010dke pogre\u0161ke<\/p>\n","protected":false},"excerpt":{"rendered":"<p>Daljinsko upravljanje i zaslon: Potpuna kontrola postavki s daljinskim upravlja\u010dem ili preko pregledne upravlja\u010dke plo\u010de<br \/>\nFunkcija oscilacije (rotacije): Omogu\u0107uje \u0161iroku i ravnomjernu distribuciju topline po prostoriji.<br \/>\nECO gumb i mjera\u010d vremena: Energetski u\u010dinkovit rad i mogu\u0107nost postavljanja automatskog isklju\u010divanja<\/p>\n","protected":false},"featured_media":36818,"template":"","meta":{"_seopress_robots_primary_cat":"","_seopress_titles_title":"","_seopress_titles_desc":"","_seopress_robots_index":"","iawp_total_views":0},"product_brand":[255],"product_cat":[184,160],"product_tag":[],"class_list":{"0":"post-36817","1":"product","2":"type-product","3":"status-publish","4":"has-post-thumbnail","6":"product_brand-domo","7":"product_cat-kvaliteta-zraka-i-grijanje","8":"product_cat-mali-kucanski-aparati","10":"first","11":"outofstock","12":"shipping-taxable","13":"purchasable","14":"product-type-simple"},"_links":{"self":[{"href":"https:\/\/singuli.wpress.me\/index.php\/wp-json\/wp\/v2\/product\/36817","targetHints":{"allow":["GET"]}}],"collection":[{"href":"https:\/\/singuli.wpress.me\/index.php\/wp-json\/wp\/v2\/product"}],"about":[{"href":"https:\/\/singuli.wpress.me\/index.php\/wp-json\/wp\/v2\/types\/product"}],"version-history":[{"count":0,"href":"https:\/\/singuli.wpress.me\/index.php\/wp-json\/wp\/v2\/product\/36817\/revisions"}],"wp:featuredmedia":[{"embeddable":true,"href":"https:\/\/singuli.wpress.me\/index.php\/wp-json\/wp\/v2\/media\/36818"}],"wp:attachment":[{"href":"https:\/\/singuli.wpress.me\/index.php\/wp-json\/wp\/v2\/media?parent=36817"}],"wp:term":[{"taxonomy":"product_brand","embeddable":true,"href":"https:\/\/singuli.wpress.me\/index.php\/wp-json\/wp\/v2\/product_brand?post=36817"},{"taxonomy":"product_cat","embeddable":true,"href":"https:\/\/singuli.wpress.me\/index.php\/wp-json\/wp\/v2\/product_cat?post=36817"},{"taxonomy":"product_tag","embeddable":true,"href":"https:\/\/singuli.wpress.me\/index.php\/wp-json\/wp\/v2\/product_tag?post=36817"}],"curies":[{"name":"wp","href":"https:\/\/api.w.org\/{rel}","templated":true}]}}