{"id":36918,"date":"2026-04-18T02:05:41","date_gmt":"2026-04-18T02:05:41","guid":{"rendered":"https:\/\/singuli.wpress.me\/index.php\/proizvod\/squishmallows-fuzzamallows-30-cm-plisana-igracka\/"},"modified":"2026-04-20T12:33:19","modified_gmt":"2026-04-20T12:33:19","slug":"squishmallows-fuzzamallows-30-cm-plisana-igracka","status":"publish","type":"product","link":"https:\/\/singuli.wpress.me\/index.php\/proizvod\/squishmallows-fuzzamallows-30-cm-plisana-igracka\/","title":{"rendered":"SQUISHMALLOWS FUZZAMALLOWS 30 cm, pli\u0161ana igra\u010dka"},"content":{"rendered":"<p>Upoznajte <strong>Squishmallows Fuzzamallows<\/strong> visine <strong>30 cm<\/strong> \u2013 mekane, velike i neodoljive pli\u0161ance spremne za zagrljaje i igru! Njihova <strong>iznimna meko\u0107a<\/strong> pru\u017ea pravi osje\u0107aj udobnosti i radosti.<\/p>\n<p>Svaki Fuzzamallows ima <strong>jedinstveno ime i pri\u010du<\/strong> unutar etikete, \u0161to ih \u010dini posebnima i punima karaktera, idealnim za kolekcionare.<\/p>\n<p>Bilo da ste iskusni kolekcionar ili tek otkrivate svijet Squishmallowsa, ovi Fuzzamallows pli\u0161anci savr\u0161eni su za <strong>kolekciju, igru ili ukra\u0161avanje sobe<\/strong> te \u0107e donijeti \u010daroliju u svaki kutak!<\/p>\n","protected":false},"excerpt":{"rendered":"<p>Veliki pli\u0161anci veli\u010dine 30 cm<br \/>\nFuzzamallows tekstura (iznimno mekani materijal)<br \/>\nSvaki pli\u0161anac ima jedinstveno ime i pri\u010du<\/p>\n","protected":false},"featured_media":36919,"template":"","meta":{"_seopress_robots_primary_cat":"","_seopress_titles_title":"","_seopress_titles_desc":"","_seopress_robots_index":"","iawp_total_views":0},"product_brand":[791],"product_cat":[221,291],"product_tag":[],"class_list":{"0":"post-36918","1":"product","2":"type-product","3":"status-publish","4":"has-post-thumbnail","6":"product_brand-squishmallows","7":"product_cat-igracke","8":"product_cat-igracke-za-djecu-221","10":"first","11":"instock","12":"shipping-taxable","13":"purchasable","14":"product-type-simple"},"_links":{"self":[{"href":"https:\/\/singuli.wpress.me\/index.php\/wp-json\/wp\/v2\/product\/36918","targetHints":{"allow":["GET"]}}],"collection":[{"href":"https:\/\/singuli.wpress.me\/index.php\/wp-json\/wp\/v2\/product"}],"about":[{"href":"https:\/\/singuli.wpress.me\/index.php\/wp-json\/wp\/v2\/types\/product"}],"version-history":[{"count":0,"href":"https:\/\/singuli.wpress.me\/index.php\/wp-json\/wp\/v2\/product\/36918\/revisions"}],"wp:featuredmedia":[{"embeddable":true,"href":"https:\/\/singuli.wpress.me\/index.php\/wp-json\/wp\/v2\/media\/36919"}],"wp:attachment":[{"href":"https:\/\/singuli.wpress.me\/index.php\/wp-json\/wp\/v2\/media?parent=36918"}],"wp:term":[{"taxonomy":"product_brand","embeddable":true,"href":"https:\/\/singuli.wpress.me\/index.php\/wp-json\/wp\/v2\/product_brand?post=36918"},{"taxonomy":"product_cat","embeddable":true,"href":"https:\/\/singuli.wpress.me\/index.php\/wp-json\/wp\/v2\/product_cat?post=36918"},{"taxonomy":"product_tag","embeddable":true,"href":"https:\/\/singuli.wpress.me\/index.php\/wp-json\/wp\/v2\/product_tag?post=36918"}],"curies":[{"name":"wp","href":"https:\/\/api.w.org\/{rel}","templated":true}]}}