{"id":37035,"date":"2026-04-18T18:03:01","date_gmt":"2026-04-18T18:03:01","guid":{"rendered":"https:\/\/singuli.wpress.me\/index.php\/proizvod\/lindt-heart-box-milk-praline-160-g\/"},"modified":"2026-04-21T00:26:50","modified_gmt":"2026-04-21T00:26:50","slug":"lindt-heart-box-milk-praline-160-g","status":"publish","type":"product","link":"https:\/\/singuli.wpress.me\/index.php\/proizvod\/lindt-heart-box-milk-praline-160-g\/","title":{"rendered":"LINDT Heart Box Milk, praline, 160\u00a0g"},"content":{"rendered":"<p>Prepustite se trenutku \u010distog u\u017eitka uz legendarne praline od mlije\u010dne \u010dokolade. Svaka od 12 pralina u pakiranju krije savr\u0161en spoj vrhunske mlije\u010dne \u010dokolade s minimalno 32% kakaovih dijelova i neodoljivo nje\u017enog, topljivog kremastog punjenja. Izra\u0111ene prema tradicionalnoj recepturi majstora \u010dokolade Lindt &amp; Spr\u00fcngli, ove su praline sinonim za eleganciju i vrhunsku kvalitetu. Idealne su kao profinjen poklon dragoj osobi ili kao zaslu\u017eeni luksuzni predah u va\u0161em danu.<\/p>\n","protected":false},"excerpt":{"rendered":"<p>Bogata tekstura s minimalno 32% kakaovih dijelova i 21% mlije\u010dne suhe tvari za autenti\u010dan i pun okus<br \/>\nSredi\u0161te praline \u010dini 44% iznimno nje\u017ene kreme koja se polako otapa u ustima<br \/>\nProizvedeno od strane renomiranog proizvo\u0111a\u010da Lindt &amp; Spr\u00fcngli, \u0161to jam\u010di besprijekornu kvalitetu i svje\u017einu svake praline<\/p>\n","protected":false},"featured_media":37036,"template":"","meta":{"_seopress_robots_primary_cat":"","_seopress_titles_title":"","_seopress_titles_desc":"","_seopress_robots_index":"","iawp_total_views":0},"product_brand":[758],"product_cat":[261,277],"product_tag":[],"class_list":{"0":"post-37035","1":"product","2":"type-product","3":"status-publish","4":"has-post-thumbnail","6":"product_brand-lindt","7":"product_cat-hrana-i-pice","8":"product_cat-slatkisi-i-grickalice-261","10":"first","11":"outofstock","12":"shipping-taxable","13":"purchasable","14":"product-type-simple"},"_links":{"self":[{"href":"https:\/\/singuli.wpress.me\/index.php\/wp-json\/wp\/v2\/product\/37035","targetHints":{"allow":["GET"]}}],"collection":[{"href":"https:\/\/singuli.wpress.me\/index.php\/wp-json\/wp\/v2\/product"}],"about":[{"href":"https:\/\/singuli.wpress.me\/index.php\/wp-json\/wp\/v2\/types\/product"}],"version-history":[{"count":0,"href":"https:\/\/singuli.wpress.me\/index.php\/wp-json\/wp\/v2\/product\/37035\/revisions"}],"wp:featuredmedia":[{"embeddable":true,"href":"https:\/\/singuli.wpress.me\/index.php\/wp-json\/wp\/v2\/media\/37036"}],"wp:attachment":[{"href":"https:\/\/singuli.wpress.me\/index.php\/wp-json\/wp\/v2\/media?parent=37035"}],"wp:term":[{"taxonomy":"product_brand","embeddable":true,"href":"https:\/\/singuli.wpress.me\/index.php\/wp-json\/wp\/v2\/product_brand?post=37035"},{"taxonomy":"product_cat","embeddable":true,"href":"https:\/\/singuli.wpress.me\/index.php\/wp-json\/wp\/v2\/product_cat?post=37035"},{"taxonomy":"product_tag","embeddable":true,"href":"https:\/\/singuli.wpress.me\/index.php\/wp-json\/wp\/v2\/product_tag?post=37035"}],"curies":[{"name":"wp","href":"https:\/\/api.w.org\/{rel}","templated":true}]}}