{"id":37051,"date":"2026-04-18T18:03:05","date_gmt":"2026-04-18T18:03:05","guid":{"rendered":"https:\/\/singuli.wpress.me\/index.php\/proizvod\/peppa-pig-progresivna-slagalica-edukativna-igra\/"},"modified":"2026-04-21T00:26:50","modified_gmt":"2026-04-21T00:26:50","slug":"peppa-pig-progresivna-slagalica-edukativna-igra","status":"publish","type":"product","link":"https:\/\/singuli.wpress.me\/index.php\/proizvod\/peppa-pig-progresivna-slagalica-edukativna-igra\/","title":{"rendered":"PEPPA PIG Progresivna slagalica, edukativna igra"},"content":{"rendered":"<p>Va\u0161e dijete \u0107e s u\u017eitkom slo\u017eiti <strong>8 slagalica<\/strong> koje se postupno pove\u0107avaju, pa\u017eljivo ih sla\u017eu\u0107i jednu unutar druge u posebnu kutiju. Ovaj set slagalica savr\u0161en je za djecu od 2 godine i stariju.<\/p>\n<p>Ova igra ne samo da pru\u017ea sate zabave, nego i sna\u017eno poti\u010de **razvoj logi\u010dkog razmi\u0161ljanja**, **fine motorike** i **osje\u0107aja za prostor**.<\/p>\n<p>Uzbudljiv proces slaganja od najmanje do najve\u0107e slagalice razvija djetetovu sposobnost rje\u0161avanja problema i koncentraciju.<\/p>\n","protected":false},"excerpt":{"rendered":"<p>Set sadr\u017ei 8 slagalica razli\u010ditih dimenzija<br \/>\nSlagalice se sla\u017eu jedna unutar druge<br \/>\nRazvija logi\u010dko razmi\u0161ljanje i finu motoriku<\/p>\n","protected":false},"featured_media":37052,"template":"","meta":{"_seopress_robots_primary_cat":"","_seopress_titles_title":"","_seopress_titles_desc":"","_seopress_robots_index":"","iawp_total_views":0},"product_brand":[351],"product_cat":[221,291],"product_tag":[],"class_list":{"0":"post-37051","1":"product","2":"type-product","3":"status-publish","4":"has-post-thumbnail","6":"product_brand-peppa-pig","7":"product_cat-igracke","8":"product_cat-igracke-za-djecu-221","10":"first","11":"instock","12":"shipping-taxable","13":"purchasable","14":"product-type-simple"},"_links":{"self":[{"href":"https:\/\/singuli.wpress.me\/index.php\/wp-json\/wp\/v2\/product\/37051","targetHints":{"allow":["GET"]}}],"collection":[{"href":"https:\/\/singuli.wpress.me\/index.php\/wp-json\/wp\/v2\/product"}],"about":[{"href":"https:\/\/singuli.wpress.me\/index.php\/wp-json\/wp\/v2\/types\/product"}],"version-history":[{"count":0,"href":"https:\/\/singuli.wpress.me\/index.php\/wp-json\/wp\/v2\/product\/37051\/revisions"}],"wp:featuredmedia":[{"embeddable":true,"href":"https:\/\/singuli.wpress.me\/index.php\/wp-json\/wp\/v2\/media\/37052"}],"wp:attachment":[{"href":"https:\/\/singuli.wpress.me\/index.php\/wp-json\/wp\/v2\/media?parent=37051"}],"wp:term":[{"taxonomy":"product_brand","embeddable":true,"href":"https:\/\/singuli.wpress.me\/index.php\/wp-json\/wp\/v2\/product_brand?post=37051"},{"taxonomy":"product_cat","embeddable":true,"href":"https:\/\/singuli.wpress.me\/index.php\/wp-json\/wp\/v2\/product_cat?post=37051"},{"taxonomy":"product_tag","embeddable":true,"href":"https:\/\/singuli.wpress.me\/index.php\/wp-json\/wp\/v2\/product_tag?post=37051"}],"curies":[{"name":"wp","href":"https:\/\/api.w.org\/{rel}","templated":true}]}}