{"id":37056,"date":"2026-04-18T18:03:07","date_gmt":"2026-04-18T18:03:07","guid":{"rendered":"https:\/\/singuli.wpress.me\/index.php\/proizvod\/peppa-pig-ruksak-za-bojanje-kreativni-set\/"},"modified":"2026-04-20T12:33:19","modified_gmt":"2026-04-20T12:33:19","slug":"peppa-pig-ruksak-za-bojanje-kreativni-set","status":"publish","type":"product","link":"https:\/\/singuli.wpress.me\/index.php\/proizvod\/peppa-pig-ruksak-za-bojanje-kreativni-set\/","title":{"rendered":"PEPPA PIG Ruksak za bojanje, kreativni set"},"content":{"rendered":"<p>Uz <strong>Peppa Pig kreativni ruksak<\/strong>, ma\u0161ta nema granica! Ovaj \u0161armantni ruksak krije pravu malu umjetni\u010dku radionicu, savr\u0161enu za male istra\u017eiva\u010de i kreativce koji vole stvarati gdje god krenuli!<\/p>\n<p>Ruksak sadr\u017ei kompletan set za zabavu i crtanje, uklju\u010duju\u0107i: **siluete omiljenih likova za bojanje**, **vesele flomastere**, **plo\u010du za pisanje i brisanje** te **bilje\u017enicu za crtanje**.<\/p>\n<p>Ovaj set poti\u010de kreativnost i omogu\u0107uje djeci da svoju omiljenu ekipu iz Peppa Pig crti\u0107a nose sa sobom.<\/p>\n","protected":false},"excerpt":{"rendered":"<p>Kreativni set spakiran u \u0161armantni ruksak<br \/>\nSiluete za bojanje, flomasteri, plo\u010da za pisanje\/brisanje, bilje\u017enica<br \/>\nPoti\u010de ma\u0161tu i kreativnost, idealno za putovanja<\/p>\n","protected":false},"featured_media":37057,"template":"","meta":{"_seopress_robots_primary_cat":"","_seopress_titles_title":"","_seopress_titles_desc":"","_seopress_robots_index":"","iawp_total_views":0},"product_brand":[351],"product_cat":[221,291],"product_tag":[],"class_list":{"0":"post-37056","1":"product","2":"type-product","3":"status-publish","4":"has-post-thumbnail","6":"product_brand-peppa-pig","7":"product_cat-igracke","8":"product_cat-igracke-za-djecu-221","10":"first","11":"instock","12":"shipping-taxable","13":"purchasable","14":"product-type-simple"},"_links":{"self":[{"href":"https:\/\/singuli.wpress.me\/index.php\/wp-json\/wp\/v2\/product\/37056","targetHints":{"allow":["GET"]}}],"collection":[{"href":"https:\/\/singuli.wpress.me\/index.php\/wp-json\/wp\/v2\/product"}],"about":[{"href":"https:\/\/singuli.wpress.me\/index.php\/wp-json\/wp\/v2\/types\/product"}],"version-history":[{"count":0,"href":"https:\/\/singuli.wpress.me\/index.php\/wp-json\/wp\/v2\/product\/37056\/revisions"}],"wp:featuredmedia":[{"embeddable":true,"href":"https:\/\/singuli.wpress.me\/index.php\/wp-json\/wp\/v2\/media\/37057"}],"wp:attachment":[{"href":"https:\/\/singuli.wpress.me\/index.php\/wp-json\/wp\/v2\/media?parent=37056"}],"wp:term":[{"taxonomy":"product_brand","embeddable":true,"href":"https:\/\/singuli.wpress.me\/index.php\/wp-json\/wp\/v2\/product_brand?post=37056"},{"taxonomy":"product_cat","embeddable":true,"href":"https:\/\/singuli.wpress.me\/index.php\/wp-json\/wp\/v2\/product_cat?post=37056"},{"taxonomy":"product_tag","embeddable":true,"href":"https:\/\/singuli.wpress.me\/index.php\/wp-json\/wp\/v2\/product_tag?post=37056"}],"curies":[{"name":"wp","href":"https:\/\/api.w.org\/{rel}","templated":true}]}}