{"id":37099,"date":"2026-04-18T18:03:26","date_gmt":"2026-04-18T18:03:26","guid":{"rendered":"https:\/\/singuli.wpress.me\/index.php\/proizvod\/twist-limun-isotonic-0-5-l\/"},"modified":"2026-04-20T12:33:19","modified_gmt":"2026-04-20T12:33:19","slug":"twist-limun-isotonic-0-5-l","status":"publish","type":"product","link":"https:\/\/singuli.wpress.me\/index.php\/proizvod\/twist-limun-isotonic-0-5-l\/","title":{"rendered":"TWIST Limun, isotonic, 0.5\u00a0l"},"content":{"rendered":"<p>Twist ISO Limun \u2013 Va\u0161 saveznik za hidrataciju i energiju Twist ISO je osvje\u017eavaju\u0107e bezalkoholno izotoni\u010dno pi\u0107e stvoreno za one koji su stalno u pokretu. Bilo da vam treba oporavak nakon intenzivnog treninga, naporno radite ili se jednostavno \u017eelite osvje\u017eiti tijekom dru\u017eenja, Twist ISO pru\u017ea idealnu ravnote\u017eu hidratacije i okusa. Njegova lagana formula s okusom limuna oboga\u0107ena je kompleksom vitamina B, C i E koji aktivno poma\u017eu u smanjenju umora i iscrpljenosti. Uz samo 20 kcal na 100 ml, ovo je pametan izbor za osvje\u017eenje bez gri\u017enje savjesti.<\/p>\n","protected":false},"excerpt":{"rendered":"<p>Posebna formula koja osigurava brzu i u\u010dinkovitu hidrataciju tijela.<br \/>\nSadr\u017ei vitamine B, C i E za smanjenje umora i bolju regeneraciju.<br \/>\nSadr\u017ei samo 20 kcal na 100 ml, uz vrhunski citrusni okus limuna.<\/p>\n","protected":false},"featured_media":37100,"template":"","meta":{"_seopress_robots_primary_cat":"","_seopress_titles_title":"","_seopress_titles_desc":"","_seopress_robots_index":"","iawp_total_views":0},"product_brand":[797],"product_cat":[261,262],"product_tag":[],"class_list":{"0":"post-37099","1":"product","2":"type-product","3":"status-publish","4":"has-post-thumbnail","6":"product_brand-twist","7":"product_cat-hrana-i-pice","8":"product_cat-sokovi-i-napitci-261","10":"first","11":"instock","12":"shipping-taxable","13":"purchasable","14":"product-type-simple"},"_links":{"self":[{"href":"https:\/\/singuli.wpress.me\/index.php\/wp-json\/wp\/v2\/product\/37099","targetHints":{"allow":["GET"]}}],"collection":[{"href":"https:\/\/singuli.wpress.me\/index.php\/wp-json\/wp\/v2\/product"}],"about":[{"href":"https:\/\/singuli.wpress.me\/index.php\/wp-json\/wp\/v2\/types\/product"}],"version-history":[{"count":0,"href":"https:\/\/singuli.wpress.me\/index.php\/wp-json\/wp\/v2\/product\/37099\/revisions"}],"wp:featuredmedia":[{"embeddable":true,"href":"https:\/\/singuli.wpress.me\/index.php\/wp-json\/wp\/v2\/media\/37100"}],"wp:attachment":[{"href":"https:\/\/singuli.wpress.me\/index.php\/wp-json\/wp\/v2\/media?parent=37099"}],"wp:term":[{"taxonomy":"product_brand","embeddable":true,"href":"https:\/\/singuli.wpress.me\/index.php\/wp-json\/wp\/v2\/product_brand?post=37099"},{"taxonomy":"product_cat","embeddable":true,"href":"https:\/\/singuli.wpress.me\/index.php\/wp-json\/wp\/v2\/product_cat?post=37099"},{"taxonomy":"product_tag","embeddable":true,"href":"https:\/\/singuli.wpress.me\/index.php\/wp-json\/wp\/v2\/product_tag?post=37099"}],"curies":[{"name":"wp","href":"https:\/\/api.w.org\/{rel}","templated":true}]}}