{"id":37124,"date":"2026-04-18T18:03:33","date_gmt":"2026-04-18T18:03:33","guid":{"rendered":"https:\/\/singuli.wpress.me\/index.php\/proizvod\/picasso-tiles-61-komad-s-vrecicom-set\/"},"modified":"2026-04-20T12:33:19","modified_gmt":"2026-04-20T12:33:19","slug":"picasso-tiles-61-komad-s-vrecicom-set","status":"publish","type":"product","link":"https:\/\/singuli.wpress.me\/index.php\/proizvod\/picasso-tiles-61-komad-s-vrecicom-set\/","title":{"rendered":"PICASSO TILES 61 komad s vre\u0107icom, set"},"content":{"rendered":"<p>Oslobodite dje\u010dju ma\u0161tu i potaknite rano <b>STEM u\u010denje<\/b> uz PicassoTiles set od <b>61 dijela<\/b>! Ovaj \u0161areni set magnetskih plo\u010dica pru\u017ea beskrajne mogu\u0107nosti za gradnju, istra\u017eivanje prvih matemati\u010dkih pojmova i razvoj kreativnosti kroz igru.<\/p>\n<p>Set sadr\u017ei <b>razne oblike plo\u010dica<\/b>, dodatke poput <b>vrata i prozora<\/b> te <b>vozilo<\/b> koje poti\u010de pokretnu igru. Uz set dolazi i prakti\u010dna <b>vre\u0107ica za spremanje i no\u0161enje<\/b>, \u0161to ga \u010dini idealnim za putovanja ili igru kod ku\u0107e. Svi dijelovi su <b>kompatibilni<\/b> s ostalim PicassoTiles setovima, a izra\u0111eni su od <b>BPA-free i netoksi\u010dnih materijala<\/b>, osiguravaju\u0107i sigurnu i dugotrajnu zabavu.<\/p>\n","protected":false},"excerpt":{"rendered":"<p>Poti\u010de razvoj logi\u010dkog razmi\u0161ljanja, kreativnosti i usvajanje prvih matemati\u010dkih pojmova putem gradnje<br \/>\nMagnetske plo\u010dice se lako povezuju i kompatibilne su sa svim ostalim PicassoTiles setovima za pro\u0161irenje gradnje<br \/>\nDijelovi su izra\u0111eni od visokokvalitetnih, netoksi\u010dnih materijala bez prisutnosti BPA plastike<\/p>\n","protected":false},"featured_media":37125,"template":"","meta":{"_seopress_robots_primary_cat":"","_seopress_titles_title":"","_seopress_titles_desc":"","_seopress_robots_index":"","iawp_total_views":0},"product_brand":[750],"product_cat":[221,291],"product_tag":[],"class_list":{"0":"post-37124","1":"product","2":"type-product","3":"status-publish","4":"has-post-thumbnail","6":"product_brand-picasso-tiles","7":"product_cat-igracke","8":"product_cat-igracke-za-djecu-221","10":"first","11":"instock","12":"shipping-taxable","13":"purchasable","14":"product-type-simple"},"_links":{"self":[{"href":"https:\/\/singuli.wpress.me\/index.php\/wp-json\/wp\/v2\/product\/37124","targetHints":{"allow":["GET"]}}],"collection":[{"href":"https:\/\/singuli.wpress.me\/index.php\/wp-json\/wp\/v2\/product"}],"about":[{"href":"https:\/\/singuli.wpress.me\/index.php\/wp-json\/wp\/v2\/types\/product"}],"version-history":[{"count":0,"href":"https:\/\/singuli.wpress.me\/index.php\/wp-json\/wp\/v2\/product\/37124\/revisions"}],"wp:featuredmedia":[{"embeddable":true,"href":"https:\/\/singuli.wpress.me\/index.php\/wp-json\/wp\/v2\/media\/37125"}],"wp:attachment":[{"href":"https:\/\/singuli.wpress.me\/index.php\/wp-json\/wp\/v2\/media?parent=37124"}],"wp:term":[{"taxonomy":"product_brand","embeddable":true,"href":"https:\/\/singuli.wpress.me\/index.php\/wp-json\/wp\/v2\/product_brand?post=37124"},{"taxonomy":"product_cat","embeddable":true,"href":"https:\/\/singuli.wpress.me\/index.php\/wp-json\/wp\/v2\/product_cat?post=37124"},{"taxonomy":"product_tag","embeddable":true,"href":"https:\/\/singuli.wpress.me\/index.php\/wp-json\/wp\/v2\/product_tag?post=37124"}],"curies":[{"name":"wp","href":"https:\/\/api.w.org\/{rel}","templated":true}]}}