{"id":37203,"date":"2026-04-18T18:04:09","date_gmt":"2026-04-18T18:04:09","guid":{"rendered":"https:\/\/singuli.wpress.me\/index.php\/proizvod\/robo-alive-dino-dnk-set-za-igru\/"},"modified":"2026-04-20T12:33:19","modified_gmt":"2026-04-20T12:33:19","slug":"robo-alive-dino-dnk-set-za-igru","status":"publish","type":"product","link":"https:\/\/singuli.wpress.me\/index.php\/proizvod\/robo-alive-dino-dnk-set-za-igru\/","title":{"rendered":"ROBO ALIVE Dino DNK, set za igru"},"content":{"rendered":"<p>Zakora\u010dite u svijet paleontologije i znanstvene avanture uz <b>Robo Alive Dino DNK set za igru<\/b>! Ovaj inovativni set omogu\u0107uje djeci da se osje\u0107aju kao pravi znanstvenici dok istra\u017euju sadr\u017eaj misteriozne DNK epruvete.<\/p>\n<p>Unutar epruvete skrivaju se dijelovi dinosaura koje mali istra\u017eiva\u010di moraju pa\u017eljivo sastaviti kako bi dobili mo\u0107no prapovijesno stvorenje. Posebnu \u010dar igri daju <b>svjetlosni efekti<\/b> koji &#8220;o\u017eivljavaju&#8221; sastavljenog dinosaura, pru\u017eaju\u0107i nezaboravno iskustvo. Osim \u0161to je iznimno zabavna, ova igra\u010dka je i <b>edukativna<\/b> jer kroz proces slaganja aktivno poti\u010de razvoj kreativnosti i fine motorike kod djece.<\/p>\n","protected":false},"excerpt":{"rendered":"<p>Djeca kroz igru u\u010de o strukturi dinosaura spajaju\u0107i dijelove skrivene u epruveti.<br \/>\nNakon \u0161to se dinosaur sastavi, svjetlosne funkcije dodaju novu dimenziju realizma i uzbu\u0111enja.<br \/>\nIgra\u010dka je dizajnirana da razvija kognitivne vje\u0161tine, logi\u010dko razmi\u0161ljanje i koordinaciju oko-ruka.<\/p>\n","protected":false},"featured_media":37204,"template":"","meta":{"_seopress_robots_primary_cat":"","_seopress_titles_title":"","_seopress_titles_desc":"","_seopress_robots_index":"","iawp_total_views":0},"product_brand":[374],"product_cat":[221,263],"product_tag":[],"class_list":{"0":"post-37203","1":"product","2":"type-product","3":"status-publish","4":"has-post-thumbnail","6":"product_brand-robo-alive","7":"product_cat-igracke","8":"product_cat-tematske-igracke-221","10":"first","11":"instock","12":"shipping-taxable","13":"purchasable","14":"product-type-simple"},"_links":{"self":[{"href":"https:\/\/singuli.wpress.me\/index.php\/wp-json\/wp\/v2\/product\/37203","targetHints":{"allow":["GET"]}}],"collection":[{"href":"https:\/\/singuli.wpress.me\/index.php\/wp-json\/wp\/v2\/product"}],"about":[{"href":"https:\/\/singuli.wpress.me\/index.php\/wp-json\/wp\/v2\/types\/product"}],"version-history":[{"count":0,"href":"https:\/\/singuli.wpress.me\/index.php\/wp-json\/wp\/v2\/product\/37203\/revisions"}],"wp:featuredmedia":[{"embeddable":true,"href":"https:\/\/singuli.wpress.me\/index.php\/wp-json\/wp\/v2\/media\/37204"}],"wp:attachment":[{"href":"https:\/\/singuli.wpress.me\/index.php\/wp-json\/wp\/v2\/media?parent=37203"}],"wp:term":[{"taxonomy":"product_brand","embeddable":true,"href":"https:\/\/singuli.wpress.me\/index.php\/wp-json\/wp\/v2\/product_brand?post=37203"},{"taxonomy":"product_cat","embeddable":true,"href":"https:\/\/singuli.wpress.me\/index.php\/wp-json\/wp\/v2\/product_cat?post=37203"},{"taxonomy":"product_tag","embeddable":true,"href":"https:\/\/singuli.wpress.me\/index.php\/wp-json\/wp\/v2\/product_tag?post=37203"}],"curies":[{"name":"wp","href":"https:\/\/api.w.org\/{rel}","templated":true}]}}