{"id":37210,"date":"2026-04-18T18:04:13","date_gmt":"2026-04-18T18:04:13","guid":{"rendered":"https:\/\/singuli.wpress.me\/index.php\/proizvod\/make-it-real-sjajilo-za-usne-7-days-set\/"},"modified":"2026-04-21T00:26:50","modified_gmt":"2026-04-21T00:26:50","slug":"make-it-real-sjajilo-za-usne-7-days-set","status":"publish","type":"product","link":"https:\/\/singuli.wpress.me\/index.php\/proizvod\/make-it-real-sjajilo-za-usne-7-days-set\/","title":{"rendered":"MAKE IT REAL Sjajilo za usne 7 Days, set"},"content":{"rendered":"<p>Evo pripremljenih podataka za set ru\u017eeva za usne na temelju va\u0161eg opisa:<\/p>\n<p>1. HTML opis proizvoda<br \/>\nU\u010dinite svaki osmijeh vrijednim fotografije uz kolekciju <b>nijansi ru\u017ea za usne<\/b> koje se savr\u0161eno sla\u017eu s va\u0161om odje\u0107om, raspolo\u017eenjem ili danom u tjednu. Ovaj set nudi \u010dak <b>sedam ukusnih opcija<\/b> za odabir, pretvaraju\u0107i svaki dan u pravu avanturu za mlade ljubitelje \u0161minke.<\/p>\n<p>U\u017eivajte u raznolikosti mirisa i okusa: <b>jagoda, malina, vanilija, gro\u017e\u0111e, borovnica, jabuka i banana<\/b>. Bez obzira na priliku, ovaj set omogu\u0107uje kreativno izra\u017eavanje i savr\u0161en izgled za svaku fotografiju.<\/p>\n","protected":false},"excerpt":{"rendered":"<p>Set sadr\u017ei sedam opcija (jagoda, malina, vanilija, gro\u017e\u0111e, borovnica, jabuka, banana) za svaki dan u tjednu<br \/>\nNijanse su dizajnirane da se lako uskla\u0111uju s odje\u0107om i trenutnim raspolo\u017eenjem djeteta<br \/>\nIdealno za mlade entuzijaste koji \u017eele istra\u017eivati svijet \u0161minke i modnog izra\u017eavanja<\/p>\n","protected":false},"featured_media":37211,"template":"","meta":{"_seopress_robots_primary_cat":"","_seopress_titles_title":"","_seopress_titles_desc":"","_seopress_robots_index":"","iawp_total_views":0},"product_brand":[441],"product_cat":[221,291],"product_tag":[],"class_list":{"0":"post-37210","1":"product","2":"type-product","3":"status-publish","4":"has-post-thumbnail","6":"product_brand-make-it-real","7":"product_cat-igracke","8":"product_cat-igracke-za-djecu-221","10":"first","11":"instock","12":"shipping-taxable","13":"purchasable","14":"product-type-simple"},"_links":{"self":[{"href":"https:\/\/singuli.wpress.me\/index.php\/wp-json\/wp\/v2\/product\/37210","targetHints":{"allow":["GET"]}}],"collection":[{"href":"https:\/\/singuli.wpress.me\/index.php\/wp-json\/wp\/v2\/product"}],"about":[{"href":"https:\/\/singuli.wpress.me\/index.php\/wp-json\/wp\/v2\/types\/product"}],"version-history":[{"count":0,"href":"https:\/\/singuli.wpress.me\/index.php\/wp-json\/wp\/v2\/product\/37210\/revisions"}],"wp:featuredmedia":[{"embeddable":true,"href":"https:\/\/singuli.wpress.me\/index.php\/wp-json\/wp\/v2\/media\/37211"}],"wp:attachment":[{"href":"https:\/\/singuli.wpress.me\/index.php\/wp-json\/wp\/v2\/media?parent=37210"}],"wp:term":[{"taxonomy":"product_brand","embeddable":true,"href":"https:\/\/singuli.wpress.me\/index.php\/wp-json\/wp\/v2\/product_brand?post=37210"},{"taxonomy":"product_cat","embeddable":true,"href":"https:\/\/singuli.wpress.me\/index.php\/wp-json\/wp\/v2\/product_cat?post=37210"},{"taxonomy":"product_tag","embeddable":true,"href":"https:\/\/singuli.wpress.me\/index.php\/wp-json\/wp\/v2\/product_tag?post=37210"}],"curies":[{"name":"wp","href":"https:\/\/api.w.org\/{rel}","templated":true}]}}