{"id":37291,"date":"2026-04-18T18:04:32","date_gmt":"2026-04-18T18:04:32","guid":{"rendered":"https:\/\/singuli.wpress.me\/index.php\/proizvod\/pampers-premium-care-pelene-velicina-6-50-kom\/"},"modified":"2026-04-20T12:33:20","modified_gmt":"2026-04-20T12:33:20","slug":"pampers-premium-care-pelene-velicina-6-50-kom","status":"publish","type":"product","link":"https:\/\/singuli.wpress.me\/index.php\/proizvod\/pampers-premium-care-pelene-velicina-6-50-kom\/","title":{"rendered":"PAMPERS PREMIUM CARE, pelene, veli\u010dina 6, 50\u00a0kom"},"content":{"rendered":"<p><strong>Pampers Premium Care Newborn: Najbolja Za\u0161tita za Novoro\u0111en\u010dad.<\/strong><\/p>\n<p>Ove Pampers pelene br. 1 osmi\u0161ljene su posebno za najnje\u017eniju ko\u017eu, pru\u017eaju\u0107i dvostruku za\u0161titu: za ko\u017eu i protiv propu\u0161tanja. Testirale su ih i odobrile bebe!<\/p>\n<p><strong>Klju\u010dne zna\u010dajke za novoro\u0111en\u010dad:<\/strong><\/p>\n<ul>\n<li>\n<p><strong>Trenutno Upijanje:<\/strong> Preko 1000 upijaju\u0107ih mikropora u trenu odvla\u010de vla\u017enost i rijetku stolicu s ko\u017ee, dr\u017ee\u0107i je suhom i za\u0161ti\u0107enom.<\/p>\n<\/li>\n<li>\n<p><strong>Jedinstveni D\u017eep Stop &amp; Protect:<\/strong> Posebno dizajniran za <i>efikasno spre\u010davanje propu\u0161tanja rijetke stolice odostraga<\/i>, \u0161to je klju\u010dno kod novoro\u0111en\u010dadi.<\/p>\n<\/li>\n<li>\n<p><strong>Iznimna Meko\u0107a:<\/strong> Jastu\u010dasti materijali obavijaju bebinu ko\u017eu poput ugodnog, za\u0161titnog obla\u010di\u0107a.<\/p>\n<\/li>\n<li>\n<p><strong>Udobno Prianjanje:<\/strong> Sadr\u017ei sustav pri\u010dvr\u0161\u0107ivanja trakicama koje se preklapaju za savr\u0161eno prilago\u0111avanje trbu\u0161\u010di\u0107u novoro\u0111en\u010deta.<\/p>\n<\/li>\n<\/ul>\n<p><strong>Sigurnost i Povjerenje:<\/strong><\/p>\n<p>Pampers Premium Care pelene su 100% sigurne za bebinu ko\u017eu. Dermatolo\u0161ki su ispitane i odobrene od strane dermatologa udru\u017eenja Skin Health Alliance.<\/p>\n","protected":false},"excerpt":{"rendered":"<p>Dvostruka Za\u0161tita: za ko\u017eu i kao br. 1 protiv propu\u0161tanja kod novoro\u0111en\u010dadi<br \/>\nJedinstveni Stop &amp; Protect D\u017eep za zaustavljanje rijetke stolice odostraga<br \/>\nDermatolo\u0161ki ispitane i odobrene od Skin Health Alliance<\/p>\n","protected":false},"featured_media":37292,"template":"","meta":{"_seopress_robots_primary_cat":"","_seopress_titles_title":"","_seopress_titles_desc":"","_seopress_robots_index":"","iawp_total_views":0},"product_brand":[444],"product_cat":[211,310],"product_tag":[],"class_list":{"0":"post-37291","1":"product","2":"type-product","3":"status-publish","4":"has-post-thumbnail","6":"product_brand-pampers","7":"product_cat-njega-majke-i-djeteta","8":"product_cat-pelene-211","10":"first","11":"instock","12":"shipping-taxable","13":"purchasable","14":"product-type-simple"},"_links":{"self":[{"href":"https:\/\/singuli.wpress.me\/index.php\/wp-json\/wp\/v2\/product\/37291","targetHints":{"allow":["GET"]}}],"collection":[{"href":"https:\/\/singuli.wpress.me\/index.php\/wp-json\/wp\/v2\/product"}],"about":[{"href":"https:\/\/singuli.wpress.me\/index.php\/wp-json\/wp\/v2\/types\/product"}],"version-history":[{"count":0,"href":"https:\/\/singuli.wpress.me\/index.php\/wp-json\/wp\/v2\/product\/37291\/revisions"}],"wp:featuredmedia":[{"embeddable":true,"href":"https:\/\/singuli.wpress.me\/index.php\/wp-json\/wp\/v2\/media\/37292"}],"wp:attachment":[{"href":"https:\/\/singuli.wpress.me\/index.php\/wp-json\/wp\/v2\/media?parent=37291"}],"wp:term":[{"taxonomy":"product_brand","embeddable":true,"href":"https:\/\/singuli.wpress.me\/index.php\/wp-json\/wp\/v2\/product_brand?post=37291"},{"taxonomy":"product_cat","embeddable":true,"href":"https:\/\/singuli.wpress.me\/index.php\/wp-json\/wp\/v2\/product_cat?post=37291"},{"taxonomy":"product_tag","embeddable":true,"href":"https:\/\/singuli.wpress.me\/index.php\/wp-json\/wp\/v2\/product_tag?post=37291"}],"curies":[{"name":"wp","href":"https:\/\/api.w.org\/{rel}","templated":true}]}}