{"id":37308,"date":"2026-04-18T18:04:35","date_gmt":"2026-04-18T18:04:35","guid":{"rendered":"https:\/\/singuli.wpress.me\/index.php\/proizvod\/grimbergen-blonde-pivo-0-33-l\/"},"modified":"2026-04-20T12:33:20","modified_gmt":"2026-04-20T12:33:20","slug":"grimbergen-blonde-pivo-0-33-l","status":"publish","type":"product","link":"https:\/\/singuli.wpress.me\/index.php\/proizvod\/grimbergen-blonde-pivo-0-33-l\/","title":{"rendered":"GRIMBERGEN Blonde, pivo, 0.33\u00a0l"},"content":{"rendered":"<p>Grimbergen \u2013 legendarno belgijsko samostansko pivo s tradicijom duljom od 900 godina. Nastalo je u istoimenom samostanu davne 1128. godine, a recept ovog piva o\u010duvan je kroz tri stra\u0161na po\u017eara koji su samostan spalili do temelja \u2013 najprije 1142., zatim 1566. i 1798. godine. Redovnici su svaki put iznova uzdigli zidine svog samostana i nastavljali stvarati i usavr\u0161avati svoje pivo. Grimbergen pivo, kao i samostan, stoga su ponosno usvojili krilaticu \u201cArdet nec consumitur \u2013 Spaljen, ali ne i uni\u0161ten\u201d te simbol feniksa kao svoje za\u0161titne znakove.<\/p>\n<p>Autenti\u010dno, jedinstveno i slo\u017eeno od niza razli\u010ditih aroma, pivo feniksa stvara neo\u010dekivane okuse koji se razotkrivaju svakim novim gutljajem.<\/p>\n<p>Grimbergen Blonde je svijetlo i iznimno pitko ale pivo s okusom zrelog \u017eutog vo\u0107a i pikantnim notama klin\u010di\u0107a, koje se isti\u010de gustom pjenom kremaste boje. Jedinstvenim ga \u010dini kombinacija slatkog korijena, ananasa, marelica i \u017eutih \u0161ljiva.<\/p>\n","protected":false},"excerpt":{"rendered":"<p>Autenti\u010dno belgijsko samostansko pivo (Blond Ale).<br \/>\nUdio alkohola je 6,7 % vol.<\/p>\n","protected":false},"featured_media":37309,"template":"","meta":{"_seopress_robots_primary_cat":"","_seopress_titles_title":"","_seopress_titles_desc":"","_seopress_robots_index":"","iawp_total_views":0},"product_brand":[802],"product_cat":[298,261],"product_tag":[],"class_list":{"0":"post-37308","1":"product","2":"type-product","3":"status-publish","4":"has-post-thumbnail","6":"product_brand-grimbergen","7":"product_cat-alkoholna-pica-261","8":"product_cat-hrana-i-pice","10":"first","11":"instock","12":"shipping-taxable","13":"purchasable","14":"product-type-simple"},"_links":{"self":[{"href":"https:\/\/singuli.wpress.me\/index.php\/wp-json\/wp\/v2\/product\/37308","targetHints":{"allow":["GET"]}}],"collection":[{"href":"https:\/\/singuli.wpress.me\/index.php\/wp-json\/wp\/v2\/product"}],"about":[{"href":"https:\/\/singuli.wpress.me\/index.php\/wp-json\/wp\/v2\/types\/product"}],"version-history":[{"count":0,"href":"https:\/\/singuli.wpress.me\/index.php\/wp-json\/wp\/v2\/product\/37308\/revisions"}],"wp:featuredmedia":[{"embeddable":true,"href":"https:\/\/singuli.wpress.me\/index.php\/wp-json\/wp\/v2\/media\/37309"}],"wp:attachment":[{"href":"https:\/\/singuli.wpress.me\/index.php\/wp-json\/wp\/v2\/media?parent=37308"}],"wp:term":[{"taxonomy":"product_brand","embeddable":true,"href":"https:\/\/singuli.wpress.me\/index.php\/wp-json\/wp\/v2\/product_brand?post=37308"},{"taxonomy":"product_cat","embeddable":true,"href":"https:\/\/singuli.wpress.me\/index.php\/wp-json\/wp\/v2\/product_cat?post=37308"},{"taxonomy":"product_tag","embeddable":true,"href":"https:\/\/singuli.wpress.me\/index.php\/wp-json\/wp\/v2\/product_tag?post=37308"}],"curies":[{"name":"wp","href":"https:\/\/api.w.org\/{rel}","templated":true}]}}